{"id":1262,"date":"2023-02-07T18:49:31","date_gmt":"2023-02-07T17:49:31","guid":{"rendered":"https:\/\/serwer1883554.home.pl\/autoinstalator\/wordpress1\/?page_id=1262"},"modified":"2023-11-20T16:43:50","modified_gmt":"2023-11-20T15:43:50","slug":"datenschutz-bestimmungen","status":"publish","type":"page","link":"https:\/\/guitar2amp.de\/index.php\/de\/datenschutz-bestimmungen\/","title":{"rendered":"Datenschutz-Bestimmungen"},"content":{"rendered":"<style>.kadence-column_b8ba5f-27{max-width:1000px;margin-left:auto;margin-right:auto;}.wp-block-kadence-column.kb-section-dir-horizontal:not(.kb-section-md-dir-vertical)>.kt-inside-inner-col>.kadence-column_b8ba5f-27{-webkit-flex:0 1 1000px;flex:0 1 1000px;max-width:unset;margin-left:unset;margin-right:unset;}.kadence-column_b8ba5f-27 > .kt-inside-inner-col{padding-top:100px;padding-right:80px;padding-bottom:100px;padding-left:80px;}.kadence-column_b8ba5f-27 > .kt-inside-inner-col{min-height:80vw;}.kadence-column_b8ba5f-27 > .kt-inside-inner-col,.kadence-column_b8ba5f-27 > .kt-inside-inner-col:before{border-top-left-radius:0px;border-top-right-radius:0px;border-bottom-right-radius:0px;border-bottom-left-radius:0px;}.kadence-column_b8ba5f-27 > .kt-inside-inner-col{column-gap:var(--global-kb-gap-sm, 1rem);}.kadence-column_b8ba5f-27 > .kt-inside-inner-col{flex-direction:column;}.kadence-column_b8ba5f-27 > .kt-inside-inner-col > .aligncenter{width:100%;}.kadence-column_b8ba5f-27 > .kt-inside-inner-col:before{opacity:0.3;}.kadence-column_b8ba5f-27{position:relative;}@media all and (min-width: 1025px){.wp-block-kadence-column.kb-section-dir-horizontal>.kt-inside-inner-col>.kadence-column_b8ba5f-27{-webkit-flex:0 1 1000px;flex:0 1 1000px;max-width:unset;margin-left:unset;margin-right:unset;}}@media all and (max-width: 1024px){.kadence-column_b8ba5f-27 > .kt-inside-inner-col{flex-direction:column;justify-content:center;}}@media all and (max-width: 767px){.wp-block-kadence-column.kb-section-sm-dir-vertical:not(.kb-section-sm-dir-horizontal):not(.kb-section-sm-dir-specificity)>.kt-inside-inner-col>.kadence-column_b8ba5f-27{max-width:1000px;-webkit-flex:1;flex:1;margin-left:auto;margin-right:auto;}.kadence-column_b8ba5f-27 > .kt-inside-inner-col{flex-direction:column;justify-content:center;}}<\/style>\n<div class=\"wp-block-kadence-column kadence-column_b8ba5f-27 inner-column-1\"><div class=\"kt-inside-inner-col\">\n<p class=\"has-text-align-center\">Dies ist ein kommerzielles Angebot von:<\/p>\n\n\n\n<p class=\"has-text-align-center\"><strong>Groove Art Maciej Jalowski,<\/strong><br><strong>Lazurowa 16,<\/strong><br><strong>60655 Poznan, Poland<\/strong><br><strong>mob:\u00a0+ 49 17673993508<\/strong><br><strong>Email:\u00a0<\/strong><a href=\"mailto:info@guitar2amp.de\"><strong><mark>info@guitar2amp.de<\/mark><\/strong><\/a><br><strong>Tax ID :<\/strong>\u00a0<strong>PL7811701757<br><\/strong><\/p>\n\n\n\n<p class=\"has-text-align-center\"><strong>Lieferanschrift:<\/strong><\/p>\n\n\n\n<p class=\"has-text-align-center\"><strong>Maciej Jalowski,<\/strong>&nbsp;<strong>Meerbuscher Str. 136, 40670 Meerbusch<\/strong><\/p>\n\n\n\n<p><\/p>\n\n\n\n<p><\/p>\n\n\n<style>.wp-block-kadence-advancedheading.kt-adv-heading_ed4e58-91, .wp-block-kadence-advancedheading.kt-adv-heading_ed4e58-91[data-kb-block=\"kb-adv-heading_ed4e58-91\"]{text-align:center;font-size:40px;font-style:normal;}.wp-block-kadence-advancedheading.kt-adv-heading_ed4e58-91 mark.kt-highlight, .wp-block-kadence-advancedheading.kt-adv-heading_ed4e58-91[data-kb-block=\"kb-adv-heading_ed4e58-91\"] mark.kt-highlight{font-style:normal;color:#f76a0c;-webkit-box-decoration-break:clone;box-decoration-break:clone;padding-top:0px;padding-right:0px;padding-bottom:0px;padding-left:0px;}.wp-block-kadence-advancedheading.kt-adv-heading_ed4e58-91 img.kb-inline-image, .wp-block-kadence-advancedheading.kt-adv-heading_ed4e58-91[data-kb-block=\"kb-adv-heading_ed4e58-91\"] img.kb-inline-image{width:150px;vertical-align:baseline;}<\/style>\n<h1 class=\"kt-adv-heading_ed4e58-91 wp-block-kadence-advancedheading has-theme-palette-1-color has-text-color\" data-kb-block=\"kb-adv-heading_ed4e58-91\">Datenschutz-Bestimmungen<\/h1>\n\n\n\n<p class=\"has-text-align-center has-small-font-size\">Diese Datenschutzrichtlinie beschreibt, wie Ihre pers\u00f6nlichen Daten gesammelt, verwendet<br>und weitergegeben werden, wenn Sie www.guitar2amp.de (die \u201eWebsite\u201c) besuchen oder<br>einen Kauf t\u00e4tigen.<\/p>\n\n\n\n<p class=\"has-text-align-center\"><strong>Personenbezogene Daten, die wir sammeln:<\/strong><br>Wenn Sie die Website besuchen, erfassen wir automatisch bestimmte Informationen \u00fcber Ihr Ger\u00e4t, einschlie\u00dflich Informationen \u00fcber Ihren Webbrowser, Ihre IP-Adresse, Ihre Zeitzone und einige der Cookies, die auf Ihrem Ger\u00e4t installiert sind. W\u00e4hrend Sie auf der Website surfen, erfassen wir au\u00dferdem Informationen \u00fcber die einzelnen Webseiten oder Produkte, die Sie sich ansehen, welche Websites oder Suchbegriffe Sie auf die Website verwiesen haben und Informationen dar\u00fcber, wie Sie mit der Website interagieren. Wir bezeichnen diese automatisch gesammelten Informationen als \u201eGer\u00e4teinformationen\u201c. Wir erfassen Ger\u00e4teinformationen mithilfe der folgenden Technologien: &#8211; \u201eCookies\u201c sind Datendateien, die auf Ihrem Ger\u00e4t oder Computer abgelegt werden und h\u00e4ufig eine anonyme eindeutige Kennung enthalten. Weitere Informationen zu Cookies und zum Deaktivieren von Cookies finden Sie unter http:\/\/www.allaboutcookies.org. &#8211; \u201eProtokolldateien\u201c verfolgen Aktionen, die auf der Website stattfinden, und erfassen Daten, einschlie\u00dflich Ihrer IP-Adresse, des Browsertyps, des Internetdienstanbieters, der Verweis-\/Ausgangsseiten und Datums-\/Zeitstempel. &#8211; \u201eWeb Beacons\u201c, \u201eTags\u201c und \u201ePixel\u201c sind elektronische Dateien, die verwendet werden, um Informationen dar\u00fcber aufzuzeichnen, wie Sie die Website durchsuchen. Wenn Sie \u00fcber die Website einen Kauf t\u00e4tigen oder versuchen, einen Kauf zu t\u00e4tigen, erfassen wir au\u00dferdem bestimmte Informationen von Ihnen, einschlie\u00dflich Ihres Namens, Ihrer Rechnungsadresse, Lieferadresse, Zahlungsinformationen (einschlie\u00dflich Kreditkartennummern, Paypal-Informationen]), E-Mail-Adresse und Telefonnummer. Wir bezeichnen diese Informationen als \u201eBestellinformationen\u201c. Wenn wir in dieser Datenschutzrichtlinie von \u201epersonenbezogenen Daten\u201c sprechen, sprechen wir sowohl von Ger\u00e4teinformationen als auch von Bestellinformationen.<\/p>\n\n\n\n<p class=\"has-text-align-center\"><br><strong>Wie verwenden wir Ihre personenbezogenen Daten?<br><\/strong>Wir verwenden die von uns gesammelten Bestellinformationen im Allgemeinen, um alle \u00fcber die Website aufgegebenen Bestellungen auszuf\u00fchren (einschlie\u00dflich der Verarbeitung Ihrer Zahlungsinformationen, der Organisation des Versands und der Bereitstellung von Rechnungen und\/oder Auftragsbest\u00e4tigungen). Dar\u00fcber hinaus verwenden wir diese Bestellinformationen, um: -mit dir zu kommunizieren; &#8211; \u00fcberpr\u00fcfen unserer Bestellungen auf potenzielle Risiken oder Betrug; und &#8211; bereitstellen von Informationen oder Werbung in Bezug auf unsere Produkte oder Dienstleistungen, wenn dies mit den von Ihnen mitgeteilten Pr\u00e4ferenzen \u00fcbereinstimmt. Wir verwenden die von uns gesammelten Ger\u00e4teinformationen, um uns bei der Suche nach potenziellen Risiken und Betrug zu unterst\u00fctzen (insbesondere Ihre IP-Adresse) und ganz allgemein, um unsere Website zu verbessern und zu optimieren (z. B. durch die Erstellung von Analysen dar\u00fcber, wie unsere Kunden surfen und mit ihnen interagieren der Website und um den Erfolg unserer Marketing- und Werbekampagnen zu beurteilen)<\/p>\n\n\n\n<p class=\"has-text-align-center\"><br><strong>Weitergabe Ihrer personenbezogenen Daten<br><\/strong>Wir geben Ihre personenbezogenen Daten an Dritte weiter, damit wir Ihre personenbezogenen Daten wie oben beschrieben verwenden k\u00f6nnen. Zum Beispiel verwenden wir Shopify, um unseren Online-Shop zu betreiben \u2013 Sie k\u00f6nnen hier mehr dar\u00fcber lesen, wie Shopify Ihre personenbezogenen Daten verwendet: https:\/\/www.shopify.com\/legal\/privacy. Wir verwenden Google Analytics auch, um zu verstehen, wie unsere Kunden die Website nutzen \u2013 Sie k\u00f6nnen hier mehr dar\u00fcber lesen, wie Google Ihre personenbezogenen Daten verwendet: https:\/\/www.google.com\/intl\/en\/policies\/privacy\/. Sie k\u00f6nnen Google Analytics auch hier deaktivieren: https:\/\/tools.google.com\/dlpage\/gaoptout. Schlie\u00dflich k\u00f6nnen wir Ihre personenbezogenen Daten auch weitergeben, um geltende Gesetze und Vorschriften einzuhalten, auf eine Vorladung, einen Durchsuchungsbefehl oder eine andere rechtm\u00e4\u00dfige Informationsanfrage zu reagieren, die wir erhalten, oder um unsere Rechte anderweitig zu sch\u00fctzen.<\/p>\n\n\n\n<p class=\"has-text-align-center\"><br><strong>Verhaltenswerbung<br><\/strong>Wie oben beschrieben, verwenden wir Ihre personenbezogenen Daten, um Ihnen gezielte Werbung oder Marketingmitteilungen bereitzustellen, von denen wir glauben, dass sie f\u00fcr Sie von Interesse sein k\u00f6nnten. Weitere Informationen dar\u00fcber, wie zielgerichtete Werbung funktioniert, finden Sie auf der Bildungsseite der Network Advertising Initiative (\u201eNAI\u201c) unter http:\/\/www.networkadvertising.org\/understanding-online-advertising\/how-does-it-work. Sie k\u00f6nnen zielgerichtete Werbung deaktivieren, indem Sie die folgenden Links verwenden: &#8211; Facebook: https:\/\/www.facebook.com\/settings\/?tab=ads &#8211; Google: https:\/\/www.google.com\/settings\/ads\/anonymous &#8211; Bing: https:\/\/advertise.bingads.microsoft.com\/en-us\/resources\/policies\/personalized-ads Dar\u00fcber hinaus k\u00f6nnen Sie sich von einigen dieser Dienste abmelden, indem Sie das Abmeldeportal der Digital Advertising Alliance unter http:\/\/optout.aboutads.info\/ besuchen.<\/p>\n\n\n\n<p class=\"has-text-align-center\"><br><strong>Nicht verfolgen<br><\/strong>Bitte beachten Sie, dass wir die Datenerfassungs- und Nutzungspraktiken unserer Website nicht \u00e4ndern, wenn wir ein Do-Not-Track-Signal von Ihrem Browser sehen.<\/p>\n\n\n\n<p class=\"has-text-align-center\"><br><strong>Deine Rechte<br><\/strong>Wenn Sie in Europa ans\u00e4ssig sind, haben Sie das Recht, auf personenbezogene Daten zuzugreifen, die wir \u00fcber Sie gespeichert haben, und zu verlangen, dass Ihre personenbezogenen Daten korrigiert, aktualisiert oder gel\u00f6scht werden. Wenn Sie von diesem Recht Gebrauch machen m\u00f6chten, kontaktieren Sie uns bitte \u00fcber die unten stehenden Kontaktinformationen. Wenn Sie in Europa ans\u00e4ssig sind, stellen wir au\u00dferdem fest, dass wir Ihre Daten verarbeiten, um Vertr\u00e4ge zu erf\u00fcllen, die wir m\u00f6glicherweise mit Ihnen haben (z. B. wenn Sie eine Bestellung \u00fcber die Website aufgeben), oder um anderweitig unsere oben aufgef\u00fchrten legitimen Gesch\u00e4ftsinteressen zu verfolgen. Bitte beachten Sie au\u00dferdem, dass Ihre Daten au\u00dferhalb Europas \u00fcbertragen werden, einschlie\u00dflich nach Kanada und in die Vereinigten Staaten.<\/p>\n\n\n\n<p class=\"has-text-align-center\"><br><strong>Vorratsdatenspeicherung<br><\/strong>Wenn Sie eine Bestellung \u00fcber die Website aufgeben, bewahren wir Ihre Bestellinformationen f\u00fcr unsere Unterlagen auf, es sei denn und bis Sie uns auffordern, diese Informationen zu l\u00f6schen.<\/p>\n\n\n\n<p class=\"has-text-align-center\"><br><strong>\u00c4nderungen<br><\/strong>Wir k\u00f6nnen diese Datenschutzrichtlinie von Zeit zu Zeit aktualisieren, um beispielsweise \u00c4nderungen unserer Praktiken oder aus anderen betrieblichen, rechtlichen oder regulatorischen Gr\u00fcnden widerzuspiegeln.<\/p>\n\n\n\n<p class=\"has-text-align-center\"><br><strong>Minderj\u00e4hrige<\/strong><br>Die Website ist nicht f\u00fcr Personen unter 12 Jahren bestimmt.<\/p>\n\n\n\n<p class=\"has-text-align-center\"><br><strong>Kontaktiere uns<\/strong><br>F\u00fcr weitere Informationen \u00fcber unsere Datenschutzpraktiken, wenn Sie Fragen haben oder eine Beschwerde einreichen m\u00f6chten, kontaktieren Sie uns bitte per E-Mail unter &nbsp;info@guitar2amp.de<\/p>\n<\/div><\/div>\n","protected":false},"excerpt":{"rendered":"<p>Dies ist ein kommerzielles Angebot von: Groove Art Maciej Jalowski,Lazurowa 16,60655 Poznan, Polandmob:\u00a0+ 49 17673993508Email:\u00a0info@guitar2amp.deTax ID :\u00a0PL7811701757 Lieferanschrift: Maciej Jalowski,&nbsp;Meerbuscher Str. 136, 40670 Meerbusch Datenschutz-Bestimmungen Diese Datenschutzrichtlinie beschreibt, wie Ihre pers\u00f6nlichen Daten gesammelt, verwendetund weitergegeben werden, wenn Sie www.guitar2amp.de (die \u201eWebsite\u201c) besuchen odereinen Kauf t\u00e4tigen. Personenbezogene Daten, die wir sammeln:Wenn Sie die Website besuchen, erfassen&#8230;<\/p>\n","protected":false},"author":2,"featured_media":0,"parent":0,"menu_order":0,"comment_status":"closed","ping_status":"closed","template":"","meta":{"_monsterinsights_skip_tracking":false,"_monsterinsights_sitenote_active":false,"_monsterinsights_sitenote_note":"","_monsterinsights_sitenote_category":0,"_uf_show_specific_survey":0,"_uf_disable_surveys":false,"_kadence_starter_templates_imported_post":false,"_kad_post_transparent":"","_kad_post_title":"","_kad_post_layout":"","_kad_post_sidebar_id":"","_kad_post_content_style":"","_kad_post_vertical_padding":"","_kad_post_feature":"","_kad_post_feature_position":"","_kad_post_header":false,"_kad_post_footer":false,"_kad_post_classname":"","footnotes":""},"class_list":["post-1262","page","type-page","status-publish","hentry"],"jetpack_sharing_enabled":true,"_links":{"self":[{"href":"https:\/\/guitar2amp.de\/index.php\/wp-json\/wp\/v2\/pages\/1262","targetHints":{"allow":["GET"]}}],"collection":[{"href":"https:\/\/guitar2amp.de\/index.php\/wp-json\/wp\/v2\/pages"}],"about":[{"href":"https:\/\/guitar2amp.de\/index.php\/wp-json\/wp\/v2\/types\/page"}],"author":[{"embeddable":true,"href":"https:\/\/guitar2amp.de\/index.php\/wp-json\/wp\/v2\/users\/2"}],"replies":[{"embeddable":true,"href":"https:\/\/guitar2amp.de\/index.php\/wp-json\/wp\/v2\/comments?post=1262"}],"version-history":[{"count":0,"href":"https:\/\/guitar2amp.de\/index.php\/wp-json\/wp\/v2\/pages\/1262\/revisions"}],"wp:attachment":[{"href":"https:\/\/guitar2amp.de\/index.php\/wp-json\/wp\/v2\/media?parent=1262"}],"curies":[{"name":"wp","href":"https:\/\/api.w.org\/{rel}","templated":true}]}}