{"id":13080,"date":"2025-04-01T10:54:45","date_gmt":"2025-04-01T08:54:45","guid":{"rendered":"https:\/\/guitar2amp.de\/?page_id=13080"},"modified":"2025-04-01T11:00:14","modified_gmt":"2025-04-01T09:00:14","slug":"d-tone-pl","status":"publish","type":"page","link":"https:\/\/guitar2amp.de\/index.php\/pl\/d-tone-pl\/","title":{"rendered":"D-Tone Amps PL"},"content":{"rendered":"\n<p><\/p>\n\n\n\n<p><\/p>\n\n\n\n<p><\/p>\n\n\n<div class=\"wp-block-image\">\n<figure class=\"aligncenter size-full is-resized\"><a href=\"https:\/\/guitar2amp.de\/wp-content\/uploads\/2025\/03\/logo.png\"><img loading=\"lazy\" decoding=\"async\" width=\"1024\" height=\"204\" src=\"https:\/\/guitar2amp.de\/wp-content\/uploads\/2025\/03\/logo.png\" alt=\"\" class=\"wp-image-13015\" style=\"width:921px;height:auto\" srcset=\"https:\/\/guitar2amp.de\/wp-content\/uploads\/2025\/03\/logo.png 1024w, https:\/\/guitar2amp.de\/wp-content\/uploads\/2025\/03\/logo-300x60.png 300w, https:\/\/guitar2amp.de\/wp-content\/uploads\/2025\/03\/logo-768x153.png 768w, https:\/\/guitar2amp.de\/wp-content\/uploads\/2025\/03\/logo-600x120.png 600w\" sizes=\"auto, (max-width: 1024px) 100vw, 1024px\" \/><\/a><\/figure>\n<\/div>\n\n\n<figure class=\"wp-block-gallery has-nested-images columns-default is-cropped wp-block-gallery-1 is-layout-flex wp-block-gallery-is-layout-flex\"><\/figure>\n\n\n<div class=\"wp-block-image is-style-rounded\">\n<figure class=\"aligncenter size-full is-resized has-custom-border\"><a href=\"https:\/\/guitar2amp.de\/wp-content\/uploads\/2025\/03\/DTONESSSAmber8-scaled.jpg\"><img loading=\"lazy\" decoding=\"async\" width=\"2560\" height=\"1920\" src=\"https:\/\/guitar2amp.de\/wp-content\/uploads\/2025\/03\/DTONESSSAmber8-scaled.jpg\" alt=\"\" class=\"wp-image-13022\" style=\"border-style:none;border-width:0px;border-radius:54px;width:755px;height:auto\" srcset=\"https:\/\/guitar2amp.de\/wp-content\/uploads\/2025\/03\/DTONESSSAmber8-scaled.jpg 2560w, https:\/\/guitar2amp.de\/wp-content\/uploads\/2025\/03\/DTONESSSAmber8-300x225.jpg 300w, https:\/\/guitar2amp.de\/wp-content\/uploads\/2025\/03\/DTONESSSAmber8-1024x768.jpg 1024w, https:\/\/guitar2amp.de\/wp-content\/uploads\/2025\/03\/DTONESSSAmber8-768x576.jpg 768w, https:\/\/guitar2amp.de\/wp-content\/uploads\/2025\/03\/DTONESSSAmber8-1536x1152.jpg 1536w, https:\/\/guitar2amp.de\/wp-content\/uploads\/2025\/03\/DTONESSSAmber8-2048x1536.jpg 2048w, https:\/\/guitar2amp.de\/wp-content\/uploads\/2025\/03\/DTONESSSAmber8-600x450.jpg 600w\" sizes=\"auto, (max-width: 2560px) 100vw, 2560px\" \/><\/a><\/figure>\n<\/div>\n\n\n<div class=\"wp-block-group\"><div class=\"wp-block-group__inner-container is-layout-constrained wp-block-group-is-layout-constrained\">\n<p><\/p>\n\n\n\n<h2 class=\"wp-block-heading has-text-align-center has-theme-palette-1-color has-text-color has-link-color wp-elements-74a9307887c1a67135ba9c3bf4eb578a\" style=\"margin-right:var(--wp--preset--spacing--60);margin-left:var(--wp--preset--spacing--60);font-size:38px;line-height:1.4\"><a class=\"\" href=\"https:\/\/www.bing.com\/ck\/a?!&amp;&amp;p=4285e1ba98dbdab03191f36e1239871294a55458e74d115ff31ff6a51721ca88JmltdHM9MTc0MzM3OTIwMA&amp;ptn=3&amp;ver=2&amp;hsh=4&amp;fclid=3f7cda39-8800-6e34-0414-cf6789126f16&amp;psq=D+Tone+amps&amp;u=a1aHR0cHM6Ly93d3cuZC10b25lYW1wcy5jb20v&amp;ntb=1\" target=\"_blank\" rel=\"noreferrer noopener\">D-TONE AMPS D-Style H-W guitar tube amplifiers<\/a><\/h2>\n\n\n\n<div class=\"wp-block-columns is-layout-flex wp-container-core-columns-is-layout-9d6595d7 wp-block-columns-is-layout-flex\">\n<div class=\"wp-block-column is-layout-flow wp-block-column-is-layout-flow\">\n<h3 class=\"wp-block-heading has-text-align-center has-theme-palette-1-color has-text-color has-link-color wp-elements-af7b2991bcfd4e09aae3e2f3d8e3f95e\">Kim oni s\u0105<\/h3>\n\n\n\n<p class=\"has-text-align-center\" style=\"margin-right:var(--wp--preset--spacing--60);margin-left:var(--wp--preset--spacing--60)\"><strong>D-TONE AMPS<\/strong> to butikowy europejski producent specjalizuj\u0105cy si\u0119 w r\u0119cznie lutowanych wzmacniaczach lampowych, kt\u00f3re wiernie odwzorowuj\u0105 legendarne uk\u0142ady typu D-Style: Overdrive Special i Steel String Singer stworzone pierwotnie przez <em>Alexandra &#8220;Howarda&#8221; Dumble\u00ae<\/em>.<\/p>\n\n\n\n<p class=\"has-text-align-center\" style=\"margin-right:var(--wp--preset--spacing--60);margin-left:var(--wp--preset--spacing--60)\">Cho\u0107 marka D-TONE powsta\u0142a w 2022 roku, jej historia si\u0119ga 2010, kiedy to zesp\u00f3\u0142 zacz\u0105\u0142 budowa\u0107 klony klasycznych wzmacniaczy *Fender\u00ae, *Marshall\u00ae, *VOX\u00ae i *Soldano\u00ae \u2013 pocz\u0105tkowo tylko dla siebie. Brzmienie tych konstrukcji by\u0142o tak wierne orygina\u0142om, \u017ce szybko zacz\u0119to pyta\u0107: &#8220;Sk\u0105d to wzi\u0119li\u015bcie?&#8221;<\/p>\n\n\n\n<h3 class=\"wp-block-heading has-text-align-center has-theme-palette-1-color has-text-color has-link-color wp-elements-422fb1d1b9a5f6c4ec579b0e2e45bd47\">Prawdziwe klony, nie interpretacje<\/h3>\n\n\n\n<p class=\"has-text-align-center\" style=\"margin-right:var(--wp--preset--spacing--60);margin-left:var(--wp--preset--spacing--60)\">Oryginalne <em>Dumble\u00ae<\/em> to dzi\u015b praktycznie niedost\u0119pna legenda. Dlatego D-TONE postawi\u0142o na tworzenie wiernych klon\u00f3w \u2013 nie inspiracji, nie wariacji, ale precyzyjnych replik, kt\u00f3re oddaj\u0105 charakter brzmienia i zachowania orygina\u0142\u00f3w.<\/p>\n\n\n\n<p class=\"has-text-align-center\" style=\"margin-right:var(--wp--preset--spacing--60);margin-left:var(--wp--preset--spacing--60)\">Ka\u017cdy wzmacniacz jest r\u0119cznie lutowany technik\u0105 point-to-point na klasycznej p\u0142ytce turret board. D-TONE nie korzysta z gotowych kit\u00f3w ani prefabrykowanych PCB. Zamiast tego wybiera komponenty w stylu NOS, customowe transformatory, kondensatory Mallory\u00ae 150 &#8220;mustard&#8221; oraz lampy Tube Amp Doctor\u00ae \u2013 wszystko po to, by uzyska\u0107 mo\u017cliwie najbardziej autentyczne brzmienie vintage.<\/p>\n\n\n\n<h3 class=\"wp-block-heading has-text-align-center has-theme-palette-1-color has-text-color has-link-color wp-elements-d713aa65c19c73cae66d97d5fbca9081\">Zbudowane przez gitarzyst\u00f3w-in\u017cynier\u00f3w<\/h3>\n\n\n\n<p style=\"margin-right:var(--wp--preset--spacing--60);margin-left:var(--wp--preset--spacing--60)\">Za D-TONE stoj\u0105 do\u015bwiadczeni in\u017cynierowie elektronicy, kt\u00f3rzy jednocze\u015bnie s\u0105 gitarzystami. Dzi\u0119ki temu ka\u017cde urz\u0105dzenie \u0142\u0105czy precyzj\u0119 techniczn\u0105 z muzykalno\u015bci\u0105 i feelingiem. W ofercie s\u0105 modele <strong>Overdrive Specialist<\/strong> i <strong>Steel String Super<\/strong> (head + kolumna 1&#215;12&#8243; lub 2&#215;12&#8243;) \u2013 wierne ho\u0142dy dla najbardziej kultowych konstrukcji <em>Dumble\u00ae<\/em>.<\/p>\n\n\n\n<p style=\"margin-right:var(--wp--preset--spacing--60);margin-left:var(--wp--preset--spacing--60)\">Wzmacniacze wzorowane s\u0105 na modelach u\u017cywanych przez Robbena Forda, Johna Mayera, Joe Bonamass\u0119 czy Stevie Ray Vaughana. Tak jak u Dumble\u2019a \u2013 ka\u017cdy egzemplarz jest r\u0119cznie strojony i lekko si\u0119 r\u00f3\u017cni.<\/p>\n\n\n\n<h3 class=\"wp-block-heading has-text-align-center has-theme-palette-1-color has-text-color has-link-color wp-elements-47c3fe01edc320f7abe36d65c3c4ad77\">Certyfikowane i gotowe na scen\u0119<\/h3>\n\n\n\n<p class=\"has-text-align-center\" style=\"margin-right:var(--wp--preset--spacing--60);margin-left:var(--wp--preset--spacing--60)\">Ka\u017cdy wzmacniacz D-TONE spe\u0142nia unijne normy CE (EMC, LVD, RoHS), co oznacza, \u017ce opr\u00f3cz doskona\u0142ego brzmienia, s\u0105 te\u017c w pe\u0142ni bezpieczne i gotowe do pracy na scenie czy w studiu w ca\u0142ej Unii Europejskiej.<\/p>\n\n\n\n<p class=\"has-text-align-center\"><\/p>\n<\/div>\n<\/div>\n<\/div><\/div>\n\n\n\n<p><\/p>\n\n\n\n<p class=\"has-text-align-center has-large-font-size\"><strong>Odkryj &#8220;D &#8211; Tone&#8221; Amplifiers w Guitar2Amp<\/strong>:<\/p>\n\n\n\n<p><\/p>\n\n\n<style>.wp-block-kadence-advancedgallery.kb-gallery-wrap-id-13080_c2a93c-60{margin-bottom:var(--global-kb-spacing-4xl, 8rem);}.kb-gallery-id-13080_c2a93c-60.kb-gallery-ul.kb-gallery-type-fluidcarousel .kt-blocks-carousel figure .kb-gal-image-radius, .kb-gallery-id-13080_c2a93c-60.kb-gallery-ul.kb-gallery-type-fluidcarousel .kt-blocks-carousel figure .kb-gal-image-radius img{height:300px;}.kb-gallery-id-13080_c2a93c-60 .kadence-blocks-gallery-item .kb-gal-image-radius, .kb-gallery-id-13080_c2a93c-60 .kb-slide-item .kb-gal-image-radius img{border-radius:0px 0px 0px 0px;;}.kb-gallery-id-13080_c2a93c-60 .kadence-blocks-gallery-item .kadence-blocks-gallery-item-inner .kadence-blocks-gallery-item__caption{font-size:var(--global-kb-font-size-md, 1.25rem);line-height:40px;letter-spacing:0.4px;font-weight:700;text-transform:uppercase;color:var(--global-palette1, #3182CE);}.kb-gallery-caption-style-cover-hover.kb-gallery-id-13080_c2a93c-60 .kadence-blocks-gallery-item .kadence-blocks-gallery-item-inner .kadence-blocks-gallery-item__caption, .kb-gallery-caption-style-below.kb-gallery-id-13080_c2a93c-60 .kadence-blocks-gallery-item .kadence-blocks-gallery-item-inner .kadence-blocks-gallery-item__caption{background:rgba(211, 196, 169, 0.82);}.kb-gallery-wrap-id-13080_c2a93c-60.wp-block-kadence-advancedgallery{overflow:visible;}.kb-gallery-wrap-id-13080_c2a93c-60.wp-block-kadence-advancedgallery .kt-blocks-carousel{overflow:visible;max-width:100%;}.kb-gallery-id-13080_c2a93c-60 .splide.kt-carousel-dotstyle-outlinedark .splide__pagination__page{background-color:transparent;box-shadow:inset 0 0 0 1px #000;-webkit-transition:box-shadow 0.3s ease;-moz-transition:box-shadow 0.3s ease;transition:box-shadow 0.3s ease;}.kb-gallery-id-13080_c2a93c-60 .splide.kt-carousel-dotstyle-outlinedark .splide__pagination__page.is-active{background-color:transparent;box-shadow:inset 0 0 0 8px #000;}@media all and (max-width: 1024px){.kb-gallery-id-13080_c2a93c-60.kb-gallery-ul.kb-gallery-type-fluidcarousel .kt-blocks-carousel figure .kb-gal-image-radius, .kb-gallery-id-13080_c2a93c-60.kb-gallery-ul.kb-gallery-type-fluidcarousel .kt-blocks-carousel figure .kb-gal-image-radius img{height:402px;}}@media all and (max-width: 1024px){.kb-gallery-id-13080_c2a93c-60 .kadence-blocks-gallery-item .kadence-blocks-gallery-item-inner .kadence-blocks-gallery-item__caption{font-size:var(--global-kb-font-size-lg, 2rem);}}<\/style><div class=\"kb-gallery-wrap-id-13080_c2a93c-60 alignnone wp-block-kadence-advancedgallery\"><div class=\"kb-gallery-ul kb-gallery-non-static kb-gallery-type-fluidcarousel kb-gallery-id-13080_c2a93c-60 kb-gallery-caption-style-below kb-gallery-filter-sepia\" data-image-filter=\"sepia\" data-lightbox-caption=\"true\"><div class=\"kt-blocks-carousel splide kt-carousel-container-dotstyle-outlinedark kt-carousel-arrowstyle-blackonlight kt-carousel-dotstyle-outlinedark kb-slider-group-arrow kb-slider-arrow-position-center\" data-slider-anim-speed=\"14230\" data-slider-scroll=\"1\" data-slider-arrows=\"true\" data-slider-dots=\"true\" data-slider-hover-pause=\"false\" data-slider-auto=\"1\" data-slider-speed=\"13100\" data-slider-type=\"fluidcarousel\" data-slider-center-mode=\"true\" data-slider-gap=\"21px\" data-slider-gap-tablet=\"50px\" data-slider-gap-mobile=\"50px\" data-show-pause-button=\"false\"><div class=\"splide__track\"><ul class=\"kt-blocks-carousel-init kb-blocks-fluid-carousel splide__list\"><li class=\"kb-slide-item kb-gallery-carousel-item splide__slide\"><div class=\"kadence-blocks-gallery-item\"><div class=\"kadence-blocks-gallery-item-inner\"><figure class=\"kb-gallery-figure kb-gallery-item-has-link kadence-blocks-gallery-item-has-caption\"><a href=\"https:\/\/guitar2amp.de\/index.php\/pl\/product\/d-tone-amps-sss-head-amber\/\" class=\"kb-gallery-item-link\" target=\"_blank\" rel=\"noopener noreferrer\"><div class=\"kb-gal-image-radius\"><div class=\"kb-gallery-image-contain\" ><img loading=\"lazy\" decoding=\"async\" src=\"https:\/\/guitar2amp.de\/wp-content\/uploads\/2024\/10\/DTONESSSAmber8-1024x768.jpg\" width=\"1024\" height=\"768\" alt=\"\" data-full-image=\"https:\/\/guitar2amp.de\/wp-content\/uploads\/2024\/10\/DTONESSSAmber8-scaled.jpg\" data-light-image=\"https:\/\/guitar2amp.de\/wp-content\/uploads\/2024\/10\/DTONESSSAmber8-scaled.jpg\" data-id=\"10743\" class=\"wp-image-10743 skip-lazy\" srcset=\"https:\/\/guitar2amp.de\/wp-content\/uploads\/2024\/10\/DTONESSSAmber8-1024x768.jpg 1024w, https:\/\/guitar2amp.de\/wp-content\/uploads\/2024\/10\/DTONESSSAmber8-300x225.jpg 300w, https:\/\/guitar2amp.de\/wp-content\/uploads\/2024\/10\/DTONESSSAmber8-768x576.jpg 768w, https:\/\/guitar2amp.de\/wp-content\/uploads\/2024\/10\/DTONESSSAmber8-1536x1152.jpg 1536w, https:\/\/guitar2amp.de\/wp-content\/uploads\/2024\/10\/DTONESSSAmber8-2048x1536.jpg 2048w, https:\/\/guitar2amp.de\/wp-content\/uploads\/2024\/10\/DTONESSSAmber8-600x450.jpg 600w\" sizes=\"auto, (max-width: 1024px) 100vw, 1024px\" \/><\/div><\/div><div class=\"kadence-blocks-gallery-item__caption\"><strong>Steel String Super<\/strong><\/div><\/a><\/figure><\/div><\/div><\/li><li class=\"kb-slide-item kb-gallery-carousel-item splide__slide\"><div class=\"kadence-blocks-gallery-item\"><div class=\"kadence-blocks-gallery-item-inner\"><figure class=\"kb-gallery-figure kb-gallery-item-has-link kadence-blocks-gallery-item-has-caption\"><a href=\"https:\/\/guitar2amp.de\/index.php\/pl\/product\/d-tone-amps-overdrive-specialist-50w-head\/\" class=\"kb-gallery-item-link\" target=\"_blank\" rel=\"noopener noreferrer\"><div class=\"kb-gal-image-radius\"><div class=\"kb-gallery-image-contain\" ><img loading=\"lazy\" decoding=\"async\" src=\"https:\/\/guitar2amp.de\/wp-content\/uploads\/2023\/05\/DToneAmps0-1024x768.jpg\" width=\"1024\" height=\"768\" alt=\"\" data-full-image=\"https:\/\/guitar2amp.de\/wp-content\/uploads\/2023\/05\/DToneAmps0-scaled.jpg\" data-light-image=\"https:\/\/guitar2amp.de\/wp-content\/uploads\/2023\/05\/DToneAmps0-scaled.jpg\" data-id=\"5668\" class=\"wp-image-5668 skip-lazy\" srcset=\"https:\/\/guitar2amp.de\/wp-content\/uploads\/2023\/05\/DToneAmps0-1024x768.jpg 1024w, https:\/\/guitar2amp.de\/wp-content\/uploads\/2023\/05\/DToneAmps0-300x225.jpg 300w, https:\/\/guitar2amp.de\/wp-content\/uploads\/2023\/05\/DToneAmps0-scaled-600x450.jpg 600w, https:\/\/guitar2amp.de\/wp-content\/uploads\/2023\/05\/DToneAmps0-768x576.jpg 768w, https:\/\/guitar2amp.de\/wp-content\/uploads\/2023\/05\/DToneAmps0-1536x1152.jpg 1536w, https:\/\/guitar2amp.de\/wp-content\/uploads\/2023\/05\/DToneAmps0-2048x1536.jpg 2048w\" sizes=\"auto, (max-width: 1024px) 100vw, 1024px\" \/><\/div><\/div><div class=\"kadence-blocks-gallery-item__caption\">Overdrive Specialist 50W<\/div><\/a><\/figure><\/div><\/div><\/li><li class=\"kb-slide-item kb-gallery-carousel-item splide__slide\"><div class=\"kadence-blocks-gallery-item\"><div class=\"kadence-blocks-gallery-item-inner\"><figure class=\"kb-gallery-figure kb-gallery-item-has-link kadence-blocks-gallery-item-has-caption\"><a href=\"https:\/\/guitar2amp.de\/index.php\/product\/d-tone-amps-overdrive-specialist-50w-head-1x12-celestion-g12-65-cabinet-dumble-ods-special-style-2\/\" class=\"kb-gallery-item-link\" target=\"_blank\" rel=\"noopener noreferrer\"><div class=\"kb-gal-image-radius\"><div class=\"kb-gallery-image-contain\" ><img loading=\"lazy\" decoding=\"async\" src=\"https:\/\/guitar2amp.de\/wp-content\/uploads\/2023\/10\/DToneStack0-768x1024.jpg\" width=\"768\" height=\"1024\" alt=\"\" data-full-image=\"https:\/\/guitar2amp.de\/wp-content\/uploads\/2023\/10\/DToneStack0-scaled.jpg\" data-light-image=\"https:\/\/guitar2amp.de\/wp-content\/uploads\/2023\/10\/DToneStack0-scaled.jpg\" data-id=\"7327\" class=\"wp-image-7327 skip-lazy\" srcset=\"https:\/\/guitar2amp.de\/wp-content\/uploads\/2023\/10\/DToneStack0-768x1024.jpg 768w, https:\/\/guitar2amp.de\/wp-content\/uploads\/2023\/10\/DToneStack0-scaled-600x800.jpg 600w, https:\/\/guitar2amp.de\/wp-content\/uploads\/2023\/10\/DToneStack0-225x300.jpg 225w, https:\/\/guitar2amp.de\/wp-content\/uploads\/2023\/10\/DToneStack0-1152x1536.jpg 1152w, https:\/\/guitar2amp.de\/wp-content\/uploads\/2023\/10\/DToneStack0-1536x2048.jpg 1536w, https:\/\/guitar2amp.de\/wp-content\/uploads\/2023\/10\/DToneStack0-scaled.jpg 1920w\" sizes=\"auto, (max-width: 768px) 100vw, 768px\" \/><\/div><\/div><div class=\"kadence-blocks-gallery-item__caption\">ODS 50W + 1&#215;12&#8243;<\/div><\/a><\/figure><\/div><\/div><\/li><li class=\"kb-slide-item kb-gallery-carousel-item splide__slide\"><div class=\"kadence-blocks-gallery-item\"><div class=\"kadence-blocks-gallery-item-inner\"><figure class=\"kb-gallery-figure kb-gallery-item-has-link kadence-blocks-gallery-item-has-caption\"><a href=\"https:\/\/guitar2amp.de\/index.php\/product\/d-tone-amps-overdrive-specialist-100w-head-dumble-ods-special-style\/\" class=\"kb-gallery-item-link\" target=\"_blank\" rel=\"noopener noreferrer\"><div class=\"kb-gal-image-radius\"><div class=\"kb-gallery-image-contain\" ><img loading=\"lazy\" decoding=\"async\" src=\"https:\/\/guitar2amp.de\/wp-content\/uploads\/2023\/05\/DToneAmps10-1024x768.jpg\" width=\"1024\" height=\"768\" alt=\"\" data-full-image=\"https:\/\/guitar2amp.de\/wp-content\/uploads\/2023\/05\/DToneAmps10-scaled.jpg\" data-light-image=\"https:\/\/guitar2amp.de\/wp-content\/uploads\/2023\/05\/DToneAmps10-scaled.jpg\" data-id=\"5678\" class=\"wp-image-5678 skip-lazy\" srcset=\"https:\/\/guitar2amp.de\/wp-content\/uploads\/2023\/05\/DToneAmps10-1024x768.jpg 1024w, https:\/\/guitar2amp.de\/wp-content\/uploads\/2023\/05\/DToneAmps10-300x225.jpg 300w, https:\/\/guitar2amp.de\/wp-content\/uploads\/2023\/05\/DToneAmps10-scaled-600x450.jpg 600w, https:\/\/guitar2amp.de\/wp-content\/uploads\/2023\/05\/DToneAmps10-768x576.jpg 768w, https:\/\/guitar2amp.de\/wp-content\/uploads\/2023\/05\/DToneAmps10-1536x1152.jpg 1536w, https:\/\/guitar2amp.de\/wp-content\/uploads\/2023\/05\/DToneAmps10-2048x1536.jpg 2048w\" sizes=\"auto, (max-width: 1024px) 100vw, 1024px\" \/><\/div><\/div><div class=\"kadence-blocks-gallery-item__caption\">Overdrive specialist 100w<\/div><\/a><\/figure><\/div><\/div><\/li><li class=\"kb-slide-item kb-gallery-carousel-item splide__slide\"><div class=\"kadence-blocks-gallery-item\"><div class=\"kadence-blocks-gallery-item-inner\"><figure class=\"kb-gallery-figure kb-gallery-item-has-link kadence-blocks-gallery-item-has-caption\"><a href=\"https:\/\/guitar2amp.de\/index.php\/product\/d-tone-amps-overdrive-specialist-1x12-celestion-g12-65-cabinet-dumble-style-cab\/\" class=\"kb-gallery-item-link\" target=\"_blank\" rel=\"noopener noreferrer\"><div class=\"kb-gal-image-radius\"><div class=\"kb-gallery-image-contain\" ><img loading=\"lazy\" decoding=\"async\" src=\"https:\/\/guitar2amp.de\/wp-content\/uploads\/2023\/10\/DToneCab4-1024x793.jpg\" width=\"1024\" height=\"793\" alt=\"\" data-full-image=\"https:\/\/guitar2amp.de\/wp-content\/uploads\/2023\/10\/DToneCab4.jpg\" data-light-image=\"https:\/\/guitar2amp.de\/wp-content\/uploads\/2023\/10\/DToneCab4.jpg\" data-id=\"7319\" class=\"wp-image-7319 skip-lazy\" srcset=\"https:\/\/guitar2amp.de\/wp-content\/uploads\/2023\/10\/DToneCab4-1024x793.jpg 1024w, https:\/\/guitar2amp.de\/wp-content\/uploads\/2023\/10\/DToneCab4-600x464.jpg 600w, https:\/\/guitar2amp.de\/wp-content\/uploads\/2023\/10\/DToneCab4-300x232.jpg 300w, https:\/\/guitar2amp.de\/wp-content\/uploads\/2023\/10\/DToneCab4-768x594.jpg 768w, https:\/\/guitar2amp.de\/wp-content\/uploads\/2023\/10\/DToneCab4-1536x1189.jpg 1536w, https:\/\/guitar2amp.de\/wp-content\/uploads\/2023\/10\/DToneCab4.jpg 2048w\" sizes=\"auto, (max-width: 1024px) 100vw, 1024px\" \/><\/div><\/div><div class=\"kadence-blocks-gallery-item__caption\">1&#215;12&#8243; Cabinet<\/div><\/a><\/figure><\/div><\/div><\/li><\/ul><\/div><\/div><\/div><\/div>\n\n\n<p class=\"has-theme-palette-1-color has-text-color has-link-color wp-elements-95fd8c659472e23a811fcff2adff2b54\" style=\"border-style:none;border-width:0px;margin-right:var(--wp--preset--spacing--80);margin-left:var(--wp--preset--spacing--80)\">Jako&nbsp;<strong>oficjalny dystrybutor marki D-TONE<\/strong>&nbsp;oferujemy dost\u0119p do pe\u0142nej oferty producenta, fachowe doradztwo oraz mo\u017cliwo\u015b\u0107 przetestowania sprz\u0119tu w naszym showroomie.<br>Zapewniamy bezpieczn\u0105 wysy\u0142k\u0119 oraz serwis i wsparcie posprzeda\u017cowe.<\/p>\n\n\n\n<p class=\"has-theme-palette-1-color has-text-color has-link-color wp-elements-6b126d8cac13c41dc231ae719ef1ac02\" style=\"border-style:none;border-width:0px;margin-right:var(--wp--preset--spacing--80);margin-left:var(--wp--preset--spacing--80)\">Masz pytania? Skontaktuj si\u0119 z nami \u2013 ch\u0119tnie doradzimy!<\/p>\n\n\n<style>.wp-block-kadence-image.kb-image13080_0503d4-43:not(.kb-specificity-added):not(.kb-extra-specificity-added){margin-bottom:var(--global-kb-spacing-3xl, 6.5rem);}.kb-image13080_0503d4-43 .kb-image-has-overlay:after{opacity:0.3;}<\/style>\n<div class=\"wp-block-kadence-image kb-image13080_0503d4-43 is-style-default\"><figure class=\"aligncenter size-site_icon-192\"><img loading=\"lazy\" decoding=\"async\" width=\"192\" height=\"192\" src=\"https:\/\/guitar2amp.de\/wp-content\/uploads\/2023\/04\/cropped-Logo-Vector-24-192x192.png\" alt=\"\" class=\"kb-img wp-image-2115\" srcset=\"https:\/\/guitar2amp.de\/wp-content\/uploads\/2023\/04\/cropped-Logo-Vector-24-192x192.png 192w, https:\/\/guitar2amp.de\/wp-content\/uploads\/2023\/04\/cropped-Logo-Vector-24-300x300.png 300w, https:\/\/guitar2amp.de\/wp-content\/uploads\/2023\/04\/cropped-Logo-Vector-24-150x150.png 150w, https:\/\/guitar2amp.de\/wp-content\/uploads\/2023\/04\/cropped-Logo-Vector-24-100x100.png 100w, https:\/\/guitar2amp.de\/wp-content\/uploads\/2023\/04\/cropped-Logo-Vector-24-270x270.png 270w, https:\/\/guitar2amp.de\/wp-content\/uploads\/2023\/04\/cropped-Logo-Vector-24-180x180.png 180w, https:\/\/guitar2amp.de\/wp-content\/uploads\/2023\/04\/cropped-Logo-Vector-24-32x32.png 32w, https:\/\/guitar2amp.de\/wp-content\/uploads\/2023\/04\/cropped-Logo-Vector-24.png 512w\" sizes=\"auto, (max-width: 192px) 100vw, 192px\" \/><\/figure><\/div>\n","protected":false},"excerpt":{"rendered":"<p>D-TONE AMPS D-Style H-W guitar tube amplifiers Kim oni s\u0105 D-TONE AMPS to butikowy europejski producent specjalizuj\u0105cy si\u0119 w r\u0119cznie lutowanych wzmacniaczach lampowych, kt\u00f3re wiernie odwzorowuj\u0105 legendarne uk\u0142ady typu D-Style: Overdrive Special i Steel String Singer stworzone pierwotnie przez Alexandra &#8220;Howarda&#8221; Dumble\u00ae. Cho\u0107 marka D-TONE powsta\u0142a w 2022 roku, jej historia si\u0119ga 2010, kiedy to&#8230;<\/p>\n","protected":false},"author":2,"featured_media":0,"parent":0,"menu_order":0,"comment_status":"closed","ping_status":"closed","template":"","meta":{"_monsterinsights_skip_tracking":false,"_monsterinsights_sitenote_active":false,"_monsterinsights_sitenote_note":"","_monsterinsights_sitenote_category":0,"_uf_show_specific_survey":0,"_uf_disable_surveys":false,"_kadence_starter_templates_imported_post":false,"_kad_post_transparent":"","_kad_post_title":"","_kad_post_layout":"","_kad_post_sidebar_id":"","_kad_post_content_style":"","_kad_post_vertical_padding":"","_kad_post_feature":"","_kad_post_feature_position":"","_kad_post_header":false,"_kad_post_footer":false,"_kad_post_classname":"","footnotes":""},"class_list":["post-13080","page","type-page","status-publish","hentry"],"jetpack_sharing_enabled":true,"_links":{"self":[{"href":"https:\/\/guitar2amp.de\/index.php\/wp-json\/wp\/v2\/pages\/13080","targetHints":{"allow":["GET"]}}],"collection":[{"href":"https:\/\/guitar2amp.de\/index.php\/wp-json\/wp\/v2\/pages"}],"about":[{"href":"https:\/\/guitar2amp.de\/index.php\/wp-json\/wp\/v2\/types\/page"}],"author":[{"embeddable":true,"href":"https:\/\/guitar2amp.de\/index.php\/wp-json\/wp\/v2\/users\/2"}],"replies":[{"embeddable":true,"href":"https:\/\/guitar2amp.de\/index.php\/wp-json\/wp\/v2\/comments?post=13080"}],"version-history":[{"count":7,"href":"https:\/\/guitar2amp.de\/index.php\/wp-json\/wp\/v2\/pages\/13080\/revisions"}],"predecessor-version":[{"id":13089,"href":"https:\/\/guitar2amp.de\/index.php\/wp-json\/wp\/v2\/pages\/13080\/revisions\/13089"}],"wp:attachment":[{"href":"https:\/\/guitar2amp.de\/index.php\/wp-json\/wp\/v2\/media?parent=13080"}],"curies":[{"name":"wp","href":"https:\/\/api.w.org\/{rel}","templated":true}]}}