{"id":10140,"date":"2024-09-04T17:42:17","date_gmt":"2024-09-04T15:42:17","guid":{"rendered":"https:\/\/guitar2amp.de\/?post_type=product&#038;p=10140"},"modified":"2025-05-26T18:37:32","modified_gmt":"2025-05-26T16:37:32","slug":"1964-fender-mustang-dakota-red-pre-cbs-l-series-2","status":"publish","type":"product","link":"https:\/\/guitar2amp.de\/index.php\/de\/product\/1964-fender-mustang-dakota-red-pre-cbs-l-series-2\/","title":{"rendered":"1964 Fender Mustang Dakota Red Pre CBS L Series"},"content":{"rendered":"<p>Wir pr\u00e4sentieren eine seltene Fender Mustang von 1964 aus der Pre-CBS-\u00c4ra, die f\u00fcr ihren authentischen Vintage-Klang und ihre legend\u00e4re Bauqualit\u00e4t bekannt ist. Dieses Modell, seit seiner Einf\u00fchrung ein Favorit unter Gitarristen, zeichnet sich durch ein einzigartiges Design und au\u00dfergew\u00f6hnliche Spielbarkeit aus, die Fender im Laufe der Jahre perfektioniert hat.<\/p>\n<p><strong>Kurze Geschichte des Fender Mustang Modells:<\/strong><\/p>\n<p>Die Fender Mustang wurde 1964 als Teil der Student-Gitarrenserie eingef\u00fchrt. Sie war eine der ersten Fender-Gitarren mit der Dynamic Vibrato-Br\u00fccke, die eine gr\u00f6\u00dfere Kontrolle \u00fcber Vibrato und Ton bot. Die Mustang erlangte schnell Beliebtheit f\u00fcr ihren unverwechselbaren Stil und ihre klangliche Vielseitigkeit und sprach sowohl Anf\u00e4nger als auch professionelle Musiker an.<\/p>\n<p><strong>Technische Details:<\/strong><\/p>\n<ul>\n<li><strong>Baujahr:<\/strong> 1964<\/li>\n<li><strong>Korpus:<\/strong> Erlenholz<\/li>\n<li><strong>Griffbrett:<\/strong> Aus brasilianischem Palisander, was zu einem warmen und vollen Klang der Gitarre beitr\u00e4gt<\/li>\n<li><strong>Zustand:<\/strong> Sehr gut, dem Alter entsprechend, mit nat\u00fcrlichen Gebrauchsspuren<\/li>\n<li><strong>B\u00fcnde:<\/strong> Aufgrund von Abnutzung ersetzt, um eine hervorragende Spielbarkeit zu gew\u00e4hrleisten<\/li>\n<li><strong>Pickup-Schalter:<\/strong> Aufgrund von Abnutzung ersetzt<\/li>\n<li><strong>Pickups:<\/strong> Original, handgewickelt von Abigail Ybarra, was die Einzigartigkeit dieses Instruments unterstreicht<\/li>\n<li><strong>Gewicht:<\/strong> Etwa 3,5 kg<\/li>\n<li><strong>Koffer:<\/strong> Originaler Kartonkoffer, der Gebrauchsspuren zeigt, aber immer noch sch\u00fctzend funktioniert<\/li>\n<\/ul>\n<p>Diese Fender Mustang von 1964 ist ein hervorragender Fund f\u00fcr Sammler und Gitarristen, die ein Instrument mit Charakter und Geschichte suchen. Ihre Authentizit\u00e4t, gepaart mit modernen Upgrades, macht sie zu einem seltenen Schmuckst\u00fcck, bereit f\u00fcr neue musikalische Abenteuer.<\/p>\n","protected":false},"excerpt":{"rendered":"<p>Die Fender Mustang von 1964 aus der Pre-CBS-\u00c4ra ist ein seltenes St\u00fcck mit einem authentischen Vintage-Klang. Diese Gitarre verf\u00fcgt \u00fcber originale Pickups, die von Abigail Ybarra handgewickelt wurden und ihr einen einzigartigen Charakter verleihen. B\u00fcnde und Pickup-Schalter wurden aufgrund von Abnutzung ersetzt, um eine hervorragende Spielbarkeit zu gew\u00e4hrleisten. Inklusive originalem Kartonkoffer. Sehr guter Zustand, dem Alter entsprechend.<\/p>\n","protected":false},"featured_media":10141,"template":"","meta":{"_monsterinsights_skip_tracking":false,"_monsterinsights_sitenote_active":false,"_monsterinsights_sitenote_note":"","_monsterinsights_sitenote_category":0,"_uf_show_specific_survey":0,"_uf_disable_surveys":false,"_kadence_starter_templates_imported_post":false,"_kad_post_transparent":"default","_kad_post_title":"","_kad_post_layout":"default","_kad_post_sidebar_id":"","_kad_post_content_style":"default","_kad_post_vertical_padding":"default","_kad_post_feature":"","_kad_post_feature_position":"","_kad_post_header":false,"_kad_post_footer":false,"_kad_post_classname":""},"product_brand":[],"product_cat":[207,203,211],"product_tag":[],"class_list":{"0":"post-10140","1":"product","2":"type-product","3":"status-publish","4":"has-post-thumbnail","6":"product_cat-e-gitarren","7":"product_cat-gitarren","8":"product_cat-vintage-de","10":"first","11":"outofstock","12":"shipping-taxable","13":"purchasable","14":"product-type-simple","15":"entry","16":"content-bg","17":"loop-entry"},"jetpack_sharing_enabled":true,"_links":{"self":[{"href":"https:\/\/guitar2amp.de\/index.php\/wp-json\/wp\/v2\/product\/10140","targetHints":{"allow":["GET"]}}],"collection":[{"href":"https:\/\/guitar2amp.de\/index.php\/wp-json\/wp\/v2\/product"}],"about":[{"href":"https:\/\/guitar2amp.de\/index.php\/wp-json\/wp\/v2\/types\/product"}],"wp:featuredmedia":[{"embeddable":true,"href":"https:\/\/guitar2amp.de\/index.php\/wp-json\/wp\/v2\/media\/10141"}],"wp:attachment":[{"href":"https:\/\/guitar2amp.de\/index.php\/wp-json\/wp\/v2\/media?parent=10140"}],"wp:term":[{"taxonomy":"product_brand","embeddable":true,"href":"https:\/\/guitar2amp.de\/index.php\/wp-json\/wp\/v2\/product_brand?post=10140"},{"taxonomy":"product_cat","embeddable":true,"href":"https:\/\/guitar2amp.de\/index.php\/wp-json\/wp\/v2\/product_cat?post=10140"},{"taxonomy":"product_tag","embeddable":true,"href":"https:\/\/guitar2amp.de\/index.php\/wp-json\/wp\/v2\/product_tag?post=10140"}],"curies":[{"name":"wp","href":"https:\/\/api.w.org\/{rel}","templated":true}]}}