{"id":10278,"date":"2024-09-16T16:27:32","date_gmt":"2024-09-16T14:27:32","guid":{"rendered":"https:\/\/guitar2amp.de\/?post_type=product&#038;p=10278"},"modified":"2024-10-17T08:07:40","modified_gmt":"2024-10-17T06:07:40","slug":"prs-p22-piezo-2","status":"publish","type":"product","link":"https:\/\/guitar2amp.de\/index.php\/pl\/product\/prs-p22-piezo-2\/","title":{"rendered":"PRS P22 Piezo"},"content":{"rendered":"<p>PRS P22 z 2012 roku to niezwykle wszechstronny instrument, \u0142\u0105cz\u0105cy klasyczne brzmienia elektryczne z d\u017awi\u0119kiem akustycznym dzi\u0119ki zaawansowanemu systemowi <strong>LR Baggs piezo<\/strong>. Gitara posiada <strong>sta\u0142y mostek<\/strong> oraz przetworniki PRS 53\/10, dawniej stosowane w modelu P22, kt\u00f3re mo\u017cna konfigurowa\u0107 za pomoc\u0105 <strong>5-pozycyjnego prze\u0142\u0105cznika<\/strong>. Pozwala to na r\u00f3\u017cnorodne ustawienia brzmieniowe:<\/p>\n<ol>\n<li><strong>Neck humbucker<\/strong> (pe\u0142ny, ciep\u0142y d\u017awi\u0119k),<\/li>\n<li><strong>Split neck humbucker + bridge humbucker<\/strong> (jasny, zr\u00f3wnowa\u017cony ton),<\/li>\n<li><strong>Both humbuckers<\/strong> (pe\u0142ne, mocne brzmienie),<\/li>\n<li><strong>Bridge humbucker split<\/strong> (ja\u015bniejszy ton, podobny do singla),<\/li>\n<li><strong>Bridge humbucker<\/strong> (mocny, dynamiczny d\u017awi\u0119k).<\/li>\n<\/ol>\n<p>Gitar\u0119 wyposa\u017cono r\u00f3wnie\u017c w system piezo z niezale\u017cnym kontrolerem g\u0142o\u015bno\u015bci oraz <strong>3-pozycyjnym prze\u0142\u0105cznikiem<\/strong>, kt\u00f3ry umo\u017cliwia prze\u0142\u0105czanie mi\u0119dzy trybami <strong>magnetic<\/strong>, <strong>piezo\/magnetic<\/strong> oraz <strong>piezo<\/strong>. Gitara jest w bardzo dobrym stanie, z minimalnymi \u015bladami u\u017cytkowania, progi s\u0105 w doskona\u0142ym stanie. W zestawie znajduje si\u0119 <strong>oryginalny PRS hard case<\/strong>, kt\u00f3ry zapewnia solidn\u0105 ochron\u0119. To idealna gitara dla muzyk\u00f3w szukaj\u0105cych narz\u0119dzia do gry na \u017cywo oraz nagra\u0144, z bogatym brzmieniem elektrycznym i akustycznym.<\/p>\n","protected":false},"excerpt":{"rendered":"<h2><span style=\"color: #ff0000;\"><strong>OUT OF STOCK<\/strong><\/span><\/h2>\n<p>PRS P22 (2012) z systemem <strong>LR Baggs piezo<\/strong>, pozwalaj\u0105cym na kombinacj\u0119 brzmie\u0144 elektrycznych i akustycznych. Przetworniki PRS 53\/10, 5-pozycyjny prze\u0142\u0105cznik, sta\u0142y mostek, minimalne \u015blady u\u017cytkowania, progi w idealnym stanie. W zestawie <strong>PRS hard case<\/strong>.<\/p>\n","protected":false},"featured_media":10279,"template":"","meta":{"_monsterinsights_skip_tracking":false,"_monsterinsights_sitenote_active":false,"_monsterinsights_sitenote_note":"","_monsterinsights_sitenote_category":0,"_uf_show_specific_survey":0,"_uf_disable_surveys":false,"_kadence_starter_templates_imported_post":false,"_kad_post_transparent":"default","_kad_post_title":"","_kad_post_layout":"default","_kad_post_sidebar_id":"","_kad_post_content_style":"default","_kad_post_vertical_padding":"default","_kad_post_feature":"","_kad_post_feature_position":"","_kad_post_header":false,"_kad_post_footer":false,"_kad_post_classname":""},"product_brand":[],"product_cat":[3636,3261],"product_tag":[],"class_list":{"0":"post-10278","1":"product","2":"type-product","3":"status-publish","4":"has-post-thumbnail","6":"product_cat-archiwum","7":"product_cat-gitary","9":"first","10":"outofstock","11":"shipping-taxable","12":"product-type-simple","13":"entry","14":"content-bg","15":"loop-entry"},"jetpack_sharing_enabled":true,"_links":{"self":[{"href":"https:\/\/guitar2amp.de\/index.php\/wp-json\/wp\/v2\/product\/10278","targetHints":{"allow":["GET"]}}],"collection":[{"href":"https:\/\/guitar2amp.de\/index.php\/wp-json\/wp\/v2\/product"}],"about":[{"href":"https:\/\/guitar2amp.de\/index.php\/wp-json\/wp\/v2\/types\/product"}],"wp:featuredmedia":[{"embeddable":true,"href":"https:\/\/guitar2amp.de\/index.php\/wp-json\/wp\/v2\/media\/10279"}],"wp:attachment":[{"href":"https:\/\/guitar2amp.de\/index.php\/wp-json\/wp\/v2\/media?parent=10278"}],"wp:term":[{"taxonomy":"product_brand","embeddable":true,"href":"https:\/\/guitar2amp.de\/index.php\/wp-json\/wp\/v2\/product_brand?post=10278"},{"taxonomy":"product_cat","embeddable":true,"href":"https:\/\/guitar2amp.de\/index.php\/wp-json\/wp\/v2\/product_cat?post=10278"},{"taxonomy":"product_tag","embeddable":true,"href":"https:\/\/guitar2amp.de\/index.php\/wp-json\/wp\/v2\/product_tag?post=10278"}],"curies":[{"name":"wp","href":"https:\/\/api.w.org\/{rel}","templated":true}]}}