{"id":10411,"date":"2024-09-20T15:31:12","date_gmt":"2024-09-20T13:31:12","guid":{"rendered":"https:\/\/guitar2amp.de\/?post_type=product&#038;p=10411"},"modified":"2025-06-30T23:24:08","modified_gmt":"2025-06-30T21:24:08","slug":"2012-prs-singielcut-tremonti-signature-model-3","status":"publish","type":"product","link":"https:\/\/guitar2amp.de\/index.php\/de\/product\/2012-prs-singielcut-tremonti-signature-model-3\/","title":{"rendered":"2012 PRS Singielcut Tremonti Signature Model"},"content":{"rendered":"<p><strong>PRS Tremonti Signature \u2013 Kraft und Pr\u00e4zision in einem Instrument<\/strong><\/p>\n<p><strong>Entfesseln Sie Ihr Potenzial!<\/strong><br \/>\nDie PRS Tremonti Signature ist eine Gitarre, die f\u00fcr Musiker entwickelt wurde, die Vielseitigkeit, Kraft und hervorragende Spielbarkeit verlangen. Egal, ob auf der B\u00fchne oder im Studio \u2013 dieses Instrument bietet eine breite Palette an Sounds, von schneidenden Soli bis zu tiefen, resonanten Rhythmuskl\u00e4ngen.<\/p>\n<p><strong>\u00dcber PRS und das Tremonti-Modell<\/strong><br \/>\nPRS (Paul Reed Smith) ist bekannt f\u00fcr den Bau von High-End-Gitarren, die hervorragende Handwerkskunst mit modernen Innovationen verbinden. Gegr\u00fcndet im Jahr 1985, hat PRS eine lange Tradition in der Herstellung von Instrumenten mit exquisiten H\u00f6lzern, exzellenter Spielbarkeit und atemberaubender \u00c4sthetik. Das Tremonti-Modell, die Signaturgitarre von Mark Tremonti (Leadgitarrist von Alter Bridge und Creed), bietet alles, was moderne Spieler brauchen \u2013 kraftvolle T\u00f6ne, klare Artikulation und die F\u00e4higkeit, hohe Gain-Einstellungen m\u00fchelos zu bew\u00e4ltigen.<\/p>\n<p><strong>Technische Details:<\/strong><\/p>\n<ul>\n<li><strong>Korpus<\/strong>: Mahagoni mit einer wundersch\u00f6nen Decke aus gemasertem Ahorn f\u00fcr bessere Resonanz und optische Highlights.<\/li>\n<li><strong>Hals<\/strong>: Mahagoni mit einem Palisandergriffbrett und den charakteristischen PRS Vogel-Inlays.<\/li>\n<li><strong>Halsprofil<\/strong>: Weit und d\u00fcnn f\u00fcr schnelles Spiel.<\/li>\n<li><strong>Mensur<\/strong>: 25 Zoll.<\/li>\n<li><strong>Tonabnehmer<\/strong>: Original PRS Tremonti-Humbucker am Hals f\u00fcr warme, runde T\u00f6ne und <strong>Bare Knuckle Nailbomb<\/strong> am Steg f\u00fcr aggressive, durchsetzungsf\u00e4hige Sounds mit bemerkenswerter Klarheit bei hohem Gain.<\/li>\n<li><strong>Br\u00fccke<\/strong>: Tremolo f\u00fcr ausdrucksstarkes Spiel.<\/li>\n<li><strong>B\u00fcnde<\/strong>: 22 Medium-Jumbo.<\/li>\n<li><strong>Bedienelemente<\/strong>: Zwei Lautst\u00e4rke- und zwei Tonregler sowie ein 3-Wege-Tonabnehmerschalter.<\/li>\n<li><strong>Zus\u00e4tzlich<\/strong>: Original PRS Hardcase und Case Candies sind im Lieferumfang enthalten.<\/li>\n<\/ul>\n<p><strong>Warum die PRS Tremonti w\u00e4hlen?<\/strong><br \/>\nDiese Gitarre ist ein Beweis f\u00fcr das Engagement von PRS, Instrumente von h\u00f6chster Qualit\u00e4t zu liefern. Die Zusammenarbeit von Mark Tremonti mit PRS hat zu einem Modell gef\u00fchrt, das sowohl f\u00fcr harte Rockkl\u00e4nge als auch f\u00fcr Metal bestens geeignet ist. Die Tremonti bietet eine perfekte Balance zwischen Kraft und Pr\u00e4zision.<\/p>\n","protected":false},"excerpt":{"rendered":"<p><strong>PRS Tremonti Signature<\/strong> \u2013 In Zusammenarbeit mit Mark Tremonti entwickelt, bietet diese Gitarre einen fantastischen Sound f\u00fcr kraftvolle Riffs und Soli. Mahagoni-Korpus, Ahorn-Decke, <strong>Bare Knuckle Nailbomb<\/strong> Tonabnehmer an der Br\u00fccke und ein Tremolo. Mit Original-PRS-Case und Case Candies.<\/p>\n","protected":false},"featured_media":10412,"template":"","meta":{"_monsterinsights_skip_tracking":false,"_monsterinsights_sitenote_active":false,"_monsterinsights_sitenote_note":"","_monsterinsights_sitenote_category":0,"_uf_show_specific_survey":0,"_uf_disable_surveys":false,"_kadence_starter_templates_imported_post":false,"_kad_post_transparent":"default","_kad_post_title":"","_kad_post_layout":"default","_kad_post_sidebar_id":"","_kad_post_content_style":"default","_kad_post_vertical_padding":"default","_kad_post_feature":"","_kad_post_feature_position":"","_kad_post_header":false,"_kad_post_footer":false,"_kad_post_classname":""},"product_brand":[],"product_cat":[207,203],"product_tag":[],"class_list":{"0":"post-10411","1":"product","2":"type-product","3":"status-publish","4":"has-post-thumbnail","6":"product_cat-e-gitarren","7":"product_cat-gitarren","9":"first","10":"instock","11":"shipping-taxable","12":"purchasable","13":"product-type-simple","14":"entry","15":"content-bg","16":"loop-entry"},"jetpack_sharing_enabled":true,"_links":{"self":[{"href":"https:\/\/guitar2amp.de\/index.php\/wp-json\/wp\/v2\/product\/10411","targetHints":{"allow":["GET"]}}],"collection":[{"href":"https:\/\/guitar2amp.de\/index.php\/wp-json\/wp\/v2\/product"}],"about":[{"href":"https:\/\/guitar2amp.de\/index.php\/wp-json\/wp\/v2\/types\/product"}],"wp:featuredmedia":[{"embeddable":true,"href":"https:\/\/guitar2amp.de\/index.php\/wp-json\/wp\/v2\/media\/10412"}],"wp:attachment":[{"href":"https:\/\/guitar2amp.de\/index.php\/wp-json\/wp\/v2\/media?parent=10411"}],"wp:term":[{"taxonomy":"product_brand","embeddable":true,"href":"https:\/\/guitar2amp.de\/index.php\/wp-json\/wp\/v2\/product_brand?post=10411"},{"taxonomy":"product_cat","embeddable":true,"href":"https:\/\/guitar2amp.de\/index.php\/wp-json\/wp\/v2\/product_cat?post=10411"},{"taxonomy":"product_tag","embeddable":true,"href":"https:\/\/guitar2amp.de\/index.php\/wp-json\/wp\/v2\/product_tag?post=10411"}],"curies":[{"name":"wp","href":"https:\/\/api.w.org\/{rel}","templated":true}]}}