{"id":11218,"date":"2024-11-04T16:26:28","date_gmt":"2024-11-04T15:26:28","guid":{"rendered":"https:\/\/guitar2amp.de\/?post_type=product&#038;p=11218"},"modified":"2025-10-29T11:51:56","modified_gmt":"2025-10-29T10:51:56","slug":"2015-lsl-saticoy-custom-relic-crista-2","status":"publish","type":"product","link":"https:\/\/guitar2amp.de\/index.php\/pl\/product\/2015-lsl-saticoy-custom-relic-crista-2\/","title":{"rendered":"2015 LSL Saticoy Custom Relic &#8220;Crista&#8221;"},"content":{"rendered":"<p>Ta wyj\u0105tkowa LSL Saticoy Custom &#8220;Crista&#8221; to pi\u0119knie wykonany instrument, kt\u00f3ry ukazuje niezwyk\u0142\u0105 dba\u0142o\u015b\u0107 LSL o szczeg\u00f3\u0142y i jako\u015b\u0107. Korpus z jesionu pokryty jest lakierem nitro, przez kt\u00f3ry wida\u0107 naturalne us\u0142ojenie drewna, co dodaje charakteru i uroku. Szyjka wykonana jest z jednego kawa\u0142ka klonu ci\u0119tego &#8220;quartersawn&#8221;, co zapewnia trwa\u0142o\u015b\u0107 i stabilno\u015b\u0107, a jej profil inspirowany stylem vintage jest wygodny i solidny. Lakierowana w nitro, szyjka jest przyjemna w dotyku, a progi s\u0105 w doskona\u0142ym stanie.<\/p>\n<p>Gitara imponuj\u0105co rezonuje, nawet bez pod\u0142\u0105czenia, co \u015bwiadczy o znakomitym doborze drewna i precyzyjnym r\u0119cznym wykonaniu przez LSL. Wyposa\u017cona w r\u0119cznie nawijane przetworniki LSL, oferuje bogate, autentyczne brzmienie, kt\u00f3re zachwyca gitarzyst\u00f3w. Wyko\u0144czenie typu heavy relic nadaje jej wygl\u0105d dobrze u\u017cywanego instrumentu, cho\u0107 gitara jest praktycznie nieu\u017cywana.<\/p>\n<p>To znakomity instrument dla os\u00f3b, kt\u00f3re ceni\u0105 sobie jako\u015b\u0107 i vintage\u2019owy design. LSL Saticoy Custom &#8220;Crista&#8221; jest gotowa, by zachwyci\u0107 ka\u017cdego gracza.<\/p>\n","protected":false},"excerpt":{"rendered":"<p>Guitar2Amp \u2013 jeste\u015bmy oficjalnym przedstawicielem i dystrybutorem LsL Instruments w Polsce i Niemczech. Mo\u017cesz zam\u00f3wi\u0107 wymarzon\u0105 gitar\u0119 lub bas w wybranej specyfikacji. Skontaktuj si\u0119 z nami, aby uzyska\u0107 wi\u0119cej informacji: info@guitar2amp.pl<\/p>\n","protected":false},"featured_media":11219,"template":"","meta":{"_monsterinsights_skip_tracking":false,"_monsterinsights_sitenote_active":false,"_monsterinsights_sitenote_note":"","_monsterinsights_sitenote_category":0,"_uf_show_specific_survey":0,"_uf_disable_surveys":false,"_kadence_starter_templates_imported_post":false,"_kad_post_transparent":"default","_kad_post_title":"","_kad_post_layout":"default","_kad_post_sidebar_id":"","_kad_post_content_style":"default","_kad_post_vertical_padding":"default","_kad_post_feature":"","_kad_post_feature_position":"","_kad_post_header":false,"_kad_post_footer":false,"_kad_post_classname":""},"product_brand":[],"product_cat":[3265,4277],"product_tag":[],"class_list":{"0":"post-11218","1":"product","2":"type-product","3":"status-publish","4":"has-post-thumbnail","6":"product_cat-elektryczne-pl","7":"product_cat-lsl-instruments-pl","9":"first","10":"outofstock","11":"shipping-taxable","12":"purchasable","13":"product-type-simple","14":"entry","15":"content-bg","16":"loop-entry"},"jetpack_sharing_enabled":true,"_links":{"self":[{"href":"https:\/\/guitar2amp.de\/index.php\/wp-json\/wp\/v2\/product\/11218","targetHints":{"allow":["GET"]}}],"collection":[{"href":"https:\/\/guitar2amp.de\/index.php\/wp-json\/wp\/v2\/product"}],"about":[{"href":"https:\/\/guitar2amp.de\/index.php\/wp-json\/wp\/v2\/types\/product"}],"wp:featuredmedia":[{"embeddable":true,"href":"https:\/\/guitar2amp.de\/index.php\/wp-json\/wp\/v2\/media\/11219"}],"wp:attachment":[{"href":"https:\/\/guitar2amp.de\/index.php\/wp-json\/wp\/v2\/media?parent=11218"}],"wp:term":[{"taxonomy":"product_brand","embeddable":true,"href":"https:\/\/guitar2amp.de\/index.php\/wp-json\/wp\/v2\/product_brand?post=11218"},{"taxonomy":"product_cat","embeddable":true,"href":"https:\/\/guitar2amp.de\/index.php\/wp-json\/wp\/v2\/product_cat?post=11218"},{"taxonomy":"product_tag","embeddable":true,"href":"https:\/\/guitar2amp.de\/index.php\/wp-json\/wp\/v2\/product_tag?post=11218"}],"curies":[{"name":"wp","href":"https:\/\/api.w.org\/{rel}","templated":true}]}}