{"id":11283,"date":"2024-11-04T17:52:49","date_gmt":"2024-11-04T16:52:49","guid":{"rendered":"https:\/\/guitar2amp.de\/?post_type=product&#038;p=11283"},"modified":"2025-05-25T23:00:50","modified_gmt":"2025-05-25T21:00:50","slug":"1992-tom-anderson-drop-top-orange-2","status":"publish","type":"product","link":"https:\/\/guitar2amp.de\/index.php\/de\/product\/1992-tom-anderson-drop-top-orange-2\/","title":{"rendered":"1992 Tom Anderson Drop Top Orange"},"content":{"rendered":"<p>1992 Tom Anderson Drop Top in Orange<\/p>\n<p>Die Tom Anderson Drop Top in der einzigartigen Farbe 6120 Orange mit passendem nat\u00fcrlichem Binding ist ein absoluter Klassiker in der Welt der High-End-Gitarren. Sie wurde aus den besten Materialien gefertigt und in einer gro\u00dfartigen \u00c4ra f\u00fcr die Marke perfektioniert \u2013 ein Instrument, das nicht nur durch sein Aussehen, sondern auch durch seinen Klang besticht.<\/p>\n<p>Spezifikationen:<\/p>\n<p>Modell: Drop Top<br \/>\nMensur: 25,5 Zoll (Fender-typische Mensur)<br \/>\nKorpus: Geflammter Ahorn auf Swamp Ash (Sumpfesche)<br \/>\nKorpus-Finish: 6120 Orange mit nat\u00fcrlichem Binding<br \/>\nHals: Hard Rock Ahorn, Quartersawn, mit Palisander-Griffbrett, satinierte R\u00fcckseite und farblich passende Kopfplatte<br \/>\nHalsprofil: Komfortables Profil f\u00fcr schnelles Spiel \u2013 Even Taper<br \/>\nSattelbreite: 1 11\/16 Zoll<br \/>\nB\u00fcnde: Heavy &#8211; neue Stahlb\u00fcnde<br \/>\nHardware-Farbe: Schwarz<br \/>\nBridge: Sunken Kahler Steeler (stabile und geschmeidige Tremolo-Einheit)<br \/>\nPickups: SK1R (Hals), SK1 (Mitte), H2+ (Steg) \u2013 Konfiguration f\u00fcr eine breite Palette an Kl\u00e4ngen<br \/>\nSchaltung: Switcheroo \u2013 System f\u00fcr einzigartige Klangmodifikationen<br \/>\nWarum diese Gitarre? Dieses Modell stammt aus dem Jahr 1992 \u2013 einer Zeit, in der Tom Anderson pers\u00f6nlich die Produktion dieser herausragenden Gitarren \u00fcberwachte, die f\u00fcr ihre erstklassige Klangqualit\u00e4t und Verarbeitung bekannt sind. Das spezielle Pickup-System und das vielseitige Kahler-Tremolo machen diese Gitarre zu einer perfekten Wahl f\u00fcr jeden Musikstil \u2013 von Blues \u00fcber Rock bis hin zu Metal. Wir haben eine besondere Verbindung zu dieser Marke, insbesondere zu den fr\u00fchen Modellen aus den 90er Jahren, und jede einzelne Gitarre, die wir hatten, war beeindruckend. Auch dieses Exemplar ist keine Ausnahme. Besuchen Sie unseren Showroom in Posen f\u00fcr einen Test.<\/p>\n<p>Technischer Zustand: Sehr gut, ohne gravierende Sch\u00e4den. Sie weist normale Gebrauchsspuren auf, da sie \u00fcber die Jahre intensiv gespielt, aber immer gepflegt und regelm\u00e4\u00dfig gewartet wurde. Der Vorbesitzer hat die Hardware auf Schwarz ge\u00e4ndert, die originalen Mechaniken, Kn\u00f6pfe und Straplocks in Chrom sind im Lieferumfang enthalten. Ebenfalls enthalten ist ein Case, das deutliche Gebrauchsspuren aufweist, aber das Instrument zuverl\u00e4ssig sch\u00fctzt.<\/p>\n","protected":false},"excerpt":{"rendered":"<p>1992 Tom Anderson Drop Top in Orange<\/p>\n<p>Die Tom Anderson Drop Top in der einzigartigen Farbe 6120 Orange mit passendem nat\u00fcrlichem Binding ist ein absoluter Klassiker in der Welt der High-End-Gitarren. Sie wurde aus den besten Materialien gefertigt und in einer gro\u00dfartigen \u00c4ra f\u00fcr die Marke perfektioniert \u2013 ein Instrument, das nicht nur durch sein Aussehen, sondern auch durch seinen Klang besticht.<\/p>\n","protected":false},"featured_media":11303,"template":"","meta":{"_monsterinsights_skip_tracking":false,"_monsterinsights_sitenote_active":false,"_monsterinsights_sitenote_note":"","_monsterinsights_sitenote_category":0,"_uf_show_specific_survey":0,"_uf_disable_surveys":false,"_kadence_starter_templates_imported_post":false,"_kad_post_transparent":"default","_kad_post_title":"","_kad_post_layout":"default","_kad_post_sidebar_id":"","_kad_post_content_style":"default","_kad_post_vertical_padding":"default","_kad_post_feature":"","_kad_post_feature_position":"","_kad_post_header":false,"_kad_post_footer":false,"_kad_post_classname":""},"product_brand":[],"product_cat":[207,203],"product_tag":[],"class_list":{"0":"post-11283","1":"product","2":"type-product","3":"status-publish","4":"has-post-thumbnail","6":"product_cat-e-gitarren","7":"product_cat-gitarren","9":"first","10":"outofstock","11":"shipping-taxable","12":"product-type-simple","13":"entry","14":"content-bg","15":"loop-entry"},"jetpack_sharing_enabled":true,"_links":{"self":[{"href":"https:\/\/guitar2amp.de\/index.php\/wp-json\/wp\/v2\/product\/11283","targetHints":{"allow":["GET"]}}],"collection":[{"href":"https:\/\/guitar2amp.de\/index.php\/wp-json\/wp\/v2\/product"}],"about":[{"href":"https:\/\/guitar2amp.de\/index.php\/wp-json\/wp\/v2\/types\/product"}],"wp:featuredmedia":[{"embeddable":true,"href":"https:\/\/guitar2amp.de\/index.php\/wp-json\/wp\/v2\/media\/11303"}],"wp:attachment":[{"href":"https:\/\/guitar2amp.de\/index.php\/wp-json\/wp\/v2\/media?parent=11283"}],"wp:term":[{"taxonomy":"product_brand","embeddable":true,"href":"https:\/\/guitar2amp.de\/index.php\/wp-json\/wp\/v2\/product_brand?post=11283"},{"taxonomy":"product_cat","embeddable":true,"href":"https:\/\/guitar2amp.de\/index.php\/wp-json\/wp\/v2\/product_cat?post=11283"},{"taxonomy":"product_tag","embeddable":true,"href":"https:\/\/guitar2amp.de\/index.php\/wp-json\/wp\/v2\/product_tag?post=11283"}],"curies":[{"name":"wp","href":"https:\/\/api.w.org\/{rel}","templated":true}]}}