{"id":11305,"date":"2024-11-04T17:55:31","date_gmt":"2024-11-04T16:55:31","guid":{"rendered":"https:\/\/guitar2amp.de\/?post_type=product&#038;p=11305"},"modified":"2025-05-25T23:00:50","modified_gmt":"2025-05-25T21:00:50","slug":"1992-tom-anderson-drop-top-orange-3","status":"publish","type":"product","link":"https:\/\/guitar2amp.de\/index.php\/pl\/product\/1992-tom-anderson-drop-top-orange-3\/","title":{"rendered":"1992 Tom Anderson Drop Top Orange"},"content":{"rendered":"<p>Tom Anderson Drop Top z 1992 roku.<\/p>\n<p>Gitara Tom Anderson Drop Top w unikalnym kolorze 6120 Orange z dopasowanym naturalnym bindingiem, to absolutny klasyk w \u015bwiecie high-endowych gitar. Wykonana z najlepszych materia\u0142\u00f3w i perfekcyjnie wyko\u0144czona w \u015bwietnym okresie dla marki \u2013 to instrument, kt\u00f3ry wyr\u00f3\u017cnia si\u0119 nie tylko wygl\u0105dem, ale i brzmieniem.<\/p>\n<p>Specyfikacja:<br \/>\nModel: Drop Top<br \/>\nSkala: 25,5 cala (klasyczna skala Fendera)<br \/>\nKorpus: klon falisty na swamp ash (jesion bagienny)<br \/>\nWyko\u0144czenie korpusu: 6120 &#8211; Orange z naturalnym bindingiem<br \/>\nGryf: Klon &#8220;Hard Rock&#8221; ci\u0119ty quatersawn z podstrunnic\u0105 z palisandru, satynowe wyko\u0144czenie ty\u0142u i dopasowany kolor g\u0142\u00f3wki<br \/>\nKszta\u0142t gryfu: Profil wygodny do szybkiej gry &#8211; even taper<br \/>\nSzeroko\u015b\u0107 siode\u0142ka: 1 11\/16 cala<br \/>\nProgi: Heavy &#8211; nowe stalowe<br \/>\nKolor osprz\u0119tu: Czarny<br \/>\nMostek: Sunken Kahler Steeler (stabilny i p\u0142ynny system tremolo)<br \/>\nPrzetworniki: SK1R (neck), SK1 (middle), H2+ (bridge) \u2013 konfiguracja umo\u017cliwiaj\u0105ca szerok\u0105 palet\u0119 brzmie\u0144<br \/>\nPrze\u0142\u0105czanie: Switcheroo \u2013 system daj\u0105cy wyj\u0105tkowe mo\u017cliwo\u015bci modyfikacji d\u017awi\u0119ku<\/p>\n<p>Dlaczego warto?<br \/>\nTo model z 1992 roku \u2013 epoki, kiedy Tom Anderson osobi\u015bcie nadzorowa\u0142 produkcj\u0119 tych wybitnych gitar, znanych z najwy\u017cszej jako\u015bci d\u017awi\u0119ku i wykonania. Wyj\u0105tkowy system przetwornik\u00f3w i wszechstronny mostek Kahler sprawiaj\u0105, \u017ce ta gitara sprawdzi si\u0119 doskonale w ka\u017cdym stylu muzycznym \u2013 od bluesa, przez rock, a\u017c po metal. Mamy sentyment do tej marki, szczeg\u00f3lnie wczesnych wypust\u00f3w, mieli\u015bmy u siebie ju\u017c kilkana\u015bcie sztuk z lat 90 i wszystkie by\u0142y niesamowite. Podobnie jest w tym przypadku. Zapraszam do showroomu w Poznaniu na testy.<\/p>\n<p>Stan techniczny \u2013 bardzo dobry, bez \u017cadnych powa\u017cnych uszkodze\u0144. Posiada normalne \u015blady u\u017cytkowania, gitara by\u0142a intensywnie grana przez lata, ale bardzo dbana oraz regularnie serwisowana. Poprzedni w\u0142a\u015bciciel zmieni\u0142 hardware na czarny, oryginalne klucze, ga\u0142ki oraz straplocki w kolorze chrome s\u0105 w zestawie. W zestawie r\u00f3wnie\u017c case, posiadaj\u0105cy znaczne \u015blady u\u017cytkowania, ale zabezpieczaj\u0105cy instrument.<\/p>\n","protected":false},"excerpt":{"rendered":"<p>om Anderson Drop Top z 1992 roku.<\/p>\n<p>Gitara Tom Anderson Drop Top w unikalnym kolorze 6120 Orange z dopasowanym naturalnym bindingiem, to absolutny klasyk w \u015bwiecie high-endowych gitar. Wykonana z najlepszych materia\u0142\u00f3w i perfekcyjnie wyko\u0144czona w \u015bwietnym okresie dla marki \u2013 to instrument, kt\u00f3ry wyr\u00f3\u017cnia si\u0119 nie tylko wygl\u0105dem, ale i brzmieniem.<\/p>\n","protected":false},"featured_media":11306,"template":"","meta":{"_monsterinsights_skip_tracking":false,"_monsterinsights_sitenote_active":false,"_monsterinsights_sitenote_note":"","_monsterinsights_sitenote_category":0,"_uf_show_specific_survey":0,"_uf_disable_surveys":false,"_kadence_starter_templates_imported_post":false,"_kad_post_transparent":"default","_kad_post_title":"","_kad_post_layout":"default","_kad_post_sidebar_id":"","_kad_post_content_style":"default","_kad_post_vertical_padding":"default","_kad_post_feature":"","_kad_post_feature_position":"","_kad_post_header":false,"_kad_post_footer":false,"_kad_post_classname":""},"product_brand":[],"product_cat":[3265,3261],"product_tag":[],"class_list":{"0":"post-11305","1":"product","2":"type-product","3":"status-publish","4":"has-post-thumbnail","6":"product_cat-elektryczne-pl","7":"product_cat-gitary","9":"first","10":"outofstock","11":"shipping-taxable","12":"product-type-simple","13":"entry","14":"content-bg","15":"loop-entry"},"jetpack_sharing_enabled":true,"_links":{"self":[{"href":"https:\/\/guitar2amp.de\/index.php\/wp-json\/wp\/v2\/product\/11305","targetHints":{"allow":["GET"]}}],"collection":[{"href":"https:\/\/guitar2amp.de\/index.php\/wp-json\/wp\/v2\/product"}],"about":[{"href":"https:\/\/guitar2amp.de\/index.php\/wp-json\/wp\/v2\/types\/product"}],"wp:featuredmedia":[{"embeddable":true,"href":"https:\/\/guitar2amp.de\/index.php\/wp-json\/wp\/v2\/media\/11306"}],"wp:attachment":[{"href":"https:\/\/guitar2amp.de\/index.php\/wp-json\/wp\/v2\/media?parent=11305"}],"wp:term":[{"taxonomy":"product_brand","embeddable":true,"href":"https:\/\/guitar2amp.de\/index.php\/wp-json\/wp\/v2\/product_brand?post=11305"},{"taxonomy":"product_cat","embeddable":true,"href":"https:\/\/guitar2amp.de\/index.php\/wp-json\/wp\/v2\/product_cat?post=11305"},{"taxonomy":"product_tag","embeddable":true,"href":"https:\/\/guitar2amp.de\/index.php\/wp-json\/wp\/v2\/product_tag?post=11305"}],"curies":[{"name":"wp","href":"https:\/\/api.w.org\/{rel}","templated":true}]}}