{"id":11911,"date":"2025-01-16T13:58:17","date_gmt":"2025-01-16T12:58:17","guid":{"rendered":"https:\/\/guitar2amp.de\/?post_type=product&#038;p=11911"},"modified":"2026-04-21T16:37:18","modified_gmt":"2026-04-21T14:37:18","slug":"skg-custom-satisfaction-tele-2","status":"publish","type":"product","link":"https:\/\/guitar2amp.de\/index.php\/de\/product\/skg-custom-satisfaction-tele-2\/","title":{"rendered":"SKG Custom &#8220;Satisfaction&#8221; T Style"},"content":{"rendered":"<p><strong>SKG Custom Satisfaction &#8211; Aged Shell Pink<\/strong><\/p>\n<p>Erleben Sie die Kunstfertigkeit von SKG Custom mit dem Satisfaction-Modell \u2013 einer au\u00dfergew\u00f6hnlichen Custom-Shop-Gitarre, die speziell f\u00fcr anspruchsvolle Musiker entwickelt wurde, die au\u00dfergew\u00f6hnlichen Klang und h\u00f6chste Qualit\u00e4t verlangen.<\/p>\n<p><strong>Wichtige Merkmale:<\/strong><\/p>\n<ul>\n<li><strong>Modell:<\/strong> Satisfaction<\/li>\n<li><strong>Seriennummer:<\/strong> 0219<\/li>\n<li><strong>Korpus:<\/strong> Roasted Mimosa \u2013 leichtes und resonantes Holz mit herausragenden Klangeigenschaften<\/li>\n<li><strong>Hals:<\/strong> Ahorn \u2013 robust und glatt f\u00fcr m\u00fcheloses Spiel<\/li>\n<li><strong>Griffbrett:<\/strong> Veneer Palisander \u2013 elegant und reaktionsschnell<\/li>\n<li><strong>Finish:<\/strong> Aged Shell Pink \u2013 ein auff\u00e4lliges, von Vintage inspiriertes Design mit authentischem gealterten Look<\/li>\n<li><strong>Mensur:<\/strong> 25.5\u201d \u2013 klassische L\u00e4nge f\u00fcr vielseitige Spielstile<\/li>\n<li><strong>Halsprofil:<\/strong> &#8217;64 Medium D \u2013 eine bequeme Form f\u00fcr alle Spielertypen<\/li>\n<li><strong>Griffbrettradius:<\/strong> Compound (7.25\u201d &#8211; 9.5\u201d) \u2013 perfekt f\u00fcr Akkorde und Soli<\/li>\n<li><strong>B\u00fcnde:<\/strong> Vintage Tall \u2013 pr\u00e4zise und angenehm unter den Fingern<\/li>\n<li><strong>Sattel:<\/strong> Knochen \u2013 sorgt f\u00fcr nat\u00fcrlichen Sustain und klaren Klang<\/li>\n<li><strong>Mechaniken:<\/strong> Kluson \u2013 garantiert pr\u00e4zises und stabiles Tuning<\/li>\n<li><strong>Steg:<\/strong> Joe Barden Aged Nickel \u2013 klassisches Design mit zuverl\u00e4ssiger Performance<\/li>\n<li><strong>Tonabnehmer:<\/strong> Handgewickelte SKG Custom Vintage Alnico V\n<ul>\n<li><strong>Hals-Pickup Ausgang:<\/strong> 6.9k<\/li>\n<li><strong>Steg-Pickup Ausgang:<\/strong> 6.9k<\/li>\n<\/ul>\n<\/li>\n<\/ul>\n<p><strong>\u00dcber SKG Custom<\/strong><br \/>\nSKG Custom-Gitarren sind bekannt f\u00fcr ihren einzigartigen Charakter, ihre makellose Handwerkskunst und ihre herausragende Klangqualit\u00e4t. Jede Gitarre wird mit gro\u00dfer Liebe zum Detail handgefertigt und verbindet traditionelle Techniken mit moderner Innovation. SKG Custom-Gitarren sind darauf ausgelegt, die spezifischen Bed\u00fcrfnisse und Vorlieben jedes Spielers zu erf\u00fcllen und ein unvergleichliches Spielerlebnis zu bieten.<\/p>\n<p><strong>Warum Guitar2Amp?<\/strong><br \/>\nAls offizieller Vertriebspartner von SKG Custom in Polen und Deutschland bietet Guitar2Amp exklusiven Zugang zu diesen au\u00dfergew\u00f6hnlichen Instrumenten. Wir bieten fachkundige Beratung, eine breite Auswahl an Modellen, individuelle Anpassungsm\u00f6glichkeiten sowie professionellen Service und Unterst\u00fctzung bei Modifikationen.<\/p>\n<p>Bestellen Sie jetzt und entdecken Sie die Gitarre, die perfekt Ihren Stil und Ihre Leidenschaft f\u00fcr Musik widerspiegelt!<\/p>\n","protected":false},"excerpt":{"rendered":"<p><strong>SKG Custom Satisfaction &#8211; Aged Shell Pink<\/strong><\/p>\n<p>Erleben Sie die Kunstfertigkeit von SKG Custom mit dem Satisfaction-Modell \u2013 einer au\u00dfergew\u00f6hnlichen Custom-Shop-Gitarre, die speziell f\u00fcr anspruchsvolle Musiker entwickelt wurde, die au\u00dfergew\u00f6hnlichen Klang und h\u00f6chste Qualit\u00e4t verlangen.<\/p>\n","protected":false},"featured_media":11912,"template":"","meta":{"_monsterinsights_skip_tracking":false,"_monsterinsights_sitenote_active":false,"_monsterinsights_sitenote_note":"","_monsterinsights_sitenote_category":0,"_uf_show_specific_survey":0,"_uf_disable_surveys":false,"_kadence_starter_templates_imported_post":false,"_kad_post_transparent":"default","_kad_post_title":"","_kad_post_layout":"default","_kad_post_sidebar_id":"","_kad_post_content_style":"default","_kad_post_vertical_padding":"default","_kad_post_feature":"","_kad_post_feature_position":"","_kad_post_header":false,"_kad_post_footer":false,"_kad_post_classname":""},"product_brand":[],"product_cat":[207,203,4271],"product_tag":[],"class_list":{"0":"post-11911","1":"product","2":"type-product","3":"status-publish","4":"has-post-thumbnail","6":"product_cat-e-gitarren","7":"product_cat-gitarren","8":"product_cat-skg-de","10":"first","11":"outofstock","12":"shipping-taxable","13":"purchasable","14":"product-type-simple","15":"entry","16":"content-bg","17":"loop-entry"},"jetpack_sharing_enabled":true,"_links":{"self":[{"href":"https:\/\/guitar2amp.de\/index.php\/wp-json\/wp\/v2\/product\/11911","targetHints":{"allow":["GET"]}}],"collection":[{"href":"https:\/\/guitar2amp.de\/index.php\/wp-json\/wp\/v2\/product"}],"about":[{"href":"https:\/\/guitar2amp.de\/index.php\/wp-json\/wp\/v2\/types\/product"}],"wp:featuredmedia":[{"embeddable":true,"href":"https:\/\/guitar2amp.de\/index.php\/wp-json\/wp\/v2\/media\/11912"}],"wp:attachment":[{"href":"https:\/\/guitar2amp.de\/index.php\/wp-json\/wp\/v2\/media?parent=11911"}],"wp:term":[{"taxonomy":"product_brand","embeddable":true,"href":"https:\/\/guitar2amp.de\/index.php\/wp-json\/wp\/v2\/product_brand?post=11911"},{"taxonomy":"product_cat","embeddable":true,"href":"https:\/\/guitar2amp.de\/index.php\/wp-json\/wp\/v2\/product_cat?post=11911"},{"taxonomy":"product_tag","embeddable":true,"href":"https:\/\/guitar2amp.de\/index.php\/wp-json\/wp\/v2\/product_tag?post=11911"}],"curies":[{"name":"wp","href":"https:\/\/api.w.org\/{rel}","templated":true}]}}