{"id":12208,"date":"2025-01-20T15:00:55","date_gmt":"2025-01-20T14:00:55","guid":{"rendered":"https:\/\/guitar2amp.de\/?post_type=product&#038;p=12208"},"modified":"2025-03-03T19:14:05","modified_gmt":"2025-03-03T18:14:05","slug":"2000-martin-000c-16gte-3","status":"publish","type":"product","link":"https:\/\/guitar2amp.de\/index.php\/pl\/product\/2000-martin-000c-16gte-3\/","title":{"rendered":"2000 Martin 000C 16GTE"},"content":{"rendered":"<p><strong>Martin 000C 16GTE Gloss Top (2000)<\/strong><\/p>\n<p><strong>Martin 000C 16GTE Gloss Top<\/strong> to wyj\u0105tkowa elektroakustyczna gitara z 2000 roku. Ten klasyczny model \u0142\u0105czy tradycyjne rzemios\u0142o i najwy\u017cszej jako\u015bci materia\u0142y marki Martin z nowoczesnym systemem nag\u0142o\u015bnieniowym, dzi\u0119ki czemu \u015bwietnie sprawdza si\u0119 zar\u00f3wno w studio, jak i na scenie.<\/p>\n<hr \/>\n<h3><strong>Specyfikacja<\/strong><\/h3>\n<ul>\n<li><strong>Korpus<\/strong>: Typ 000 z wyci\u0119ciem (cutaway) \u2013 zapewnia wygodny dost\u0119p do wy\u017cszych prog\u00f3w.<\/li>\n<li><strong>Ty\u0142 i boki<\/strong>: Maho\u0144 \u2013 ciep\u0142e, pe\u0142ne brzmienie z wyra\u017anymi \u015brednicami.<\/li>\n<li><strong>Top<\/strong>: \u015awierk Sitka \u2013 doskona\u0142a projekcja d\u017awi\u0119ku i klarowno\u015b\u0107.<\/li>\n<li><strong>Podstrunnica i mostek<\/strong>: Palisander \u2013 wygoda gry i zr\u00f3wnowa\u017cony ton.<\/li>\n<li><strong>Elektronika<\/strong>: Piezo pickup i system Fishman Prefix Pro \u2013 zapewniaj\u0105 szerokie mo\u017cliwo\u015bci regulacji i naturalne brzmienie akustyczne.<\/li>\n<li><strong>Wyko\u0144czenie<\/strong>: Po\u0142ysk na topie \u2013 klasyczny i elegancki wygl\u0105d.<\/li>\n<\/ul>\n<hr \/>\n<h3><strong>Stan<\/strong><\/h3>\n<p>Gitara jest w <strong>bardzo dobrym stanie<\/strong>, z minimalnymi \u015bladami u\u017cytkowania, kt\u00f3re nie wp\u0142ywaj\u0105 na funkcjonalno\u015b\u0107 ani brzmienie instrumentu.<\/p>\n<hr \/>\n<h3><strong>Dodatkowe informacje<\/strong><\/h3>\n<ul>\n<li>Instrument by\u0142 g\u0142\u00f3wnie u\u017cywany w studio, co zapewni\u0142o jego doskona\u0142y stan.<\/li>\n<li>Sprzedawany z oryginalnym twardym futera\u0142em marki Martin, kt\u00f3ry gwarantuje pe\u0142n\u0105 ochron\u0119.<\/li>\n<\/ul>\n<hr \/>\n<h3><strong>Dlaczego warto?<\/strong><\/h3>\n<p>Martin 000C 16GTE to doskona\u0142y wyb\u00f3r dla muzyk\u00f3w szukaj\u0105cych wyj\u0105tkowego brzmienia akustycznego i niezawodnego systemu nag\u0142o\u015bnieniowego. Gitara oferuje naturalne, bogate brzmienie, kt\u00f3re \u015bwietnie sprawdzi si\u0119 zar\u00f3wno podczas nagra\u0144, jak i wyst\u0119p\u00f3w na \u017cywo.<\/p>\n","protected":false},"excerpt":{"rendered":"<h2><span style=\"color: #ff0000;\"><strong>OUT\u00a0OF\u00a0STOCK<\/strong><\/span><\/h2>\n<p><strong>Martin 000C 16GTE Gloss Top (2000)<\/strong><\/p>\n<p><strong>Martin 000C 16GTE Gloss Top<\/strong> to wyj\u0105tkowa elektroakustyczna gitara z 2000 roku. Ten klasyczny model \u0142\u0105czy tradycyjne rzemios\u0142o i najwy\u017cszej jako\u015bci materia\u0142y marki Martin z nowoczesnym systemem nag\u0142o\u015bnieniowym, dzi\u0119ki czemu \u015bwietnie sprawdza si\u0119 zar\u00f3wno w studio, jak i na scenie.<\/p>\n","protected":false},"featured_media":12209,"template":"","meta":{"_monsterinsights_skip_tracking":false,"_monsterinsights_sitenote_active":false,"_monsterinsights_sitenote_note":"","_monsterinsights_sitenote_category":0,"_uf_show_specific_survey":0,"_uf_disable_surveys":false,"_kadence_starter_templates_imported_post":false,"_kad_post_transparent":"default","_kad_post_title":"","_kad_post_layout":"default","_kad_post_sidebar_id":"","_kad_post_content_style":"default","_kad_post_vertical_padding":"default","_kad_post_feature":"","_kad_post_feature_position":"","_kad_post_header":false,"_kad_post_footer":false,"_kad_post_classname":""},"product_brand":[],"product_cat":[3636],"product_tag":[],"class_list":{"0":"post-12208","1":"product","2":"type-product","3":"status-publish","4":"has-post-thumbnail","6":"product_cat-archiwum","8":"first","9":"outofstock","10":"shipping-taxable","11":"product-type-simple","12":"entry","13":"content-bg","14":"loop-entry"},"jetpack_sharing_enabled":true,"_links":{"self":[{"href":"https:\/\/guitar2amp.de\/index.php\/wp-json\/wp\/v2\/product\/12208","targetHints":{"allow":["GET"]}}],"collection":[{"href":"https:\/\/guitar2amp.de\/index.php\/wp-json\/wp\/v2\/product"}],"about":[{"href":"https:\/\/guitar2amp.de\/index.php\/wp-json\/wp\/v2\/types\/product"}],"wp:featuredmedia":[{"embeddable":true,"href":"https:\/\/guitar2amp.de\/index.php\/wp-json\/wp\/v2\/media\/12209"}],"wp:attachment":[{"href":"https:\/\/guitar2amp.de\/index.php\/wp-json\/wp\/v2\/media?parent=12208"}],"wp:term":[{"taxonomy":"product_brand","embeddable":true,"href":"https:\/\/guitar2amp.de\/index.php\/wp-json\/wp\/v2\/product_brand?post=12208"},{"taxonomy":"product_cat","embeddable":true,"href":"https:\/\/guitar2amp.de\/index.php\/wp-json\/wp\/v2\/product_cat?post=12208"},{"taxonomy":"product_tag","embeddable":true,"href":"https:\/\/guitar2amp.de\/index.php\/wp-json\/wp\/v2\/product_tag?post=12208"}],"curies":[{"name":"wp","href":"https:\/\/api.w.org\/{rel}","templated":true}]}}