{"id":12586,"date":"2025-03-07T18:39:45","date_gmt":"2025-03-07T17:39:45","guid":{"rendered":"https:\/\/guitar2amp.de\/?post_type=product&#038;p=12586"},"modified":"2025-03-27T11:27:21","modified_gmt":"2025-03-27T10:27:21","slug":"2007-fender-custom-shop-52-telecaster-limited-edition-3","status":"publish","type":"product","link":"https:\/\/guitar2amp.de\/index.php\/pl\/product\/2007-fender-custom-shop-52-telecaster-limited-edition-3\/","title":{"rendered":"2007 Fender Custom Shop &#8216; 52 Telecaster Limited Edition"},"content":{"rendered":"<h3 data-start=\"0\" data-end=\"91\"><strong data-start=\"4\" data-end=\"89\">2007 Fender Custom Shop &#8217;52 Telecaster Limited Edition \u2013 w stylu Keitha Richardsa<\/strong><\/h3>\n<p data-start=\"93\" data-end=\"149\">\ud83d\ude80 <strong data-start=\"96\" data-end=\"147\">Czy to Telecaster, czy tajna bro\u0144 rock\u2019n\u2019rolla?<\/strong><\/p>\n<p data-start=\"151\" data-end=\"458\">U nas w <strong data-start=\"159\" data-end=\"173\">Guitar2Amp<\/strong> mamy dla Ciebie prawdziwy rarytas \u2013 <strong data-start=\"210\" data-end=\"275\">Fender Custom Shop &#8217;52 Telecaster Limited Edition z 2007 roku<\/strong>, model inspirowany brzmieniem samego <strong data-start=\"313\" data-end=\"333\">Keitha Richardsa<\/strong>. Je\u015bli marzy Ci si\u0119 gitara, kt\u00f3ra nie tylko wygl\u0105da, ale i brzmi jak \u017cywcem wyj\u0119ta z wielkich scen rocka \u2013 to w\u0142a\u015bnie ona.<\/p>\n<p data-start=\"460\" data-end=\"700\">Z przetwornikiem <strong data-start=\"477\" data-end=\"505\">humbucker w pozycji neck<\/strong> i klasycznym single-coilem na bridge, masz pe\u0142en wachlarz brzmie\u0144 \u2013 od ciep\u0142ego bluesowego mruczenia, a\u017c po prawdziwy telecasterowy <strong data-start=\"638\" data-end=\"697\">Twang\u2122, kt\u00f3ry mo\u017ce obudzi\u0107 s\u0105siad\u00f3w na trzy ulice dalej<\/strong>.<\/p>\n<p data-start=\"702\" data-end=\"900\">Dzi\u0119ki <strong data-start=\"709\" data-end=\"731\">Heavy Relic finish<\/strong> wygl\u0105da i <strong data-start=\"742\" data-end=\"783\">czuje si\u0119 jak stary, dobry przyjaciel<\/strong>, kt\u00f3ry przeszed\u0142 razem z Tob\u0105 kilka dekad koncertowania&#8230; nawet je\u015bli sp\u0119dzi\u0142 ten czas w klimatyzowanym futerale.<\/p>\n<h3 data-start=\"907\" data-end=\"964\"><strong data-start=\"911\" data-end=\"962\">Specyfikacja \u2013 bo diabe\u0142 tkwi w szczeg\u00f3\u0142ach:<\/strong><\/h3>\n<h4 data-start=\"966\" data-end=\"1010\"><strong data-start=\"971\" data-end=\"1008\">Korpus, kt\u00f3ry oddycha vintage\u2019em:<\/strong><\/h4>\n<ul data-start=\"1011\" data-end=\"1399\">\n<li data-start=\"1011\" data-end=\"1097\"><strong data-start=\"1013\" data-end=\"1024\">Drewno:<\/strong> Jesion (Ash) \u2013 zapewnia klasyczny rezonans i ten &#8220;dzwonek&#8221; w brzmieniu<\/li>\n<li data-start=\"1098\" data-end=\"1238\"><strong data-start=\"1100\" data-end=\"1116\">Wyko\u0144czenie:<\/strong> <strong data-start=\"1117\" data-end=\"1136\">Nocaster Blonde<\/strong>, <strong data-start=\"1138\" data-end=\"1183\">Nitrocellulose Lacquer (LAC), Heavy Relic<\/strong> \u2013 czyli wygl\u0105da, jakby ju\u017c objecha\u0142 \u015bwiat kilka razy<\/li>\n<li data-start=\"1239\" data-end=\"1338\"><strong data-start=\"1241\" data-end=\"1252\">Mostek:<\/strong> <strong data-start=\"1253\" data-end=\"1279\">Vintage Nocaster Relic<\/strong> z <strong data-start=\"1282\" data-end=\"1315\">51 Vintage Tele Relic Saddles<\/strong> \u2013 klasyka pe\u0142n\u0105 g\u0119b\u0105<\/li>\n<li data-start=\"1339\" data-end=\"1399\"><strong data-start=\"1341\" data-end=\"1355\">Pickguard:<\/strong> 51 Nocaster Relic \u2013 bo styl te\u017c si\u0119 liczy<\/li>\n<\/ul>\n<h4 data-start=\"1401\" data-end=\"1449\"><strong data-start=\"1406\" data-end=\"1447\">Gryf, kt\u00f3ry si\u0119 nie boi Twojej d\u0142oni:<\/strong><\/h4>\n<ul data-start=\"1450\" data-end=\"1959\">\n<li data-start=\"1450\" data-end=\"1528\"><strong data-start=\"1452\" data-end=\"1463\">Profil:<\/strong> <strong data-start=\"1464\" data-end=\"1475\">FAT \u201eU\u201d<\/strong> \u2013 gruby, solidny, jak telewizyjne piloty z lat 90.<\/li>\n<li data-start=\"1529\" data-end=\"1601\"><strong data-start=\"1531\" data-end=\"1542\">Drewno:<\/strong> <strong data-start=\"1543\" data-end=\"1574\">Jednocz\u0119\u015bciowy klon (Maple)<\/strong> \u2013 czyli trwa\u0142o\u015b\u0107 na lata<\/li>\n<li data-start=\"1602\" data-end=\"1671\"><strong data-start=\"1604\" data-end=\"1615\">Radius:<\/strong> <strong data-start=\"1616\" data-end=\"1624\">9.5&#8243;<\/strong> \u2013 \u015bwietny balans mi\u0119dzy komfortem a precyzj\u0105<\/li>\n<li data-start=\"1672\" data-end=\"1762\"><strong data-start=\"1674\" data-end=\"1684\">Progi:<\/strong> <strong data-start=\"1685\" data-end=\"1699\">Sanko 6105<\/strong> \u2013 bo czasem warto mie\u0107 troch\u0119 wi\u0119cej przestrzeni na bending<\/li>\n<\/ul>\n<h4 data-start=\"1961\" data-end=\"2007\"><strong data-start=\"1966\" data-end=\"2005\">Elektronika \u2013 od mruczenia do ryku:<\/strong><\/h4>\n<ul data-start=\"2008\" data-end=\"2407\">\n<li data-start=\"2008\" data-end=\"2114\"><strong data-start=\"2010\" data-end=\"2026\">Neck Pickup:<\/strong> <strong data-start=\"2027\" data-end=\"2065\">Seymour Duncan Antiquity Humbucker<\/strong> \u2013 ciep\u0142y, t\u0142usty, a jak trzeba, to i agresywny<\/li>\n<li data-start=\"2115\" data-end=\"2251\"><strong data-start=\"2117\" data-end=\"2135\">Bridge Pickup:<\/strong> <strong data-start=\"2136\" data-end=\"2171\">Fender Texas Special Telecaster<\/strong> \u2013 jasny, klarowny, i z tym &#8220;gryzieniem&#8221;, kt\u00f3re ka\u017cdy Telecaster powinien mie\u0107<\/li>\n<li data-start=\"2252\" data-end=\"2330\"><strong data-start=\"2254\" data-end=\"2272\">Potencjometry:<\/strong> Master Volume, Master Tone, <strong data-start=\"2301\" data-end=\"2328\">3-pozycyjny prze\u0142\u0105cznik<\/strong><\/li>\n<li data-start=\"2331\" data-end=\"2407\"><strong data-start=\"2333\" data-end=\"2344\">Wiring:<\/strong> <strong data-start=\"2345\" data-end=\"2362\">Modern Wiring<\/strong> \u2013 dla tych, kt\u00f3rzy lubi\u0105 mie\u0107 wi\u0119cej opcji<\/li>\n<\/ul>\n<h4 data-start=\"2409\" data-end=\"2449\"><strong data-start=\"2414\" data-end=\"2447\">Dodatki, kt\u00f3re robi\u0105 r\u00f3\u017cnic\u0119:<\/strong><\/h4>\n<p data-start=\"2450\" data-end=\"2717\">\u2705 <strong data-start=\"2513\" data-end=\"2550\">Limitowana, grawerowana neckplate<\/strong><br data-start=\"2608\" data-end=\"2611\" \/>\u2705 <strong data-start=\"2613\" data-end=\"2715\">Oryginalny Fender Custom Shop Blonde Hard Case \u2013 bo gitara tej klasy nie mo\u017ce mieszka\u0107 w byle czym<\/strong><\/p>\n<hr data-start=\"2719\" data-end=\"2722\" \/>\n<h3 data-start=\"2724\" data-end=\"2742\"><strong data-start=\"2728\" data-end=\"2740\">Stan:<\/strong><\/h3>\n<p data-start=\"2743\" data-end=\"2815\"><strong data-start=\"2743\" data-end=\"2813\">Bardzo dobry \u2013 czyli wygl\u0105da jak weteran, ale dzia\u0142a jak m\u0142odziak.<\/strong><\/p>\n<p data-start=\"2817\" data-end=\"3062\">To gitara dla kogo\u015b, kto szuka <strong data-start=\"2848\" data-end=\"2889\">prawdziwego Telecastera z charakterem<\/strong> \u2013 troch\u0119 grunge, troch\u0119 blues, troch\u0119 rock\u2019n\u2019roll&#8230; <strong data-start=\"2943\" data-end=\"3060\">a je\u015bli dobrze si\u0119 ws\u0142uchasz, mo\u017cesz us\u0142ysze\u0107, jak mruczy \u201eJumpin\u2019 Jack Flash\u201d jeszcze zanim w\u0142\u0105czysz wzmacniacz.<\/strong><\/p>\n","protected":false},"excerpt":{"rendered":"<h2><span style=\"color: #ff0000;\"><strong>OUT\u00a0OF\u00a0STOCK<\/strong><\/span><\/h2>\n<p data-start=\"151\" data-end=\"458\">U nas w <strong data-start=\"159\" data-end=\"173\">Guitar2Amp<\/strong> mamy dla Ciebie prawdziwy rarytas \u2013 <strong data-start=\"210\" data-end=\"275\">Fender Custom Shop &#8217;52 Telecaster Limited Edition z 2007 roku<\/strong>, model inspirowany brzmieniem samego <strong data-start=\"313\" data-end=\"333\">Keitha Richardsa<\/strong>. Je\u015bli marzy Ci si\u0119 gitara, kt\u00f3ra nie tylko wygl\u0105da, ale i brzmi jak \u017cywcem wyj\u0119ta z wielkich scen rocka \u2013 to w\u0142a\u015bnie ona.<\/p>\n<p data-start=\"460\" data-end=\"700\">Z przetwornikiem <strong data-start=\"477\" data-end=\"505\">humbucker w pozycji neck<\/strong> i klasycznym single-coilem na bridge, masz pe\u0142en wachlarz brzmie\u0144 \u2013 od ciep\u0142ego bluesowego mruczenia, a\u017c po prawdziwy telecasterowy <strong data-start=\"638\" data-end=\"697\">Twang\u2122, kt\u00f3ry mo\u017ce obudzi\u0107 s\u0105siad\u00f3w na trzy ulice dalej<\/strong>.<\/p>\n<p data-start=\"702\" data-end=\"900\">Dzi\u0119ki <strong data-start=\"709\" data-end=\"731\">Heavy Relic finish<\/strong> wygl\u0105da i <strong data-start=\"742\" data-end=\"783\">czuje si\u0119 jak stary, dobry przyjaciel<\/strong>, kt\u00f3ry przeszed\u0142 razem z Tob\u0105 kilka dekad koncertowania&#8230; nawet je\u015bli sp\u0119dzi\u0142 ten czas w klimatyzowanym futerale.<\/p>\n","protected":false},"featured_media":12587,"template":"","meta":{"_monsterinsights_skip_tracking":false,"_monsterinsights_sitenote_active":false,"_monsterinsights_sitenote_note":"","_monsterinsights_sitenote_category":0,"_uf_show_specific_survey":0,"_uf_disable_surveys":false,"_kadence_starter_templates_imported_post":false,"_kad_post_transparent":"default","_kad_post_title":"","_kad_post_layout":"default","_kad_post_sidebar_id":"","_kad_post_content_style":"default","_kad_post_vertical_padding":"default","_kad_post_feature":"","_kad_post_feature_position":"","_kad_post_header":false,"_kad_post_footer":false,"_kad_post_classname":""},"product_brand":[],"product_cat":[3265,3261],"product_tag":[],"class_list":{"0":"post-12586","1":"product","2":"type-product","3":"status-publish","4":"has-post-thumbnail","6":"product_cat-elektryczne-pl","7":"product_cat-gitary","9":"first","10":"outofstock","11":"shipping-taxable","12":"product-type-simple","13":"entry","14":"content-bg","15":"loop-entry"},"jetpack_sharing_enabled":true,"_links":{"self":[{"href":"https:\/\/guitar2amp.de\/index.php\/wp-json\/wp\/v2\/product\/12586","targetHints":{"allow":["GET"]}}],"collection":[{"href":"https:\/\/guitar2amp.de\/index.php\/wp-json\/wp\/v2\/product"}],"about":[{"href":"https:\/\/guitar2amp.de\/index.php\/wp-json\/wp\/v2\/types\/product"}],"wp:featuredmedia":[{"embeddable":true,"href":"https:\/\/guitar2amp.de\/index.php\/wp-json\/wp\/v2\/media\/12587"}],"wp:attachment":[{"href":"https:\/\/guitar2amp.de\/index.php\/wp-json\/wp\/v2\/media?parent=12586"}],"wp:term":[{"taxonomy":"product_brand","embeddable":true,"href":"https:\/\/guitar2amp.de\/index.php\/wp-json\/wp\/v2\/product_brand?post=12586"},{"taxonomy":"product_cat","embeddable":true,"href":"https:\/\/guitar2amp.de\/index.php\/wp-json\/wp\/v2\/product_cat?post=12586"},{"taxonomy":"product_tag","embeddable":true,"href":"https:\/\/guitar2amp.de\/index.php\/wp-json\/wp\/v2\/product_tag?post=12586"}],"curies":[{"name":"wp","href":"https:\/\/api.w.org\/{rel}","templated":true}]}}