{"id":12820,"date":"2025-03-27T12:00:53","date_gmt":"2025-03-27T11:00:53","guid":{"rendered":"https:\/\/guitar2amp.de\/?post_type=product&#038;p=12820"},"modified":"2025-12-15T09:13:33","modified_gmt":"2025-12-15T08:13:33","slug":"lsl-t-bone-era-fiesta-red-namm-limited-edition-2","status":"publish","type":"product","link":"https:\/\/guitar2amp.de\/index.php\/pl\/product\/lsl-t-bone-era-fiesta-red-namm-limited-edition-2\/","title":{"rendered":"LsL T Bone ERA Fiesta Red NAMM Limited Edition"},"content":{"rendered":"<h3 class=\"\" data-start=\"202\" data-end=\"277\"><strong data-start=\"211\" data-end=\"277\">LsL Instruments T Bone ERA \u2013 Edycja NAMM \u2013 1 z 15 \u2013 Fiesta Red<\/strong><\/h3>\n<p class=\"\" data-start=\"279\" data-end=\"593\">Unikatowy egzemplarz przygotowany specjalnie na <strong data-start=\"327\" data-end=\"345\">NAMM Show 2024<\/strong> \u2013 <strong data-start=\"348\" data-end=\"388\">jeden z zaledwie 15 sztuk na \u015bwiecie<\/strong>. Gitara <strong data-start=\"397\" data-end=\"415\">LsL T Bone ERA<\/strong> z numerem seryjnym <strong data-start=\"435\" data-end=\"444\">#8227<\/strong>, w klasycznym wyko\u0144czeniu <strong data-start=\"471\" data-end=\"485\">Fiesta Red<\/strong> z kremowym pickguardem i lekkim agingiem. R\u0119cznie wykonana w Kalifornii przez lutnik\u00f3w <strong data-start=\"573\" data-end=\"592\">LsL Instruments<\/strong>.<\/p>\n<hr class=\"\" data-start=\"595\" data-end=\"598\" \/>\n<h4 class=\"\" data-start=\"600\" data-end=\"622\"><strong data-start=\"605\" data-end=\"620\">O serii ERA<\/strong><\/h4>\n<p class=\"\" data-start=\"623\" data-end=\"948\">Seria <strong data-start=\"629\" data-end=\"636\">ERA<\/strong> to linia produkcyjna LsL, kt\u00f3ra \u0142\u0105czy butikow\u0105 jako\u015b\u0107 z przyst\u0119pniejsz\u0105 cen\u0105. Wykonywane z tych samych materia\u0142\u00f3w co modele Custom, gitary z tej serii oferuj\u0105 <strong data-start=\"796\" data-end=\"833\">brzmienie i feeling lat 50. i 60.<\/strong> z nowoczesn\u0105 niezawodno\u015bci\u0105. Ka\u017cdy egzemplarz jest r\u0119cznie formowany, lakierowany i sprawdzany przez lutnik\u00f3w LsL.<\/p>\n<hr class=\"\" data-start=\"950\" data-end=\"953\" \/>\n<h3 class=\"\" data-start=\"955\" data-end=\"976\"><strong data-start=\"959\" data-end=\"976\">Specyfikacja:<\/strong><\/h3>\n<ul data-start=\"977\" data-end=\"1592\">\n<li class=\"\" data-start=\"977\" data-end=\"1014\">\n<p class=\"\" data-start=\"979\" data-end=\"1014\"><strong data-start=\"979\" data-end=\"989\">Model:<\/strong> T Bone ERA SS \u2013 FR-ERA<\/p>\n<\/li>\n<li class=\"\" data-start=\"1015\" data-end=\"1043\">\n<p class=\"\" data-start=\"1017\" data-end=\"1043\"><strong data-start=\"1017\" data-end=\"1028\">Korpus:<\/strong> Roasted Pine<\/p>\n<\/li>\n<li class=\"\" data-start=\"1044\" data-end=\"1100\">\n<p class=\"\" data-start=\"1046\" data-end=\"1100\"><strong data-start=\"1046\" data-end=\"1056\">Kolor:<\/strong> Fiesta Red (nitro \u2013 ultra-cienka warstwa)<\/p>\n<\/li>\n<li class=\"\" data-start=\"1101\" data-end=\"1125\">\n<p class=\"\" data-start=\"1103\" data-end=\"1125\"><strong data-start=\"1103\" data-end=\"1117\">Pickguard:<\/strong> Cream<\/p>\n<\/li>\n<li class=\"\" data-start=\"1126\" data-end=\"1172\">\n<p class=\"\" data-start=\"1128\" data-end=\"1172\"><strong data-start=\"1128\" data-end=\"1139\">Szyjka:<\/strong> Roasted Maple, profil Medium C<\/p>\n<\/li>\n<li class=\"\" data-start=\"1173\" data-end=\"1247\">\n<p class=\"\" data-start=\"1175\" data-end=\"1247\"><strong data-start=\"1175\" data-end=\"1192\">Podstrunnica:<\/strong> Roasted Maple, radius 9.5\u201d, 21 prog\u00f3w (Medium Jumbo)<\/p>\n<\/li>\n<li class=\"\" data-start=\"1248\" data-end=\"1290\">\n<p class=\"\" data-start=\"1250\" data-end=\"1290\"><strong data-start=\"1250\" data-end=\"1282\">Wyko\u0144czenie szyjki i g\u0142\u00f3wki:<\/strong> Satin<\/p>\n<\/li>\n<li class=\"\" data-start=\"1291\" data-end=\"1340\">\n<p class=\"\" data-start=\"1293\" data-end=\"1340\"><strong data-start=\"1293\" data-end=\"1309\">Elektronika:<\/strong> VT \/ 3-pozycyjny prze\u0142\u0105cznik<\/p>\n<\/li>\n<li class=\"\" data-start=\"1341\" data-end=\"1392\">\n<p class=\"\" data-start=\"1343\" data-end=\"1392\"><strong data-start=\"1343\" data-end=\"1367\">Uk\u0142ad przetwornik\u00f3w:<\/strong> SS (Broadcaster-style)<\/p>\n<\/li>\n<li class=\"\" data-start=\"1393\" data-end=\"1481\">\n<p class=\"\" data-start=\"1395\" data-end=\"1481\"><strong data-start=\"1395\" data-end=\"1412\">Przetworniki:<\/strong> <strong data-start=\"1413\" data-end=\"1441\">Seymour Duncan Noiseless<\/strong> \u2013 klasyczne brzmienie Tele bez szum\u00f3w<\/p>\n<\/li>\n<li class=\"\" data-start=\"1482\" data-end=\"1541\">\n<p class=\"\" data-start=\"1484\" data-end=\"1541\"><strong data-start=\"1484\" data-end=\"1509\">Kolory przetwornik\u00f3w:<\/strong> Bridge \u2013 Chrome, Neck \u2013 Black<\/p>\n<\/li>\n<li class=\"\" data-start=\"1542\" data-end=\"1592\">\n<p class=\"\" data-start=\"1544\" data-end=\"1592\"><strong data-start=\"1544\" data-end=\"1556\">Osprz\u0119t:<\/strong> Chrome, styl Vintage, light aging<\/p>\n<\/li>\n<\/ul>\n<hr class=\"\" data-start=\"1594\" data-end=\"1597\" \/>\n<h3 class=\"\" data-start=\"1599\" data-end=\"1622\"><strong data-start=\"1603\" data-end=\"1622\">Dlaczego warto:<\/strong><\/h3>\n<ul data-start=\"1623\" data-end=\"1963\">\n<li class=\"\" data-start=\"1623\" data-end=\"1666\">\n<p class=\"\" data-start=\"1625\" data-end=\"1666\">Limitowana edycja NAMM \u2013 tylko 15 sztuk<\/p>\n<\/li>\n<li class=\"\" data-start=\"1667\" data-end=\"1738\">\n<p class=\"\" data-start=\"1669\" data-end=\"1738\">Brzmienie Broadcastera bez szum\u00f3w \u2013 dzi\u0119ki Seymour Duncan Noiseless<\/p>\n<\/li>\n<li class=\"\" data-start=\"1739\" data-end=\"1785\">\n<p class=\"\" data-start=\"1741\" data-end=\"1785\">Korpus z palonej sosny \u2013 lekki, rezonuj\u0105cy<\/p>\n<\/li>\n<li class=\"\" data-start=\"1786\" data-end=\"1851\">\n<p class=\"\" data-start=\"1788\" data-end=\"1851\">R\u0119cznie wykonana szyjka z palonego klonu \u2013 wygodna i stabilna<\/p>\n<\/li>\n<li class=\"\" data-start=\"1852\" data-end=\"1915\">\n<p class=\"\" data-start=\"1854\" data-end=\"1915\">Wyko\u0144czenie nitro \u2013 swobodna praca drewna i pe\u0142ne brzmienie<\/p>\n<\/li>\n<li class=\"\" data-start=\"1916\" data-end=\"1963\">\n<p class=\"\" data-start=\"1918\" data-end=\"1963\">Ka\u017cdy egzemplarz budowany i sygnowany r\u0119cznie<\/p>\n<\/li>\n<\/ul>\n<hr class=\"\" data-start=\"1965\" data-end=\"1968\" \/>\n<h3 class=\"\" data-start=\"1970\" data-end=\"1985\"><strong data-start=\"1974\" data-end=\"1983\">Stan:<\/strong><\/h3>\n<p class=\"\" data-start=\"1986\" data-end=\"2052\">Gitara nowa<\/p>\n<p class=\"\" data-start=\"2054\" data-end=\"2121\"><strong data-start=\"2054\" data-end=\"2121\">Dost\u0119pna w Guitar2Amp \u2013 wysy\u0142ka na terenie Polski i za granic\u0119.<\/strong><\/p>\n<hr class=\"\" data-start=\"2123\" data-end=\"2126\" \/>\n<h3 class=\"\" data-start=\"2128\" data-end=\"2197\"><strong data-start=\"2132\" data-end=\"2195\">Guitar2Amp \u2013 Oficjalny dystrybutor LsL Instruments w Polsce<\/strong><\/h3>\n<p class=\"\" data-start=\"2198\" data-end=\"2492\">Jeste\u015bmy dumni, \u017ce jako <strong data-start=\"2222\" data-end=\"2236\">Guitar2Amp<\/strong> jeste\u015bmy wy\u0142\u0105cznym przedstawicielem <strong data-start=\"2273\" data-end=\"2292\">LsL Instruments<\/strong> w Polsce. Oferujemy gotowe modele z serii ERA oraz mo\u017cliwo\u015b\u0107 <strong data-start=\"2354\" data-end=\"2382\">zam\u00f3wienia gitary custom<\/strong> \u2013 dok\u0142adnie wed\u0142ug Twoich potrzeb. Pomo\u017cemy dobra\u0107 drewno, osprz\u0119t, przetworniki, wyko\u0144czenie i poziom relic.<\/p>\n<p class=\"\" data-start=\"2494\" data-end=\"2558\">Poznaj butikow\u0105 jako\u015b\u0107 LsL \u2013 zapraszamy do kontaktu i odwiedzin!<\/p>\n","protected":false},"excerpt":{"rendered":"<h3 class=\"\" data-start=\"202\" data-end=\"277\"><strong data-start=\"211\" data-end=\"277\">LsL Instruments T Bone ERA \u2013 Edycja NAMM \u2013 1 z 15 \u2013 Fiesta Red<\/strong><\/h3>\n<p class=\"\" data-start=\"279\" data-end=\"593\">Unikatowy egzemplarz przygotowany specjalnie na <strong data-start=\"327\" data-end=\"345\">NAMM Show 2024<\/strong> \u2013 <strong data-start=\"348\" data-end=\"388\">jeden z zaledwie 15 sztuk na \u015bwiecie<\/strong>. Gitara <strong data-start=\"397\" data-end=\"415\">LsL T Bone ERA<\/strong> z numerem seryjnym <strong data-start=\"435\" data-end=\"444\">#8227<\/strong>, w klasycznym wyko\u0144czeniu <strong data-start=\"471\" data-end=\"485\">Fiesta Red<\/strong> z kremowym pickguardem i lekkim agingiem. R\u0119cznie wykonana w Kalifornii przez lutnik\u00f3w <strong data-start=\"573\" data-end=\"592\">LsL Instruments<\/strong>.<\/p>\n<p><a href=\"https:\/\/guitar2amp.de\/index.php\/pl\/lsl-instruments_pl\/\"><strong data-start=\"393\" data-end=\"437\">Zobacz wi\u0119cej gitar od LSL Instruments \u2192<\/strong><\/a><\/p>\n","protected":false},"featured_media":12821,"template":"","meta":{"_monsterinsights_skip_tracking":false,"_monsterinsights_sitenote_active":false,"_monsterinsights_sitenote_note":"","_monsterinsights_sitenote_category":0,"_uf_show_specific_survey":0,"_uf_disable_surveys":false,"_kadence_starter_templates_imported_post":false,"_kad_post_transparent":"default","_kad_post_title":"","_kad_post_layout":"default","_kad_post_sidebar_id":"","_kad_post_content_style":"default","_kad_post_vertical_padding":"default","_kad_post_feature":"","_kad_post_feature_position":"","_kad_post_header":false,"_kad_post_footer":false,"_kad_post_classname":""},"product_brand":[],"product_cat":[4277],"product_tag":[],"class_list":{"0":"post-12820","1":"product","2":"type-product","3":"status-publish","4":"has-post-thumbnail","6":"product_cat-lsl-instruments-pl","8":"first","9":"onbackorder","10":"shipping-taxable","11":"product-type-simple","12":"entry","13":"content-bg","14":"loop-entry"},"jetpack_sharing_enabled":true,"_links":{"self":[{"href":"https:\/\/guitar2amp.de\/index.php\/wp-json\/wp\/v2\/product\/12820","targetHints":{"allow":["GET"]}}],"collection":[{"href":"https:\/\/guitar2amp.de\/index.php\/wp-json\/wp\/v2\/product"}],"about":[{"href":"https:\/\/guitar2amp.de\/index.php\/wp-json\/wp\/v2\/types\/product"}],"wp:featuredmedia":[{"embeddable":true,"href":"https:\/\/guitar2amp.de\/index.php\/wp-json\/wp\/v2\/media\/12821"}],"wp:attachment":[{"href":"https:\/\/guitar2amp.de\/index.php\/wp-json\/wp\/v2\/media?parent=12820"}],"wp:term":[{"taxonomy":"product_brand","embeddable":true,"href":"https:\/\/guitar2amp.de\/index.php\/wp-json\/wp\/v2\/product_brand?post=12820"},{"taxonomy":"product_cat","embeddable":true,"href":"https:\/\/guitar2amp.de\/index.php\/wp-json\/wp\/v2\/product_cat?post=12820"},{"taxonomy":"product_tag","embeddable":true,"href":"https:\/\/guitar2amp.de\/index.php\/wp-json\/wp\/v2\/product_tag?post=12820"}],"curies":[{"name":"wp","href":"https:\/\/api.w.org\/{rel}","templated":true}]}}