{"id":13387,"date":"2025-04-10T13:57:45","date_gmt":"2025-04-10T11:57:45","guid":{"rendered":"https:\/\/guitar2amp.de\/?post_type=product&#038;p=13387"},"modified":"2025-11-07T22:41:18","modified_gmt":"2025-11-07T21:41:18","slug":"gibson-custom-shop-les-paul-1960-reissue-r0-60th-anniversary-3","status":"publish","type":"product","link":"https:\/\/guitar2amp.de\/index.php\/pl\/product\/gibson-custom-shop-les-paul-1960-reissue-r0-60th-anniversary-3\/","title":{"rendered":"Gibson Custom Shop Les Paul 1960 Reissue, R0, 60th Anniversary"},"content":{"rendered":"<h3 class=\"\" data-start=\"196\" data-end=\"298\"><strong data-start=\"200\" data-end=\"298\">Gibson Custom Shop 60th Anniversary 1960 Les Paul Standard V2 \u2013 VOS \u2013 Tomato Soup Burst (2020)<\/strong><\/h3>\n<p class=\"\" data-start=\"300\" data-end=\"754\">Ta wyj\u0105tkowa <strong data-start=\"313\" data-end=\"378\">Gibson Custom Shop 60th Anniversary 1960 Les Paul Standard V2<\/strong> to mistrzowsko wykonana replika jednego z najbardziej kultowych modeli gitar elektrycznych w historii. Edycja rocznicowa z <strong data-start=\"502\" data-end=\"515\">2020 roku<\/strong>, wyko\u0144czona w efektownym kolorze <strong data-start=\"549\" data-end=\"570\">Tomato Soup Burst<\/strong>, bazuje na <strong data-start=\"582\" data-end=\"605\">drugiej wersji (V2)<\/strong> oryginalnego modelu z 1960 roku \u2013 z cie\u0144szym gryfem <strong data-start=\"658\" data-end=\"675\">Slim Taper V2<\/strong> oraz klasycznym, r\u0119cznie wyka\u0144czanym lakierem <strong data-start=\"722\" data-end=\"753\">VOS (Vintage Original Spec)<\/strong>.<\/p>\n<hr class=\"\" data-start=\"756\" data-end=\"759\" \/>\n<h3 class=\"\" data-start=\"761\" data-end=\"793\"><strong data-start=\"765\" data-end=\"793\">Specyfikacja techniczna:<\/strong><\/h3>\n<ul data-start=\"794\" data-end=\"1442\">\n<li class=\"\" data-start=\"794\" data-end=\"850\">\n<p class=\"\" data-start=\"796\" data-end=\"850\"><strong data-start=\"796\" data-end=\"807\">Korpus:<\/strong> maho\u0144 z topem z klonu AAA (flamed maple)<\/p>\n<\/li>\n<li class=\"\" data-start=\"851\" data-end=\"917\">\n<p class=\"\" data-start=\"853\" data-end=\"917\"><strong data-start=\"853\" data-end=\"862\">Gryf:<\/strong> maho\u0144, wklejany, profil <strong data-start=\"887\" data-end=\"915\">Slim Taper V2 (rok 1960)<\/strong><\/p>\n<\/li>\n<li class=\"\" data-start=\"918\" data-end=\"969\">\n<p class=\"\" data-start=\"920\" data-end=\"969\"><strong data-start=\"920\" data-end=\"937\">Podstrunnica:<\/strong> palisander indyjski, 22 progi<\/p>\n<\/li>\n<li class=\"\" data-start=\"970\" data-end=\"1002\">\n<p class=\"\" data-start=\"972\" data-end=\"1002\"><strong data-start=\"972\" data-end=\"984\">Menzura:<\/strong> 24.75&#8243; (628 mm)<\/p>\n<\/li>\n<li class=\"\" data-start=\"1003\" data-end=\"1036\">\n<p class=\"\" data-start=\"1005\" data-end=\"1036\"><strong data-start=\"1005\" data-end=\"1030\">Promie\u0144 podstrunnicy:<\/strong> 12&#8243;<\/p>\n<\/li>\n<li class=\"\" data-start=\"1037\" data-end=\"1120\">\n<p class=\"\" data-start=\"1039\" data-end=\"1120\"><strong data-start=\"1039\" data-end=\"1056\">Przetworniki:<\/strong> <strong data-start=\"1057\" data-end=\"1091\">Gibson CustomBucker Alnico III<\/strong> (unpotted \u2013 mostek i gryf)<\/p>\n<\/li>\n<li class=\"\" data-start=\"1121\" data-end=\"1258\">\n<p class=\"\" data-start=\"1123\" data-end=\"1258\"><strong data-start=\"1123\" data-end=\"1139\">Elektronika:<\/strong> r\u0119czne okablowanie, potencjometry <strong data-start=\"1174\" data-end=\"1181\">CTS<\/strong>, kondensatory <strong data-start=\"1196\" data-end=\"1209\">Bumblebee<\/strong>, 2 x Volume, 2 x Tone, 3-pozycyjny prze\u0142\u0105cznik<\/p>\n<\/li>\n<li class=\"\" data-start=\"1259\" data-end=\"1303\">\n<p class=\"\" data-start=\"1261\" data-end=\"1303\"><strong data-start=\"1261\" data-end=\"1272\">Mostek:<\/strong> ABR-1 Tune-o-Matic + Stopbar<\/p>\n<\/li>\n<li class=\"\" data-start=\"1304\" data-end=\"1333\">\n<p class=\"\" data-start=\"1306\" data-end=\"1333\"><strong data-start=\"1306\" data-end=\"1317\">Klucze:<\/strong> Kluson Deluxe<\/p>\n<\/li>\n<li class=\"\" data-start=\"1334\" data-end=\"1360\">\n<p class=\"\" data-start=\"1336\" data-end=\"1360\"><strong data-start=\"1336\" data-end=\"1348\">Osprz\u0119t:<\/strong> niklowany<\/p>\n<\/li>\n<li class=\"\" data-start=\"1361\" data-end=\"1422\">\n<p class=\"\" data-start=\"1363\" data-end=\"1422\"><strong data-start=\"1363\" data-end=\"1379\">Wyko\u0144czenie:<\/strong> lakier nitro VOS \u2013 <strong data-start=\"1399\" data-end=\"1420\">Tomato Soup Burst<\/strong><\/p>\n<\/li>\n<li class=\"\" data-start=\"1423\" data-end=\"1442\">\n<p class=\"\" data-start=\"1425\" data-end=\"1442\"><strong data-start=\"1425\" data-end=\"1434\">Waga:<\/strong> 3,85 kg<\/p>\n<\/li>\n<\/ul>\n<hr class=\"\" data-start=\"1444\" data-end=\"1447\" \/>\n<h3 class=\"\" data-start=\"1449\" data-end=\"1482\"><strong data-start=\"1453\" data-end=\"1482\">Stan i zawarto\u015b\u0107 zestawu:<\/strong><\/h3>\n<p class=\"\" data-start=\"1483\" data-end=\"1645\">Gitara w <strong data-start=\"1492\" data-end=\"1513\">znakomitym stanie<\/strong>, z jedynie <strong data-start=\"1525\" data-end=\"1560\">delikatnymi \u015bladami u\u017cytkowania<\/strong> (widoczne pod \u015bwiat\u0142o). Technicznie bez zarzutu \u2013 w pe\u0142ni ustawiona i gotowa do gry.<\/p>\n<p class=\"\" data-start=\"1647\" data-end=\"1810\"><strong data-start=\"1647\" data-end=\"1662\">W zestawie:<\/strong><br data-start=\"1662\" data-end=\"1665\" \/>\u2013 <strong data-start=\"1667\" data-end=\"1715\">oryginalny twardy futera\u0142 Gibson Custom Shop<\/strong><br data-start=\"1715\" data-end=\"1718\" \/>\u2013 <strong data-start=\"1720\" data-end=\"1755\">certyfikat autentyczno\u015bci (COA)<\/strong><br data-start=\"1755\" data-end=\"1758\" \/>\u2013 komplet <strong data-start=\"1768\" data-end=\"1782\">case candy<\/strong> (zawieszki, dokumenty itp.)<\/p>\n<hr class=\"\" data-start=\"1812\" data-end=\"1815\" \/>\n<p class=\"\" data-start=\"1817\" data-end=\"1967\">To niepowtarzalna okazja, by zdoby\u0107 gitar\u0119 z najwy\u017cszej p\u00f3\u0142ki \u2013 doskona\u0142\u0105 zar\u00f3wno do kolekcji, jak i do profesjonalnego grania na scenie czy w studiu.<\/p>\n<p class=\"\" data-start=\"1969\" data-end=\"2075\">\ud83d\udce6 Mo\u017cliwa wysy\u0142ka krajowa i zagraniczna<\/p>\n","protected":false},"excerpt":{"rendered":"<h3 class=\"\" data-start=\"196\" data-end=\"298\"><strong data-start=\"200\" data-end=\"298\">Gibson Custom Shop 60th Anniversary 1960 Les Paul Standard V2 \u2013 VOS \u2013 Tomato Soup Burst (2020)<\/strong><\/h3>\n<p class=\"\" data-start=\"300\" data-end=\"754\">Ta wyj\u0105tkowa <strong data-start=\"313\" data-end=\"378\">Gibson Custom Shop 60th Anniversary 1960 Les Paul Standard V2<\/strong> to mistrzowsko wykonana replika jednego z najbardziej kultowych modeli gitar elektrycznych w historii. Edycja rocznicowa z <strong data-start=\"502\" data-end=\"515\">2020 roku<\/strong>, wyko\u0144czona w efektownym kolorze <strong data-start=\"549\" data-end=\"570\">Tomato Soup Burst<\/strong>, bazuje na <strong data-start=\"582\" data-end=\"605\">drugiej wersji (V2)<\/strong> oryginalnego modelu z 1960 roku \u2013 z cie\u0144szym gryfem <strong data-start=\"658\" data-end=\"675\">Slim Taper V2<\/strong> oraz klasycznym, r\u0119cznie wyka\u0144czanym lakierem <strong data-start=\"722\" data-end=\"753\">VOS (Vintage Original Spec)<\/strong>.<\/p>\n","protected":false},"featured_media":13388,"template":"","meta":{"_monsterinsights_skip_tracking":false,"_monsterinsights_sitenote_active":false,"_monsterinsights_sitenote_note":"","_monsterinsights_sitenote_category":0,"_uf_show_specific_survey":0,"_uf_disable_surveys":false,"_kadence_starter_templates_imported_post":false,"_kad_post_transparent":"default","_kad_post_title":"","_kad_post_layout":"default","_kad_post_sidebar_id":"","_kad_post_content_style":"default","_kad_post_vertical_padding":"default","_kad_post_feature":"","_kad_post_feature_position":"","_kad_post_header":false,"_kad_post_footer":false,"_kad_post_classname":""},"product_brand":[],"product_cat":[3265,3261],"product_tag":[],"class_list":{"0":"post-13387","1":"product","2":"type-product","3":"status-publish","4":"has-post-thumbnail","6":"product_cat-elektryczne-pl","7":"product_cat-gitary","9":"first","10":"outofstock","11":"shipping-taxable","12":"purchasable","13":"product-type-simple","14":"entry","15":"content-bg","16":"loop-entry"},"jetpack_sharing_enabled":true,"_links":{"self":[{"href":"https:\/\/guitar2amp.de\/index.php\/wp-json\/wp\/v2\/product\/13387","targetHints":{"allow":["GET"]}}],"collection":[{"href":"https:\/\/guitar2amp.de\/index.php\/wp-json\/wp\/v2\/product"}],"about":[{"href":"https:\/\/guitar2amp.de\/index.php\/wp-json\/wp\/v2\/types\/product"}],"wp:featuredmedia":[{"embeddable":true,"href":"https:\/\/guitar2amp.de\/index.php\/wp-json\/wp\/v2\/media\/13388"}],"wp:attachment":[{"href":"https:\/\/guitar2amp.de\/index.php\/wp-json\/wp\/v2\/media?parent=13387"}],"wp:term":[{"taxonomy":"product_brand","embeddable":true,"href":"https:\/\/guitar2amp.de\/index.php\/wp-json\/wp\/v2\/product_brand?post=13387"},{"taxonomy":"product_cat","embeddable":true,"href":"https:\/\/guitar2amp.de\/index.php\/wp-json\/wp\/v2\/product_cat?post=13387"},{"taxonomy":"product_tag","embeddable":true,"href":"https:\/\/guitar2amp.de\/index.php\/wp-json\/wp\/v2\/product_tag?post=13387"}],"curies":[{"name":"wp","href":"https:\/\/api.w.org\/{rel}","templated":true}]}}