{"id":13490,"date":"2025-04-18T15:01:17","date_gmt":"2025-04-18T13:01:17","guid":{"rendered":"https:\/\/guitar2amp.de\/?post_type=product&#038;p=13490"},"modified":"2025-12-28T16:23:49","modified_gmt":"2025-12-28T15:23:49","slug":"2014-nik-huber-dolphine-ii-charcoal-burst-3","status":"publish","type":"product","link":"https:\/\/guitar2amp.de\/index.php\/pl\/product\/2014-nik-huber-dolphine-ii-charcoal-burst-3\/","title":{"rendered":"2014 Nik Huber Dolphine II Charcoal Burst [USED]"},"content":{"rendered":"<h3 class=\"\" data-start=\"159\" data-end=\"242\"><strong data-start=\"163\" data-end=\"242\">Nik Huber Dolphin II \u2013 2014 \u2013 Charcoal Burst \u2013 Niemiecka butikowa perfekcja<\/strong><\/h3>\n<p class=\"\" data-start=\"244\" data-end=\"598\"><strong data-start=\"244\" data-end=\"268\">Nik Huber Dolphin II<\/strong> to mistrzowsko wykonana gitara butikowa, zbudowana r\u0119cznie w Niemczech z dba\u0142o\u015bci\u0105 o ka\u017cdy detal \u2013 zar\u00f3wno w kwestii brzmienia, jak i estetyki. Prezentowany egzemplarz pochodzi z <strong data-start=\"448\" data-end=\"461\">2014 roku<\/strong> i wyko\u0144czony jest w eleganckim kolorze <strong data-start=\"501\" data-end=\"519\">Charcoal Burst<\/strong>. To instrument, kt\u00f3ry doskonale \u0142\u0105czy tradycj\u0119 z nowoczesn\u0105 precyzj\u0105 lutnicz\u0105.<\/p>\n<hr class=\"\" data-start=\"600\" data-end=\"603\" \/>\n<h3 class=\"\" data-start=\"605\" data-end=\"638\"><strong data-start=\"609\" data-end=\"638\">O marce Nik Huber Guitars<\/strong><\/h3>\n<p class=\"\" data-start=\"640\" data-end=\"1027\">Za\u0142o\u017cona w 1996 roku pod Frankfurtem marka <strong data-start=\"683\" data-end=\"704\">Nik Huber Guitars<\/strong> to niewielka, rodzinna manufaktura buduj\u0105ca <strong data-start=\"749\" data-end=\"787\">butikowe instrumenty klasy premium<\/strong>. Gitary Nik Huber\u2019a znane s\u0105 na ca\u0142ym \u015bwiecie z doskona\u0142ej jako\u015bci wykonania, starannie dobieranych materia\u0142\u00f3w i ponadczasowej estetyki. Ka\u017cdy instrument tworzony jest w ograniczonych ilo\u015bciach, z my\u015bl\u0105 o najbardziej wymagaj\u0105cych muzykach.<\/p>\n<hr class=\"\" data-start=\"1029\" data-end=\"1032\" \/>\n<h3 class=\"\" data-start=\"1034\" data-end=\"1058\"><strong data-start=\"1038\" data-end=\"1058\">O modelu Dolphin<\/strong><\/h3>\n<p class=\"\" data-start=\"1060\" data-end=\"1406\"><strong data-start=\"1060\" data-end=\"1071\">Dolphin<\/strong> to flagowy model marki \u2013 nowoczesna interpretacja klasycznego kszta\u0142tu typu single-cut, wzbogacona o g\u0142\u0119bokie wyprofilowanie topu i perfekcyjn\u0105 ergonomi\u0119. Gitara ju\u017c na sucho oferuje <strong data-start=\"1255\" data-end=\"1277\">wyj\u0105tkowy rezonans<\/strong>, klarowno\u015b\u0107 i d\u0142ugi sustain. Po pod\u0142\u0105czeniu \u2013 dynamiczne, otwarte brzmienie z szerokim zakresem wyrazu i reakcji na artykulacj\u0119.<\/p>\n<p class=\"\" data-start=\"1408\" data-end=\"1628\">Dzi\u0119ki konstrukcji typu <strong data-start=\"1432\" data-end=\"1444\">set-neck<\/strong>, wyselekcjonowanym materia\u0142om oraz dedykowanym <strong data-start=\"1492\" data-end=\"1527\">przetwornikom Nik Huber Vintage<\/strong>, instrument oferuje tonaln\u0105 g\u0142\u0119bi\u0119 i elegancj\u0119, kt\u00f3ra zadowoli najbardziej wymagaj\u0105cych gitarzyst\u00f3w.<\/p>\n<hr class=\"\" data-start=\"1630\" data-end=\"1633\" \/>\n<h3 class=\"\" data-start=\"1635\" data-end=\"1667\"><strong data-start=\"1639\" data-end=\"1667\">Specyfikacja techniczna:<\/strong><\/h3>\n<ul data-start=\"1669\" data-end=\"2195\">\n<li class=\"\" data-start=\"1669\" data-end=\"1717\">\n<p class=\"\" data-start=\"1671\" data-end=\"1717\"><strong data-start=\"1671\" data-end=\"1682\">Korpus:<\/strong> maho\u0144 z rze\u017abionym topem z klonu<\/p>\n<\/li>\n<li class=\"\" data-start=\"1718\" data-end=\"1747\">\n<p class=\"\" data-start=\"1720\" data-end=\"1747\"><strong data-start=\"1720\" data-end=\"1729\">Gryf:<\/strong> maho\u0144, wklejany<\/p>\n<\/li>\n<li class=\"\" data-start=\"1748\" data-end=\"1794\">\n<p class=\"\" data-start=\"1750\" data-end=\"1794\"><strong data-start=\"1750\" data-end=\"1767\">Podstrunnica:<\/strong> <strong data-start=\"1768\" data-end=\"1782\">palisander<\/strong>, 22 progi<\/p>\n<\/li>\n<li class=\"\" data-start=\"1795\" data-end=\"1850\">\n<p class=\"\" data-start=\"1797\" data-end=\"1850\"><strong data-start=\"1797\" data-end=\"1813\">Wyko\u0144czenie:<\/strong> <strong data-start=\"1814\" data-end=\"1832\">Charcoal Burst<\/strong> (transparentne)<\/p>\n<\/li>\n<li class=\"\" data-start=\"1851\" data-end=\"1905\">\n<p class=\"\" data-start=\"1853\" data-end=\"1905\"><strong data-start=\"1853\" data-end=\"1870\">Przetworniki:<\/strong> <strong data-start=\"1871\" data-end=\"1903\">Nik Huber Vintage Humbuckers<\/strong><\/p>\n<\/li>\n<li class=\"\" data-start=\"1906\" data-end=\"1972\">\n<p class=\"\" data-start=\"1908\" data-end=\"1972\"><strong data-start=\"1908\" data-end=\"1924\">Elektronika:<\/strong> 1 x Volume, 1 x Tone, 3-pozycyjny prze\u0142\u0105cznik<\/p>\n<\/li>\n<li class=\"\" data-start=\"1973\" data-end=\"2008\">\n<p class=\"\" data-start=\"1975\" data-end=\"2008\"><strong data-start=\"1975\" data-end=\"1986\">Mostek:<\/strong> Nik Huber Stop Tail<\/p>\n<\/li>\n<li class=\"\" data-start=\"2009\" data-end=\"2046\">\n<p class=\"\" data-start=\"2011\" data-end=\"2046\"><strong data-start=\"2011\" data-end=\"2022\">Klucze:<\/strong> blokowane, precyzyjne<\/p>\n<\/li>\n<li class=\"\" data-start=\"2047\" data-end=\"2073\">\n<p class=\"\" data-start=\"2049\" data-end=\"2073\"><strong data-start=\"2049\" data-end=\"2061\">Osprz\u0119t:<\/strong> niklowany<\/p>\n<\/li>\n<li class=\"\" data-start=\"2074\" data-end=\"2101\">\n<p class=\"\" data-start=\"2076\" data-end=\"2101\"><strong data-start=\"2076\" data-end=\"2094\">Rok produkcji:<\/strong> 2014<\/p>\n<\/li>\n<li class=\"\" data-start=\"2102\" data-end=\"2169\">\n<p class=\"\" data-start=\"2104\" data-end=\"2169\"><strong data-start=\"2104\" data-end=\"2113\">Stan:<\/strong> bardzo dobry, jedynie <strong data-start=\"2136\" data-end=\"2167\">delikatne \u015blady u\u017cytkowania<\/strong><\/p>\n<\/li>\n<li class=\"\" data-start=\"2170\" data-end=\"2195\">\n<p class=\"\" data-start=\"2172\" data-end=\"2195\"><strong data-start=\"2172\" data-end=\"2181\">Waga:<\/strong> 3,6kg<\/p>\n<\/li>\n<\/ul>\n<hr class=\"\" data-start=\"2197\" data-end=\"2200\" \/>\n<h3 class=\"\" data-start=\"2202\" data-end=\"2225\"><strong data-start=\"2206\" data-end=\"2225\">Dlaczego warto:<\/strong><\/h3>\n<ul data-start=\"2227\" data-end=\"2420\">\n<li class=\"\" data-start=\"2227\" data-end=\"2281\">\n<p class=\"\" data-start=\"2229\" data-end=\"2281\">R\u0119czna robota z najwy\u017cszej p\u00f3\u0142ki \u2013 made in Germany<\/p>\n<\/li>\n<li class=\"\" data-start=\"2282\" data-end=\"2327\">\n<p class=\"\" data-start=\"2284\" data-end=\"2327\">Niesamowita rezonansowo\u015b\u0107 i d\u0142ugi sustain<\/p>\n<\/li>\n<li class=\"\" data-start=\"2328\" data-end=\"2358\">\n<p class=\"\" data-start=\"2330\" data-end=\"2358\">\u015awietna ergonomia i balans<\/p>\n<\/li>\n<li class=\"\" data-start=\"2359\" data-end=\"2420\">\n<p class=\"\" data-start=\"2361\" data-end=\"2420\">Gitara, kt\u00f3ra inspiruje \u2013 zar\u00f3wno na scenie, jak i w studiu<\/p>\n<\/li>\n<\/ul>\n<hr class=\"\" data-start=\"2422\" data-end=\"2425\" \/>\n<p class=\"\" data-start=\"2427\" data-end=\"2533\">\ud83d\udce6 Mo\u017cliwa wysy\u0142ka krajowa i zagraniczna<\/p>\n","protected":false},"excerpt":{"rendered":"<h3 class=\"\" data-start=\"159\" data-end=\"242\"><strong data-start=\"163\" data-end=\"242\">Nik Huber Dolphin II \u2013 2014 \u2013 Charcoal Burst \u2013 Niemiecka butikowa perfekcja<\/strong><\/h3>\n<p class=\"\" data-start=\"244\" data-end=\"598\"><strong data-start=\"244\" data-end=\"268\">Nik Huber Dolphin II<\/strong> to mistrzowsko wykonana gitara butikowa, zbudowana r\u0119cznie w Niemczech z dba\u0142o\u015bci\u0105 o ka\u017cdy detal \u2013 zar\u00f3wno w kwestii brzmienia, jak i estetyki. Prezentowany egzemplarz pochodzi z <strong data-start=\"448\" data-end=\"461\">2014 roku<\/strong> i wyko\u0144czony jest w eleganckim kolorze <strong data-start=\"501\" data-end=\"519\">Charcoal Burst<\/strong>. To instrument, kt\u00f3ry doskonale \u0142\u0105czy tradycj\u0119 z nowoczesn\u0105 precyzj\u0105 lutnicz\u0105.<\/p>\n<p data-start=\"244\" data-end=\"598\"><a href=\"https:\/\/guitar2amp.de\/index.php\/pl\/nik-huber-guitars-pl\/\">Wi\u0119cj o gitarach Nik Huber Guitars<strong>\u2192<\/strong><\/a><\/p>\n","protected":false},"featured_media":13491,"template":"","meta":{"_monsterinsights_skip_tracking":false,"_monsterinsights_sitenote_active":false,"_monsterinsights_sitenote_note":"","_monsterinsights_sitenote_category":0,"_uf_show_specific_survey":0,"_uf_disable_surveys":false,"_kadence_starter_templates_imported_post":false,"_kad_post_transparent":"default","_kad_post_title":"","_kad_post_layout":"default","_kad_post_sidebar_id":"","_kad_post_content_style":"default","_kad_post_vertical_padding":"default","_kad_post_feature":"","_kad_post_feature_position":"","_kad_post_header":false,"_kad_post_footer":false,"_kad_post_classname":""},"product_brand":[],"product_cat":[3265,3261,4898],"product_tag":[],"class_list":{"0":"post-13490","1":"product","2":"type-product","3":"status-publish","4":"has-post-thumbnail","6":"product_cat-elektryczne-pl","7":"product_cat-gitary","8":"product_cat-nik_huber_pl","10":"first","11":"instock","12":"shipping-taxable","13":"purchasable","14":"product-type-simple","15":"entry","16":"content-bg","17":"loop-entry"},"jetpack_sharing_enabled":true,"_links":{"self":[{"href":"https:\/\/guitar2amp.de\/index.php\/wp-json\/wp\/v2\/product\/13490","targetHints":{"allow":["GET"]}}],"collection":[{"href":"https:\/\/guitar2amp.de\/index.php\/wp-json\/wp\/v2\/product"}],"about":[{"href":"https:\/\/guitar2amp.de\/index.php\/wp-json\/wp\/v2\/types\/product"}],"wp:featuredmedia":[{"embeddable":true,"href":"https:\/\/guitar2amp.de\/index.php\/wp-json\/wp\/v2\/media\/13491"}],"wp:attachment":[{"href":"https:\/\/guitar2amp.de\/index.php\/wp-json\/wp\/v2\/media?parent=13490"}],"wp:term":[{"taxonomy":"product_brand","embeddable":true,"href":"https:\/\/guitar2amp.de\/index.php\/wp-json\/wp\/v2\/product_brand?post=13490"},{"taxonomy":"product_cat","embeddable":true,"href":"https:\/\/guitar2amp.de\/index.php\/wp-json\/wp\/v2\/product_cat?post=13490"},{"taxonomy":"product_tag","embeddable":true,"href":"https:\/\/guitar2amp.de\/index.php\/wp-json\/wp\/v2\/product_tag?post=13490"}],"curies":[{"name":"wp","href":"https:\/\/api.w.org\/{rel}","templated":true}]}}