{"id":13532,"date":"2025-04-18T15:51:33","date_gmt":"2025-04-18T13:51:33","guid":{"rendered":"https:\/\/guitar2amp.de\/?post_type=product&#038;p=13532"},"modified":"2025-12-06T12:04:36","modified_gmt":"2025-12-06T11:04:36","slug":"fender-custom-shop-60-stratocaster-nos-fsr-for-yamano-japan-olympic-white-2","status":"publish","type":"product","link":"https:\/\/guitar2amp.de\/index.php\/de\/product\/fender-custom-shop-60-stratocaster-nos-fsr-for-yamano-japan-olympic-white-2\/","title":{"rendered":"Fender Custom Shop &#8217;60 Stratocaster\u00ae NOS \u2013 FSR for Yamano Japan \u2013 Olympic White"},"content":{"rendered":"<h3 class=\"\" data-start=\"191\" data-end=\"278\"><strong data-start=\"195\" data-end=\"278\">Fender Custom Shop &#8217;60 Stratocaster\u00ae NOS \u2013 FSR f\u00fcr Yamano Japan \u2013 Olympic White<\/strong><\/h3>\n<p class=\"\" data-start=\"280\" data-end=\"611\">Diese <strong data-start=\"286\" data-end=\"329\">Fender Custom Shop &#8217;60 Stratocaster NOS<\/strong> ist eine <strong data-start=\"339\" data-end=\"384\">streng limitierte Sonderanfertigung (FSR)<\/strong> f\u00fcr den japanischen High-End-Distrubutor <strong data-start=\"426\" data-end=\"442\">Yamano Japan<\/strong>. Ein authentisches Reissue-Modell nach Originalvorbild von 1960 \u2013 gefertigt im Fender Custom Shop aus selektierten Tonh\u00f6lzern mit gr\u00f6\u00dfter Sorgfalt und Liebe zum Detail.<\/p>\n<p class=\"\" data-start=\"613\" data-end=\"786\">Das Instrument kommt im klassischen Finish <strong data-start=\"656\" data-end=\"673\">Olympic White<\/strong> mit einem seltenen <strong data-start=\"693\" data-end=\"738\">Slab Board aus brasilianischem Palisander<\/strong> \u2013 ein echtes Highlight f\u00fcr Spieler und Sammler.<\/p>\n<hr class=\"\" data-start=\"788\" data-end=\"791\" \/>\n<h3 class=\"\" data-start=\"793\" data-end=\"820\"><strong data-start=\"797\" data-end=\"820\">Technische Details:<\/strong><\/h3>\n<ul data-start=\"822\" data-end=\"1428\">\n<li class=\"\" data-start=\"822\" data-end=\"869\">\n<p class=\"\" data-start=\"824\" data-end=\"869\"><strong data-start=\"824\" data-end=\"835\">Korpus:<\/strong> selektierte Erle (Select Alder)<\/p>\n<\/li>\n<li class=\"\" data-start=\"870\" data-end=\"944\">\n<p class=\"\" data-start=\"872\" data-end=\"944\"><strong data-start=\"872\" data-end=\"883\">Finish:<\/strong> Nitro-Lack im NOS-Stil (New Old Stock) \u2013 <strong data-start=\"925\" data-end=\"942\">Olympic White<\/strong><\/p>\n<\/li>\n<li class=\"\" data-start=\"945\" data-end=\"976\">\n<p class=\"\" data-start=\"947\" data-end=\"976\"><strong data-start=\"947\" data-end=\"956\">Hals:<\/strong> Ahorn, &#8220;C&#8221;-Profil<\/p>\n<\/li>\n<li class=\"\" data-start=\"977\" data-end=\"1053\">\n<p class=\"\" data-start=\"979\" data-end=\"1053\"><strong data-start=\"979\" data-end=\"994\">Griffbrett:<\/strong> <strong data-start=\"995\" data-end=\"1037\">brasilianischer Palisander, Slab Board<\/strong>, Radius 7.25&#8243;<\/p>\n<\/li>\n<li class=\"\" data-start=\"1054\" data-end=\"1085\">\n<p class=\"\" data-start=\"1056\" data-end=\"1085\"><strong data-start=\"1056\" data-end=\"1066\">B\u00fcnde:<\/strong> 21 Vintage-Style<\/p>\n<\/li>\n<li class=\"\" data-start=\"1086\" data-end=\"1116\">\n<p class=\"\" data-start=\"1088\" data-end=\"1116\"><strong data-start=\"1088\" data-end=\"1099\">Mensur:<\/strong> 25.5&#8243; (648 mm)<\/p>\n<\/li>\n<li class=\"\" data-start=\"1117\" data-end=\"1153\">\n<p class=\"\" data-start=\"1119\" data-end=\"1153\"><strong data-start=\"1119\" data-end=\"1136\">Sattelbreite:<\/strong> 1.650&#8243; (42 mm)<\/p>\n<\/li>\n<li class=\"\" data-start=\"1154\" data-end=\"1191\">\n<p class=\"\" data-start=\"1156\" data-end=\"1191\"><strong data-start=\"1156\" data-end=\"1167\">Bridge:<\/strong> Vintage Style Tremolo<\/p>\n<\/li>\n<li class=\"\" data-start=\"1192\" data-end=\"1225\">\n<p class=\"\" data-start=\"1194\" data-end=\"1225\"><strong data-start=\"1194\" data-end=\"1209\">Mechaniken:<\/strong> Vintage Style<\/p>\n<\/li>\n<li class=\"\" data-start=\"1226\" data-end=\"1286\">\n<p class=\"\" data-start=\"1228\" data-end=\"1286\"><strong data-start=\"1228\" data-end=\"1240\">Pickups:<\/strong> 3x <strong data-start=\"1244\" data-end=\"1284\">Fender Custom Shop &#8217;60s Single Coils<\/strong><\/p>\n<\/li>\n<li class=\"\" data-start=\"1287\" data-end=\"1342\">\n<p class=\"\" data-start=\"1289\" data-end=\"1342\"><strong data-start=\"1289\" data-end=\"1304\">Elektronik:<\/strong> 1x Volume, 2x Tone, 5-Wege-Schalter<\/p>\n<\/li>\n<li class=\"\" data-start=\"1343\" data-end=\"1397\">\n<p class=\"\" data-start=\"1345\" data-end=\"1397\"><strong data-start=\"1345\" data-end=\"1359\">Pickguard:<\/strong> 3-lagig (Parchment\/Black\/Parchment)<\/p>\n<\/li>\n<li class=\"\" data-start=\"1398\" data-end=\"1428\">\n<p class=\"\" data-start=\"1400\" data-end=\"1428\"><strong data-start=\"1400\" data-end=\"1417\">Plastikteile:<\/strong> Aged White<\/p>\n<\/li>\n<\/ul>\n<hr class=\"\" data-start=\"1430\" data-end=\"1433\" \/>\n<h3 class=\"\" data-start=\"1435\" data-end=\"1456\"><strong data-start=\"1439\" data-end=\"1456\">Lieferumfang:<\/strong><\/h3>\n<ul data-start=\"1458\" data-end=\"1542\">\n<li class=\"\" data-start=\"1458\" data-end=\"1510\">\n<p class=\"\" data-start=\"1460\" data-end=\"1510\"><strong data-start=\"1460\" data-end=\"1508\">Original Fender Custom Shop Koffer (schwarz)<\/strong><\/p>\n<\/li>\n<li class=\"\" data-start=\"1511\" data-end=\"1542\">\n<p class=\"\" data-start=\"1513\" data-end=\"1542\"><strong data-start=\"1513\" data-end=\"1542\">Echtheitszertifikat (COA)<\/strong><\/p>\n<\/li>\n<\/ul>\n<hr class=\"\" data-start=\"1544\" data-end=\"1547\" \/>\n<p class=\"\" data-start=\"1549\" data-end=\"1740\">Ein exzellentes Instrument mit authentischem Vintage-Feeling, lebendigem Klangbild und absoluter Custom-Shop-Qualit\u00e4t \u2013 gebaut f\u00fcr Spieler mit Anspruch oder Sammler mit Sinn f\u00fcr Originalit\u00e4t.<\/p>\n","protected":false},"excerpt":{"rendered":"<h3 class=\"\" data-start=\"191\" data-end=\"278\"><strong data-start=\"195\" data-end=\"278\">Fender Custom Shop &#8217;60 Stratocaster\u00ae NOS \u2013 FSR f\u00fcr Yamano Japan \u2013 Olympic White<\/strong><\/h3>\n<p class=\"\" data-start=\"280\" data-end=\"611\">Diese <strong data-start=\"286\" data-end=\"329\">Fender Custom Shop &#8217;60 Stratocaster NOS<\/strong> ist eine <strong data-start=\"339\" data-end=\"384\">streng limitierte Sonderanfertigung (FSR)<\/strong> f\u00fcr den japanischen High-End-Distrubutor <strong data-start=\"426\" data-end=\"442\">Yamano Japan<\/strong>. Ein authentisches Reissue-Modell nach Originalvorbild von 1960 \u2013 gefertigt im Fender Custom Shop aus selektierten Tonh\u00f6lzern mit gr\u00f6\u00dfter Sorgfalt und Liebe zum Detail.<\/p>\n<p class=\"\" data-start=\"613\" data-end=\"786\">Das Instrument kommt im klassischen Finish <strong data-start=\"656\" data-end=\"673\">Olympic White<\/strong> mit einem seltenen <strong data-start=\"693\" data-end=\"738\">Slab Board aus brasilianischem Palisander<\/strong> \u2013 ein echtes Highlight f\u00fcr Spieler und Sammler.<\/p>\n","protected":false},"featured_media":13533,"template":"","meta":{"_monsterinsights_skip_tracking":false,"_monsterinsights_sitenote_active":false,"_monsterinsights_sitenote_note":"","_monsterinsights_sitenote_category":0,"_uf_show_specific_survey":0,"_uf_disable_surveys":false,"_kadence_starter_templates_imported_post":false,"_kad_post_transparent":"default","_kad_post_title":"","_kad_post_layout":"default","_kad_post_sidebar_id":"","_kad_post_content_style":"default","_kad_post_vertical_padding":"default","_kad_post_feature":"","_kad_post_feature_position":"","_kad_post_header":false,"_kad_post_footer":false,"_kad_post_classname":""},"product_brand":[],"product_cat":[207,203],"product_tag":[],"class_list":{"0":"post-13532","1":"product","2":"type-product","3":"status-publish","4":"has-post-thumbnail","6":"product_cat-e-gitarren","7":"product_cat-gitarren","9":"first","10":"outofstock","11":"shipping-taxable","12":"purchasable","13":"product-type-simple","14":"entry","15":"content-bg","16":"loop-entry"},"jetpack_sharing_enabled":true,"_links":{"self":[{"href":"https:\/\/guitar2amp.de\/index.php\/wp-json\/wp\/v2\/product\/13532","targetHints":{"allow":["GET"]}}],"collection":[{"href":"https:\/\/guitar2amp.de\/index.php\/wp-json\/wp\/v2\/product"}],"about":[{"href":"https:\/\/guitar2amp.de\/index.php\/wp-json\/wp\/v2\/types\/product"}],"wp:featuredmedia":[{"embeddable":true,"href":"https:\/\/guitar2amp.de\/index.php\/wp-json\/wp\/v2\/media\/13533"}],"wp:attachment":[{"href":"https:\/\/guitar2amp.de\/index.php\/wp-json\/wp\/v2\/media?parent=13532"}],"wp:term":[{"taxonomy":"product_brand","embeddable":true,"href":"https:\/\/guitar2amp.de\/index.php\/wp-json\/wp\/v2\/product_brand?post=13532"},{"taxonomy":"product_cat","embeddable":true,"href":"https:\/\/guitar2amp.de\/index.php\/wp-json\/wp\/v2\/product_cat?post=13532"},{"taxonomy":"product_tag","embeddable":true,"href":"https:\/\/guitar2amp.de\/index.php\/wp-json\/wp\/v2\/product_tag?post=13532"}],"curies":[{"name":"wp","href":"https:\/\/api.w.org\/{rel}","templated":true}]}}