{"id":14040,"date":"2025-06-09T20:53:02","date_gmt":"2025-06-09T18:53:02","guid":{"rendered":"https:\/\/guitar2amp.de\/?post_type=product&#038;p=14040"},"modified":"2025-10-10T07:49:33","modified_gmt":"2025-10-10T05:49:33","slug":"2019-friedman-vintage-s-custom-shop-strat-one-off-2","status":"publish","type":"product","link":"https:\/\/guitar2amp.de\/index.php\/de\/product\/2019-friedman-vintage-s-custom-shop-strat-one-off-2\/","title":{"rendered":"2019 Friedman Vintage S Custom Shop Strat One Off"},"content":{"rendered":"<p data-start=\"99\" data-end=\"225\"><strong data-start=\"99\" data-end=\"149\">Friedman Vintage S-Type HSS Custom Shop (2019)<\/strong><br data-start=\"149\" data-end=\"152\" \/><strong data-start=\"152\" data-end=\"225\">Einzelst\u00fcck f\u00fcr Tony Martinez \u2013 Lust for Tone Pickups \u2013 Gold-Hardware<\/strong><\/p>\n<p data-start=\"227\" data-end=\"461\">Diese besondere <strong data-start=\"243\" data-end=\"274\">Friedman Vintage S-Type HSS<\/strong> aus dem Jahr <strong data-start=\"288\" data-end=\"296\">2019<\/strong> ist ein <strong data-start=\"305\" data-end=\"335\">ma\u00dfgefertigtes Einzelst\u00fcck<\/strong>, das speziell f\u00fcr <strong data-start=\"354\" data-end=\"371\">Tony Martinez<\/strong>, offiziellen Friedman-Endorser und Gitarristen u.\u202fa. von <strong data-start=\"429\" data-end=\"446\">Gloria Gaynor<\/strong>, gebaut wurde.<\/p>\n<p data-start=\"463\" data-end=\"759\">Die Gitarre kombiniert erstklassige Boutique-Handwerkskunst mit B\u00fchnentauglichkeit. Der <strong data-start=\"551\" data-end=\"578\">selektierte Erlenkorpus<\/strong> ist in d\u00fcnnem <strong data-start=\"593\" data-end=\"629\">Nitro-Lack (Relic Vintage White)<\/strong> gehalten, mit stilvoller Alterung, die sich auch \u00fcber den <strong data-start=\"688\" data-end=\"701\">Ahornhals<\/strong> zieht \u2013 f\u00fcr ein authentisches, eingespieltes Spielgef\u00fchl.<\/p>\n<p data-start=\"761\" data-end=\"954\">Das <strong data-start=\"765\" data-end=\"788\">Medium-C-Halsprofil<\/strong>, der <strong data-start=\"794\" data-end=\"823\">Compound-Radius (10&#8243;\u201314&#8243;)<\/strong> und die <strong data-start=\"832\" data-end=\"856\">Jescar FW47095 B\u00fcnde<\/strong> sorgen f\u00fcr exzellente Bespielbarkeit und komfortable Bendings \u00fcber das gesamte Griffbrett hinweg.<\/p>\n<h3 data-start=\"956\" data-end=\"979\">Elektronik &amp; Klang:<\/h3>\n<p data-start=\"980\" data-end=\"1362\">Ausgestattet mit einem ma\u00dfgeschneiderten <strong data-start=\"1021\" data-end=\"1057\">HSS-Pickup-Set von Lust for Tone<\/strong>, liefert die Gitarre eine enorme Klangvielfalt \u2013 von glockigen Singlecoil-Sounds bis hin zu druckvollem, definiertem Humbucker-Ton. Der Humbucker l\u00e4uft auf einem 500k-Volume-Poti, w\u00e4hrend die Singlecoils \u00fcber Widerst\u00e4nde auf 250k angepasst wurden \u2013 f\u00fcr optimal abgestimmte Performance jedes Tonabnehmers.<\/p>\n<h3 data-start=\"1364\" data-end=\"1385\">Technische Daten:<\/h3>\n<ul data-start=\"1386\" data-end=\"1771\">\n<li data-start=\"1386\" data-end=\"1444\">\n<p data-start=\"1388\" data-end=\"1444\">Modell: Friedman Vintage S-Type HSS Custom Shop (2019)<\/p>\n<\/li>\n<li data-start=\"1445\" data-end=\"1473\">\n<p data-start=\"1447\" data-end=\"1473\">Korpus: selektierte Erle<\/p>\n<\/li>\n<li data-start=\"1474\" data-end=\"1522\">\n<p data-start=\"1476\" data-end=\"1522\">Finish: Nitrocellulose \u2013 Relic Vintage White<\/p>\n<\/li>\n<li data-start=\"1523\" data-end=\"1538\">\n<p data-start=\"1525\" data-end=\"1538\">Hals: Ahorn<\/p>\n<\/li>\n<li data-start=\"1539\" data-end=\"1577\">\n<p data-start=\"1541\" data-end=\"1577\">Griffbrettradius: Compound 10&#8243;\u201314&#8243;<\/p>\n<\/li>\n<li data-start=\"1578\" data-end=\"1619\">\n<p data-start=\"1580\" data-end=\"1619\">B\u00fcnde: Jescar FW47095 (Nickel Silver)<\/p>\n<\/li>\n<li data-start=\"1620\" data-end=\"1665\">\n<p data-start=\"1622\" data-end=\"1665\">Tonabnehmer: Lust for Tone Custom HSS-Set<\/p>\n<\/li>\n<li data-start=\"1666\" data-end=\"1684\">\n<p data-start=\"1668\" data-end=\"1684\">Tremolo: Gotoh<\/p>\n<\/li>\n<li data-start=\"1685\" data-end=\"1703\">\n<p data-start=\"1687\" data-end=\"1703\">Hardware: Gold<\/p>\n<\/li>\n<li data-start=\"1704\" data-end=\"1771\">\n<p data-start=\"1706\" data-end=\"1771\">Besonderheit: Einzelanfertigung f\u00fcr Tony Martinez (Gloria Gaynor)<\/p>\n<\/li>\n<\/ul>\n<p data-start=\"1773\" data-end=\"1940\">Ein echtes Unikat mit <strong data-start=\"1795\" data-end=\"1821\">K\u00fcnstler-Spezifikation<\/strong>, hervorragender Spielbarkeit und Boutique-Qualit\u00e4t \u2013 perfekt f\u00fcr Sammler und anspruchsvolle Gitarristen gleicherma\u00dfen.<\/p>\n","protected":false},"excerpt":{"rendered":"<p data-start=\"99\" data-end=\"225\"><strong data-start=\"99\" data-end=\"149\">Friedman Vintage S-Type HSS Custom Shop (2019)<\/strong><br data-start=\"149\" data-end=\"152\" \/><strong data-start=\"152\" data-end=\"225\">Einzelst\u00fcck f\u00fcr Tony Martinez \u2013 Lust for Tone Pickups \u2013 Gold-Hardware<\/strong><\/p>\n<p data-start=\"227\" data-end=\"461\">Diese besondere <strong data-start=\"243\" data-end=\"274\">Friedman Vintage S-Type HSS<\/strong> aus dem Jahr <strong data-start=\"288\" data-end=\"296\">2019<\/strong> ist ein <strong data-start=\"305\" data-end=\"335\">ma\u00dfgefertigtes Einzelst\u00fcck<\/strong>, das speziell f\u00fcr <strong data-start=\"354\" data-end=\"371\">Tony Martinez<\/strong>, offiziellen Friedman-Endorser und Gitarristen u.\u202fa. von <strong data-start=\"429\" data-end=\"446\">Gloria Gaynor<\/strong>, gebaut wurde.<\/p>\n","protected":false},"featured_media":14041,"template":"","meta":{"_monsterinsights_skip_tracking":false,"_monsterinsights_sitenote_active":false,"_monsterinsights_sitenote_note":"","_monsterinsights_sitenote_category":0,"_uf_show_specific_survey":0,"_uf_disable_surveys":false,"_kadence_starter_templates_imported_post":false,"_kad_post_transparent":"default","_kad_post_title":"","_kad_post_layout":"default","_kad_post_sidebar_id":"","_kad_post_content_style":"default","_kad_post_vertical_padding":"default","_kad_post_feature":"","_kad_post_feature_position":"","_kad_post_header":false,"_kad_post_footer":false,"_kad_post_classname":""},"product_brand":[],"product_cat":[207,203],"product_tag":[],"class_list":{"0":"post-14040","1":"product","2":"type-product","3":"status-publish","4":"has-post-thumbnail","6":"product_cat-e-gitarren","7":"product_cat-gitarren","9":"first","10":"instock","11":"shipping-taxable","12":"purchasable","13":"product-type-simple","14":"entry","15":"content-bg","16":"loop-entry"},"jetpack_sharing_enabled":true,"_links":{"self":[{"href":"https:\/\/guitar2amp.de\/index.php\/wp-json\/wp\/v2\/product\/14040","targetHints":{"allow":["GET"]}}],"collection":[{"href":"https:\/\/guitar2amp.de\/index.php\/wp-json\/wp\/v2\/product"}],"about":[{"href":"https:\/\/guitar2amp.de\/index.php\/wp-json\/wp\/v2\/types\/product"}],"wp:featuredmedia":[{"embeddable":true,"href":"https:\/\/guitar2amp.de\/index.php\/wp-json\/wp\/v2\/media\/14041"}],"wp:attachment":[{"href":"https:\/\/guitar2amp.de\/index.php\/wp-json\/wp\/v2\/media?parent=14040"}],"wp:term":[{"taxonomy":"product_brand","embeddable":true,"href":"https:\/\/guitar2amp.de\/index.php\/wp-json\/wp\/v2\/product_brand?post=14040"},{"taxonomy":"product_cat","embeddable":true,"href":"https:\/\/guitar2amp.de\/index.php\/wp-json\/wp\/v2\/product_cat?post=14040"},{"taxonomy":"product_tag","embeddable":true,"href":"https:\/\/guitar2amp.de\/index.php\/wp-json\/wp\/v2\/product_tag?post=14040"}],"curies":[{"name":"wp","href":"https:\/\/api.w.org\/{rel}","templated":true}]}}