{"id":14062,"date":"2025-06-09T20:55:21","date_gmt":"2025-06-09T18:55:21","guid":{"rendered":"https:\/\/guitar2amp.de\/?post_type=product&#038;p=14062"},"modified":"2025-10-10T07:49:33","modified_gmt":"2025-10-10T05:49:33","slug":"2019-friedman-vintage-s-custom-shop-strat-one-off-3","status":"publish","type":"product","link":"https:\/\/guitar2amp.de\/index.php\/pl\/product\/2019-friedman-vintage-s-custom-shop-strat-one-off-3\/","title":{"rendered":"2019 Friedman Vintage S Custom Shop Strat One Off"},"content":{"rendered":"<p data-start=\"99\" data-end=\"248\"><strong data-start=\"99\" data-end=\"149\">Friedman Vintage S-Type HSS Custom Shop (2019)<\/strong><br data-start=\"149\" data-end=\"152\" \/><strong data-start=\"152\" data-end=\"248\">Egzemplarz customowy wykonany dla Tony\u2019ego Martineza \u2013 Lust for Tone Pickups \u2013 Z\u0142oty osprz\u0119t<\/strong><\/p>\n<p data-start=\"250\" data-end=\"496\">Ta wyj\u0105tkowa <strong data-start=\"263\" data-end=\"294\">Friedman Vintage S-Type HSS<\/strong> z 2019 roku to <strong data-start=\"310\" data-end=\"347\">unikatowy egzemplarz typu one-off<\/strong>, zbudowany na specjalne zam\u00f3wienie <strong data-start=\"383\" data-end=\"405\">Tony\u2019ego Martineza<\/strong> \u2013 oficjalnego endorsera marki Friedman i gitarzysty takich artyst\u00f3w jak <strong data-start=\"478\" data-end=\"495\">Gloria Gaynor<\/strong>.<\/p>\n<p data-start=\"498\" data-end=\"804\">Instrument \u0142\u0105czy butikowe rzemios\u0142o z pe\u0142n\u0105 gotowo\u015bci\u0105 sceniczn\u0105. Korpus z wyselekcjonowanej olchy pokryty zosta\u0142 cienk\u0105 warstw\u0105 <strong data-start=\"627\" data-end=\"690\">nitrocelulozowego lakieru w wyko\u0144czeniu Relic Vintage White<\/strong>, z postarzeniem kontynuowanym tak\u017ce na klonowym gryfie \u2013 co zapewnia naturalne wra\u017cenie \u201eogranej\u201d gitary vintage.<\/p>\n<p data-start=\"806\" data-end=\"962\">Profil gryfu <strong data-start=\"819\" data-end=\"831\">Medium C<\/strong>, <strong data-start=\"833\" data-end=\"860\">compound radius 10&#8243;\u201314&#8243;<\/strong> oraz progi <strong data-start=\"872\" data-end=\"890\">Jescar FW47095<\/strong> gwarantuj\u0105 wyj\u0105tkowy komfort gry i p\u0142ynno\u015b\u0107 w ka\u017cdej pozycji na gryfie.<\/p>\n<h3 data-start=\"964\" data-end=\"992\">Elektronika i brzmienie:<\/h3>\n<p data-start=\"993\" data-end=\"1361\">Gitara zosta\u0142a wyposa\u017cona w <strong data-start=\"1021\" data-end=\"1075\">customowy zestaw przetwornik\u00f3w Lust for Tone (HSS)<\/strong>, oferuj\u0105cy szerokie spektrum brzmieniowe \u2013 od klarownych single-coilowych ton\u00f3w po mocny, nasycony humbucker. Humbucker pracuje na potencjometrze 500k, a single zosta\u0142y dopasowane do 250k za pomoc\u0105 rezystor\u00f3w \u2013 dzi\u0119ki czemu ka\u017cdy przetwornik brzmi maksymalnie naturalnie i selektywnie.<\/p>\n<h3 data-start=\"1363\" data-end=\"1380\">Specyfikacja:<\/h3>\n<ul data-start=\"1381\" data-end=\"1774\">\n<li data-start=\"1381\" data-end=\"1438\">\n<p data-start=\"1383\" data-end=\"1438\">Model: Friedman Vintage S-Type HSS Custom Shop (2019)<\/p>\n<\/li>\n<li data-start=\"1439\" data-end=\"1471\">\n<p data-start=\"1441\" data-end=\"1471\">Korpus: selekcjonowana olcha<\/p>\n<\/li>\n<li data-start=\"1472\" data-end=\"1515\">\n<p data-start=\"1474\" data-end=\"1515\">Wyko\u0144czenie: nitro, Relic Vintage White<\/p>\n<\/li>\n<li data-start=\"1516\" data-end=\"1530\">\n<p data-start=\"1518\" data-end=\"1530\">Gryf: klon<\/p>\n<\/li>\n<li data-start=\"1531\" data-end=\"1559\">\n<p data-start=\"1533\" data-end=\"1559\">Radius: compound 10&#8243;\u201314&#8243;<\/p>\n<\/li>\n<li data-start=\"1560\" data-end=\"1601\">\n<p data-start=\"1562\" data-end=\"1601\">Progi: Jescar FW47095 (nickel silver)<\/p>\n<\/li>\n<li data-start=\"1602\" data-end=\"1643\">\n<p data-start=\"1604\" data-end=\"1643\">Pickupy: Lust for Tone Custom HSS Set<\/p>\n<\/li>\n<li data-start=\"1644\" data-end=\"1669\">\n<p data-start=\"1646\" data-end=\"1669\">Mostek: Gotoh Tremolo<\/p>\n<\/li>\n<li data-start=\"1670\" data-end=\"1688\">\n<p data-start=\"1672\" data-end=\"1688\">Osprz\u0119t: z\u0142oty<\/p>\n<\/li>\n<li data-start=\"1689\" data-end=\"1774\">\n<p data-start=\"1691\" data-end=\"1774\">Szczeg\u00f3\u0142y: egzemplarz wykonany na zam\u00f3wienie dla Tony\u2019ego Martineza (Gloria Gaynor)<\/p>\n<\/li>\n<\/ul>\n<p data-start=\"1776\" data-end=\"1913\">Unikatowy, kolekcjonerski instrument o wyj\u0105tkowym charakterze i najwy\u017cszej jako\u015bci wykonania \u2013 idealny zar\u00f3wno na scen\u0119, jak i do studia.<\/p>\n","protected":false},"excerpt":{"rendered":"<p data-start=\"99\" data-end=\"248\"><strong data-start=\"99\" data-end=\"149\">Friedman Vintage S-Type HSS Custom Shop (2019)<\/strong><br data-start=\"149\" data-end=\"152\" \/><strong data-start=\"152\" data-end=\"248\">Egzemplarz customowy wykonany dla Tony\u2019ego Martineza \u2013 Lust for Tone Pickups \u2013 Z\u0142oty osprz\u0119t<\/strong><\/p>\n<p data-start=\"250\" data-end=\"496\">Ta wyj\u0105tkowa <strong data-start=\"263\" data-end=\"294\">Friedman Vintage S-Type HSS<\/strong> z 2019 roku to <strong data-start=\"310\" data-end=\"347\">unikatowy egzemplarz typu one-off<\/strong>, zbudowany na specjalne zam\u00f3wienie <strong data-start=\"383\" data-end=\"405\">Tony\u2019ego Martineza<\/strong> \u2013 oficjalnego endorsera marki Friedman i gitarzysty takich artyst\u00f3w jak <strong data-start=\"478\" data-end=\"495\">Gloria Gaynor<\/strong>.<\/p>\n","protected":false},"featured_media":14063,"template":"","meta":{"_monsterinsights_skip_tracking":false,"_monsterinsights_sitenote_active":false,"_monsterinsights_sitenote_note":"","_monsterinsights_sitenote_category":0,"_uf_show_specific_survey":0,"_uf_disable_surveys":false,"_kadence_starter_templates_imported_post":false,"_kad_post_transparent":"default","_kad_post_title":"","_kad_post_layout":"default","_kad_post_sidebar_id":"","_kad_post_content_style":"default","_kad_post_vertical_padding":"default","_kad_post_feature":"","_kad_post_feature_position":"","_kad_post_header":false,"_kad_post_footer":false,"_kad_post_classname":""},"product_brand":[],"product_cat":[3265,3261],"product_tag":[],"class_list":{"0":"post-14062","1":"product","2":"type-product","3":"status-publish","4":"has-post-thumbnail","6":"product_cat-elektryczne-pl","7":"product_cat-gitary","9":"first","10":"instock","11":"shipping-taxable","12":"purchasable","13":"product-type-simple","14":"entry","15":"content-bg","16":"loop-entry"},"jetpack_sharing_enabled":true,"_links":{"self":[{"href":"https:\/\/guitar2amp.de\/index.php\/wp-json\/wp\/v2\/product\/14062","targetHints":{"allow":["GET"]}}],"collection":[{"href":"https:\/\/guitar2amp.de\/index.php\/wp-json\/wp\/v2\/product"}],"about":[{"href":"https:\/\/guitar2amp.de\/index.php\/wp-json\/wp\/v2\/types\/product"}],"wp:featuredmedia":[{"embeddable":true,"href":"https:\/\/guitar2amp.de\/index.php\/wp-json\/wp\/v2\/media\/14063"}],"wp:attachment":[{"href":"https:\/\/guitar2amp.de\/index.php\/wp-json\/wp\/v2\/media?parent=14062"}],"wp:term":[{"taxonomy":"product_brand","embeddable":true,"href":"https:\/\/guitar2amp.de\/index.php\/wp-json\/wp\/v2\/product_brand?post=14062"},{"taxonomy":"product_cat","embeddable":true,"href":"https:\/\/guitar2amp.de\/index.php\/wp-json\/wp\/v2\/product_cat?post=14062"},{"taxonomy":"product_tag","embeddable":true,"href":"https:\/\/guitar2amp.de\/index.php\/wp-json\/wp\/v2\/product_tag?post=14062"}],"curies":[{"name":"wp","href":"https:\/\/api.w.org\/{rel}","templated":true}]}}