{"id":1424,"date":"2023-02-21T16:46:53","date_gmt":"2023-02-21T15:46:53","guid":{"rendered":"https:\/\/serwer1883554.home.pl\/autoinstalator\/wordpress1\/?post_type=product&#038;p=1424"},"modified":"2025-02-13T16:52:29","modified_gmt":"2025-02-13T15:52:29","slug":"1974-fender-stratocaster-black-2","status":"publish","type":"product","link":"https:\/\/guitar2amp.de\/index.php\/de\/product\/1974-fender-stratocaster-black-2\/","title":{"rendered":"1974 Fender Stratocaster Black"},"content":{"rendered":"<p>1974 Fender Stratocaster Black<\/p>\n","protected":false},"excerpt":{"rendered":"<h2><span style=\"color: #ff0000;\"><strong>OUT\u00a0OF\u00a0STOCK<\/strong><\/span><\/h2>\n<p>Zu verkaufen ist eine Fender Stratocaster aus dem Jahr 1974. Gro\u00dfartig klingendes Instrument mit viel Mojo und sch\u00f6nem Gewicht. Bis auf die Mechaniken und den Sattel sind alle original. Professionell in d\u00fcnner Nitrolackierung, neu lackiert in schwarzer Farbe von einem britischen Gitarrenbauer. Urspr\u00fcnglich war es in der Farbe Sunburst. Fender Case aus den 80ern im Lieferumfang enthalten.<\/p>\n","protected":false},"featured_media":1425,"template":"","meta":{"_monsterinsights_skip_tracking":false,"_monsterinsights_sitenote_active":false,"_monsterinsights_sitenote_note":"","_monsterinsights_sitenote_category":0,"_uf_show_specific_survey":0,"_uf_disable_surveys":false,"_kadence_starter_templates_imported_post":false,"_kad_post_transparent":"default","_kad_post_title":"","_kad_post_layout":"default","_kad_post_sidebar_id":"","_kad_post_content_style":"default","_kad_post_vertical_padding":"default","_kad_post_feature":"","_kad_post_feature_position":"","_kad_post_header":false,"_kad_post_footer":false,"_kad_post_classname":""},"product_brand":[],"product_cat":[3640,203],"product_tag":[],"class_list":{"0":"post-1424","1":"product","2":"type-product","3":"status-publish","4":"has-post-thumbnail","6":"product_cat-archiv","7":"product_cat-gitarren","8":"product_shipping_class-medium","10":"first","11":"outofstock","12":"shipping-taxable","13":"product-type-simple","14":"entry","15":"content-bg","16":"loop-entry"},"jetpack_sharing_enabled":true,"_links":{"self":[{"href":"https:\/\/guitar2amp.de\/index.php\/wp-json\/wp\/v2\/product\/1424","targetHints":{"allow":["GET"]}}],"collection":[{"href":"https:\/\/guitar2amp.de\/index.php\/wp-json\/wp\/v2\/product"}],"about":[{"href":"https:\/\/guitar2amp.de\/index.php\/wp-json\/wp\/v2\/types\/product"}],"wp:featuredmedia":[{"embeddable":true,"href":"https:\/\/guitar2amp.de\/index.php\/wp-json\/wp\/v2\/media\/1425"}],"wp:attachment":[{"href":"https:\/\/guitar2amp.de\/index.php\/wp-json\/wp\/v2\/media?parent=1424"}],"wp:term":[{"taxonomy":"product_brand","embeddable":true,"href":"https:\/\/guitar2amp.de\/index.php\/wp-json\/wp\/v2\/product_brand?post=1424"},{"taxonomy":"product_cat","embeddable":true,"href":"https:\/\/guitar2amp.de\/index.php\/wp-json\/wp\/v2\/product_cat?post=1424"},{"taxonomy":"product_tag","embeddable":true,"href":"https:\/\/guitar2amp.de\/index.php\/wp-json\/wp\/v2\/product_tag?post=1424"}],"curies":[{"name":"wp","href":"https:\/\/api.w.org\/{rel}","templated":true}]}}