{"id":15119,"date":"2025-07-21T21:02:48","date_gmt":"2025-07-21T19:02:48","guid":{"rendered":"https:\/\/guitar2amp.de\/?post_type=product&#038;p=15119"},"modified":"2025-11-18T20:46:07","modified_gmt":"2025-11-18T19:46:07","slug":"15119","status":"publish","type":"product","link":"https:\/\/guitar2amp.de\/index.php\/pl\/product\/15119\/","title":{"rendered":"Nik Huber Krautster II Worn Petrol Blue"},"content":{"rendered":"<h3 data-start=\"171\" data-end=\"203\">Minimalizm w klasie Boutique<\/h3>\n<p data-start=\"205\" data-end=\"475\"><strong data-start=\"205\" data-end=\"221\">Krautster II<\/strong> to gitara, kt\u00f3ra jak \u017cadna inna oddaje ducha bezkompromisowego rock\u2019n\u2019rolla \u2013 zredukowana do tego, co najwa\u017cniejsze, zbudowana z maksymaln\u0105 dba\u0142o\u015bci\u0105 o detale. Bez zb\u0119dnych ozdobnik\u00f3w \u2013 czysty ton, doskona\u0142a wygoda gry i wygl\u0105d z prawdziwym charakterem.<\/p>\n<p data-start=\"477\" data-end=\"683\">Egzemplarz o numerze seryjnym <strong data-start=\"507\" data-end=\"517\">#45312<\/strong> zosta\u0142 r\u0119cznie wykonany przez <strong data-start=\"548\" data-end=\"569\">Nik Huber Guitars<\/strong> w Niemczech. To po\u0142\u0105czenie klasycznego rzemios\u0142a, nowoczesnej precyzji i butikowego wyko\u0144czenia najwy\u017cszej pr\u00f3by.<\/p>\n<p data-start=\"685\" data-end=\"978\">Wyj\u0105tkowe wyko\u0144czenie <strong data-start=\"707\" data-end=\"727\">Worn Petrol Blue<\/strong> z kremowym bindingiem na topie i otwartymi porami z ty\u0142u sprawia, \u017ce gitara prezentuje si\u0119 niezwykle efektownie. Lekki korpus z cedru hiszpa\u0144skiego, jednocz\u0119\u015bciowy klonowy gryf oraz palisandrowa podstrunnica gwarantuj\u0105 doskona\u0142e brzmienie i rezonans.<\/p>\n<hr data-start=\"980\" data-end=\"983\" \/>\n<h3 data-start=\"985\" data-end=\"1001\">Specyfikacja<\/h3>\n<ul data-start=\"1003\" data-end=\"1740\">\n<li data-start=\"1003\" data-end=\"1032\">\n<p data-start=\"1005\" data-end=\"1032\"><strong data-start=\"1005\" data-end=\"1016\">Korpus:<\/strong> Spanish Cedar<\/p>\n<\/li>\n<li data-start=\"1033\" data-end=\"1066\">\n<p data-start=\"1035\" data-end=\"1066\"><strong data-start=\"1035\" data-end=\"1056\">Binding na topie:<\/strong> kremowy<\/p>\n<\/li>\n<li data-start=\"1067\" data-end=\"1100\">\n<p data-start=\"1069\" data-end=\"1100\"><strong data-start=\"1069\" data-end=\"1078\">Gryf:<\/strong> jednocz\u0119\u015bciowy klon<\/p>\n<\/li>\n<li data-start=\"1101\" data-end=\"1141\">\n<p data-start=\"1103\" data-end=\"1141\"><strong data-start=\"1103\" data-end=\"1120\">Profil gryfu:<\/strong> Standard Krautster<\/p>\n<\/li>\n<li data-start=\"1142\" data-end=\"1183\">\n<p data-start=\"1144\" data-end=\"1183\"><strong data-start=\"1144\" data-end=\"1161\">Podstrunnica:<\/strong> palisander indyjski<\/p>\n<\/li>\n<li data-start=\"1184\" data-end=\"1215\">\n<p data-start=\"1186\" data-end=\"1215\"><strong data-start=\"1186\" data-end=\"1198\">Markery:<\/strong> kropki z ko\u015bci<\/p>\n<\/li>\n<li data-start=\"1216\" data-end=\"1243\">\n<p data-start=\"1218\" data-end=\"1243\"><strong data-start=\"1218\" data-end=\"1235\">Front g\u0142\u00f3wki:<\/strong> heban<\/p>\n<\/li>\n<li data-start=\"1244\" data-end=\"1298\">\n<p data-start=\"1246\" data-end=\"1298\"><strong data-start=\"1246\" data-end=\"1262\">Wyko\u0144czenie:<\/strong> Worn Petrol Blue (Open Pore Back)<\/p>\n<\/li>\n<li data-start=\"1299\" data-end=\"1364\">\n<p data-start=\"1301\" data-end=\"1364\"><strong data-start=\"1301\" data-end=\"1321\">Mostkowy pickup:<\/strong> Nik Huber Krautster-B (Custom Humbucker)<\/p>\n<\/li>\n<li data-start=\"1365\" data-end=\"1396\">\n<p data-start=\"1367\" data-end=\"1396\"><strong data-start=\"1367\" data-end=\"1383\">Neck pickup:<\/strong> P90 \u201e1956\u201d<\/p>\n<\/li>\n<li data-start=\"1397\" data-end=\"1449\">\n<p data-start=\"1399\" data-end=\"1449\"><strong data-start=\"1399\" data-end=\"1410\">Mostek:<\/strong> Nik Huber Stop Tailpiece (aluminium)<\/p>\n<\/li>\n<li data-start=\"1450\" data-end=\"1487\">\n<p data-start=\"1452\" data-end=\"1487\"><strong data-start=\"1452\" data-end=\"1463\">Klucze:<\/strong> Gotoh 510 \u201eOpen Gear\u201d<\/p>\n<\/li>\n<li data-start=\"1488\" data-end=\"1521\">\n<p data-start=\"1490\" data-end=\"1521\"><strong data-start=\"1490\" data-end=\"1507\">Ga\u0142ki kluczy:<\/strong> Tulip-style<\/p>\n<\/li>\n<li data-start=\"1522\" data-end=\"1576\">\n<p data-start=\"1524\" data-end=\"1576\"><strong data-start=\"1524\" data-end=\"1542\">Potencjometry:<\/strong> czarne, szczotkowane Bell-style<\/p>\n<\/li>\n<li data-start=\"1577\" data-end=\"1628\">\n<p data-start=\"1579\" data-end=\"1628\"><strong data-start=\"1579\" data-end=\"1605\">Ko\u0144c\u00f3wka prze\u0142\u0105cznika:<\/strong> czarna, szczotkowana<\/p>\n<\/li>\n<li data-start=\"1629\" data-end=\"1667\">\n<p data-start=\"1631\" data-end=\"1667\"><strong data-start=\"1631\" data-end=\"1642\">Struny:<\/strong> Elixir Nanoweb 010\u2013046<\/p>\n<\/li>\n<li data-start=\"1668\" data-end=\"1740\">\n<p data-start=\"1670\" data-end=\"1740\"><strong data-start=\"1670\" data-end=\"1687\">Opcje custom:<\/strong> selekcjonowane drewno i niestandardowe wyko\u0144czenie<\/p>\n<\/li>\n<\/ul>\n<hr data-start=\"1742\" data-end=\"1745\" \/>\n<h3 data-start=\"1747\" data-end=\"1772\">Brzmienie i charakter<\/h3>\n<p data-start=\"1774\" data-end=\"1837\">Kombinacja P90 i humbuckera zapewnia wyj\u0105tkow\u0105 wszechstronno\u015b\u0107:<\/p>\n<ul data-start=\"1839\" data-end=\"2082\">\n<li data-start=\"1839\" data-end=\"1962\">\n<p data-start=\"1841\" data-end=\"1962\"><strong data-start=\"1841\" data-end=\"1856\">Krautster-B<\/strong> to mocne, zbalansowane brzmienie z du\u017c\u0105 klarowno\u015bci\u0105 i sustainem \u2013 idealne do mocnych riff\u00f3w i sol\u00f3wek.<\/p>\n<\/li>\n<li data-start=\"1963\" data-end=\"2082\">\n<p data-start=\"1965\" data-end=\"2082\"><strong data-start=\"1965\" data-end=\"1979\">P90 \u201e1956\u201d<\/strong> zapewnia ciep\u0142o, klarowno\u015b\u0107 i bogate \u015brodki \u2013 \u015bwietny wyb\u00f3r do bluesa, fusion czy klasycznych clean\u00f3w.<\/p>\n<\/li>\n<\/ul>\n<p data-start=\"2084\" data-end=\"2182\">Gitara \u015bwietnie reaguje na dynamik\u0119 gry \u2013 to prawdziwe instrument dla muzyk\u00f3w z wyczuciem i dusz\u0105.<\/p>\n<hr data-start=\"2184\" data-end=\"2187\" \/>\n<h3 data-start=\"2189\" data-end=\"2218\">O marce Nik Huber Guitars<\/h3>\n<p data-start=\"2220\" data-end=\"2506\"><strong data-start=\"2220\" data-end=\"2241\">Nik Huber Guitars<\/strong> to jedna z najbardziej cenionych butikowych pracowni lutniczych w Europie. Wszystkie instrumenty powstaj\u0105 r\u0119cznie w Rodgau w Niemczech, z u\u017cyciem najlepszych materia\u0142\u00f3w, precyzj\u0105 i pasj\u0105, kt\u00f3r\u0105 doceniaj\u0105 muzycy na ca\u0142ym \u015bwiecie \u2013 zar\u00f3wno na scenie, jak i w studiu.<\/p>\n<hr data-start=\"2508\" data-end=\"2511\" \/>\n<h3 data-start=\"2513\" data-end=\"2556\">Guitar2Amp \u2013 Oficjalny Dealer Nik Huber<\/h3>\n<p data-start=\"2558\" data-end=\"2821\">Jako <strong data-start=\"2563\" data-end=\"2606\">oficjalny dystrybutor Nik Huber Guitars<\/strong>, oferujemy wyselekcjonowane egzemplarze z magazynu, limitowane edycje oraz kompleksow\u0105 obs\u0142ug\u0119 indywidualnych zam\u00f3wie\u0144 custom. Do ka\u017cdej gitary do\u0142\u0105czamy certyfikat, oryginalny case, akcesoria oraz pe\u0142n\u0105 gwarancj\u0119.<\/p>\n<hr data-start=\"2823\" data-end=\"2826\" \/>\n<h3 data-start=\"2828\" data-end=\"2844\">Podsumowanie<\/h3>\n<p data-start=\"2846\" data-end=\"3068\"><strong data-start=\"2846\" data-end=\"2879\">Nik Huber Krautster II #45312<\/strong> to po\u0142\u0105czenie klasycznego stylu, najwy\u017cszej jako\u015bci rzemios\u0142a i wsp\u00f3\u0142czesnej wygody gry. Doskona\u0142y wyb\u00f3r dla wymagaj\u0105cych gitarzyst\u00f3w, kolekcjoner\u00f3w i mi\u0142o\u015bnik\u00f3w brzmienia bez kompromis\u00f3w.<\/p>\n<p data-start=\"3070\" data-end=\"3227\"><strong data-start=\"3070\" data-end=\"3114\">Dost\u0119pna teraz \u2013 wy\u0142\u0105cznie w Guitar2Amp.<\/strong><br data-start=\"3114\" data-end=\"3117\" \/>Skontaktuj si\u0119 z nami, je\u015bli chcesz obejrze\u0107 wi\u0119cej zdj\u0119\u0107, um\u00f3wi\u0107 si\u0119 na test lub porozmawia\u0107 o modelu custom.<\/p>\n","protected":false},"excerpt":{"rendered":"<h3 data-start=\"171\" data-end=\"203\">Minimalizm w klasie Boutique<\/h3>\n<p data-start=\"205\" data-end=\"475\"><strong data-start=\"205\" data-end=\"221\">Krautster II<\/strong> to gitara, kt\u00f3ra jak \u017cadna inna oddaje ducha bezkompromisowego rock\u2019n\u2019rolla \u2013 zredukowana do tego, co najwa\u017cniejsze, zbudowana z maksymaln\u0105 dba\u0142o\u015bci\u0105 o detale. Bez zb\u0119dnych ozdobnik\u00f3w \u2013 czysty ton, doskona\u0142a wygoda gry i wygl\u0105d z prawdziwym charakterem.<\/p>\n<p data-start=\"477\" data-end=\"683\">Egzemplarz o numerze seryjnym <strong data-start=\"507\" data-end=\"517\">#45312<\/strong> zosta\u0142 r\u0119cznie wykonany przez <strong data-start=\"548\" data-end=\"569\">Nik Huber Guitars<\/strong> w Niemczech. To po\u0142\u0105czenie klasycznego rzemios\u0142a, nowoczesnej precyzji i butikowego wyko\u0144czenia najwy\u017cszej pr\u00f3by.<\/p>\n","protected":false},"featured_media":15120,"template":"","meta":{"_monsterinsights_skip_tracking":false,"_monsterinsights_sitenote_active":false,"_monsterinsights_sitenote_note":"","_monsterinsights_sitenote_category":0,"_uf_show_specific_survey":0,"_uf_disable_surveys":false,"_kadence_starter_templates_imported_post":false,"_kad_post_transparent":"default","_kad_post_title":"","_kad_post_layout":"default","_kad_post_sidebar_id":"","_kad_post_content_style":"default","_kad_post_vertical_padding":"default","_kad_post_feature":"","_kad_post_feature_position":"","_kad_post_header":false,"_kad_post_footer":false,"_kad_post_classname":""},"product_brand":[],"product_cat":[4898],"product_tag":[],"class_list":{"0":"post-15119","1":"product","2":"type-product","3":"status-publish","4":"has-post-thumbnail","6":"product_cat-nik_huber_pl","8":"first","9":"onbackorder","10":"shipping-taxable","11":"purchasable","12":"product-type-simple","13":"entry","14":"content-bg","15":"loop-entry"},"jetpack_sharing_enabled":true,"_links":{"self":[{"href":"https:\/\/guitar2amp.de\/index.php\/wp-json\/wp\/v2\/product\/15119","targetHints":{"allow":["GET"]}}],"collection":[{"href":"https:\/\/guitar2amp.de\/index.php\/wp-json\/wp\/v2\/product"}],"about":[{"href":"https:\/\/guitar2amp.de\/index.php\/wp-json\/wp\/v2\/types\/product"}],"wp:featuredmedia":[{"embeddable":true,"href":"https:\/\/guitar2amp.de\/index.php\/wp-json\/wp\/v2\/media\/15120"}],"wp:attachment":[{"href":"https:\/\/guitar2amp.de\/index.php\/wp-json\/wp\/v2\/media?parent=15119"}],"wp:term":[{"taxonomy":"product_brand","embeddable":true,"href":"https:\/\/guitar2amp.de\/index.php\/wp-json\/wp\/v2\/product_brand?post=15119"},{"taxonomy":"product_cat","embeddable":true,"href":"https:\/\/guitar2amp.de\/index.php\/wp-json\/wp\/v2\/product_cat?post=15119"},{"taxonomy":"product_tag","embeddable":true,"href":"https:\/\/guitar2amp.de\/index.php\/wp-json\/wp\/v2\/product_tag?post=15119"}],"curies":[{"name":"wp","href":"https:\/\/api.w.org\/{rel}","templated":true}]}}