{"id":15308,"date":"2025-07-22T19:30:30","date_gmt":"2025-07-22T17:30:30","guid":{"rendered":"https:\/\/guitar2amp.de\/?post_type=product&#038;p=15308"},"modified":"2025-09-02T19:27:43","modified_gmt":"2025-09-02T17:27:43","slug":"suhr-modern-set-neck-custom-trans-algae-3","status":"publish","type":"product","link":"https:\/\/guitar2amp.de\/index.php\/pl\/product\/suhr-modern-set-neck-custom-trans-algae-3\/","title":{"rendered":"Suhr Modern Set Neck Custom \u2013 Trans Algae"},"content":{"rendered":"<p data-start=\"71\" data-end=\"155\"><strong data-start=\"71\" data-end=\"155\">Suhr Modern Set Neck Custom \u2013 Trans Algae \/ Heban \/ Floyd Rose \u2013 USA Custom Shop<\/strong><\/p>\n<p data-start=\"157\" data-end=\"275\">Na sprzeda\u017c wyj\u0105tkowa gitara Suhr Modern Set Neck Custom \u2013 topowy instrument z ameryka\u0144skiego Custom Shopu marki Suhr.<\/p>\n<p data-start=\"277\" data-end=\"590\">Suhr to jedna z najbardziej cenionych marek w \u015bwiecie gitar butikowych. Ich instrumenty wyr\u00f3\u017cniaj\u0105 si\u0119 niesamowit\u0105 precyzj\u0105 wykonania, perfekcyjnym wywa\u017ceniem oraz nowoczesnymi rozwi\u0105zaniami, kt\u00f3re doceniaj\u0105 zar\u00f3wno muzycy studyjni, jak i sceniczni \u2013 w tym tacy arty\u015bci jak Mateus Asato, Andy Wood czy Pete Thorn.<\/p>\n<p data-start=\"592\" data-end=\"860\">Model <strong data-start=\"598\" data-end=\"617\">Modern Set Neck<\/strong> to po\u0142\u0105czenie ergonomii nowoczesnej konstrukcji z klasycznym, pot\u0119\u017cnym brzmieniem. Wklejany gryf, hebanowa podstrunnica i wysokiej klasy osprz\u0119t tworz\u0105 instrument gotowy do pracy na najwy\u017cszym poziomie \u2013 od czystych brzmie\u0144 po agresywny gain.<\/p>\n<p data-start=\"862\" data-end=\"890\"><strong data-start=\"862\" data-end=\"890\">Specyfikacja techniczna:<\/strong><\/p>\n<p data-start=\"892\" data-end=\"903\"><strong data-start=\"892\" data-end=\"903\">Korpus:<\/strong><\/p>\n<ul data-start=\"904\" data-end=\"1193\">\n<li data-start=\"904\" data-end=\"959\">\n<p data-start=\"906\" data-end=\"959\">Kszta\u0142t: Modern Set Neck (gryf wklejany, brak p\u0142ytki)<\/p>\n<\/li>\n<li data-start=\"960\" data-end=\"1015\">\n<p data-start=\"962\" data-end=\"1015\">Drewno: Maho\u0144 + top z klonu burl (2-cz\u0119\u015bciowy, 3\/16\u201d)<\/p>\n<\/li>\n<li data-start=\"1016\" data-end=\"1083\">\n<p data-start=\"1018\" data-end=\"1083\">Wyko\u0144czenie: Trans Algae \u2013 efektowny zielony burst, wysoki po\u0142ysk<\/p>\n<\/li>\n<li data-start=\"1084\" data-end=\"1121\">\n<p data-start=\"1086\" data-end=\"1121\">Mostek: Gotoh Floyd Rose (recessed)<\/p>\n<\/li>\n<li data-start=\"1122\" data-end=\"1152\">\n<p data-start=\"1124\" data-end=\"1152\">Gniazdo jack: boczne, czarne<\/p>\n<\/li>\n<li data-start=\"1153\" data-end=\"1193\">\n<p data-start=\"1155\" data-end=\"1193\">Osprz\u0119t: Czarny \u2013 w stylistyce stealth<\/p>\n<\/li>\n<\/ul>\n<p data-start=\"1195\" data-end=\"1204\"><strong data-start=\"1195\" data-end=\"1204\">Gryf:<\/strong><\/p>\n<ul data-start=\"1205\" data-end=\"1595\">\n<li data-start=\"1205\" data-end=\"1235\">\n<p data-start=\"1207\" data-end=\"1235\">Drewno: selekcjonowany maho\u0144<\/p>\n<\/li>\n<li data-start=\"1236\" data-end=\"1257\">\n<p data-start=\"1238\" data-end=\"1257\">Podstrunnica: heban<\/p>\n<\/li>\n<li data-start=\"1258\" data-end=\"1300\">\n<p data-start=\"1260\" data-end=\"1300\">Radius: 16&#8243;, z zaokr\u0105glonymi kraw\u0119dziami<\/p>\n<\/li>\n<li data-start=\"1301\" data-end=\"1335\">\n<p data-start=\"1303\" data-end=\"1335\">Progi: 24 Jumbo, stal nierdzewna<\/p>\n<\/li>\n<li data-start=\"1336\" data-end=\"1395\">\n<p data-start=\"1338\" data-end=\"1395\">Profil: Modern Elliptical (.800\u2013.850\u201d) \u2013 szybki i wygodny<\/p>\n<\/li>\n<li data-start=\"1396\" data-end=\"1451\">\n<p data-start=\"1398\" data-end=\"1451\">Inlaye: Mother of Pearl (w tym znacznik na 12. progu)<\/p>\n<\/li>\n<li data-start=\"1452\" data-end=\"1514\">\n<p data-start=\"1454\" data-end=\"1514\">G\u0142\u00f3wka: Matching headstock z klonu burl, Trans Algae, po\u0142ysk<\/p>\n<\/li>\n<li data-start=\"1515\" data-end=\"1545\">\n<p data-start=\"1517\" data-end=\"1545\">Klucze: Suhr Locking, czarne<\/p>\n<\/li>\n<li data-start=\"1546\" data-end=\"1595\">\n<p data-start=\"1548\" data-end=\"1595\">Siode\u0142ko: Floyd Rose Locking Nut 1.650\u201d, czarne<\/p>\n<\/li>\n<\/ul>\n<p data-start=\"1597\" data-end=\"1613\"><strong data-start=\"1597\" data-end=\"1613\">Elektronika:<\/strong><\/p>\n<ul data-start=\"1614\" data-end=\"1772\">\n<li data-start=\"1614\" data-end=\"1688\">\n<p data-start=\"1616\" data-end=\"1629\">Przetworniki:<\/p>\n<ul data-start=\"1632\" data-end=\"1688\">\n<li data-start=\"1632\" data-end=\"1643\">\n<p data-start=\"1634\" data-end=\"1643\">Neck: SSV<\/p>\n<\/li>\n<li data-start=\"1646\" data-end=\"1667\">\n<p data-start=\"1648\" data-end=\"1667\">Middle: ML Standard<\/p>\n<\/li>\n<li data-start=\"1670\" data-end=\"1688\">\n<p data-start=\"1672\" data-end=\"1688\">Bridge: SSH Plus<\/p>\n<\/li>\n<\/ul>\n<\/li>\n<li data-start=\"1689\" data-end=\"1721\">\n<p data-start=\"1691\" data-end=\"1721\">Prze\u0142\u0105cznik: 5-pozycyjny blade<\/p>\n<\/li>\n<li data-start=\"1722\" data-end=\"1746\">\n<p data-start=\"1724\" data-end=\"1746\">Kontrole: Volume, Tone<\/p>\n<\/li>\n<li data-start=\"1747\" data-end=\"1772\">\n<p data-start=\"1749\" data-end=\"1772\">Ga\u0142ki: metalowe, czarne<\/p>\n<\/li>\n<\/ul>\n<p data-start=\"1774\" data-end=\"1789\"><strong data-start=\"1774\" data-end=\"1789\">W zestawie:<\/strong><\/p>\n<ul data-start=\"1790\" data-end=\"1875\">\n<li data-start=\"1790\" data-end=\"1828\">\n<p data-start=\"1792\" data-end=\"1828\">Twardy futera\u0142 (Suhr Hardshell Case)<\/p>\n<\/li>\n<li data-start=\"1829\" data-end=\"1848\">\n<p data-start=\"1831\" data-end=\"1848\">Struny: .010\u2013.046<\/p>\n<\/li>\n<li data-start=\"1849\" data-end=\"1875\">\n<p data-start=\"1851\" data-end=\"1875\">Strojenie: standardowe E<\/p>\n<\/li>\n<\/ul>\n<p data-start=\"1877\" data-end=\"2071\">Gitara w bardzo dobrym stanie, gotowa do gry, z jedynie minimalnymi \u015bladami u\u017cytkowania. To topowy instrument klasy \u201ecustom\u201d, kt\u00f3ry spe\u0142ni oczekiwania nawet najbardziej wymagaj\u0105cych gitarzyst\u00f3w.<\/p>\n<p data-start=\"2073\" data-end=\"2213\">Je\u015bli szukasz gitary z charakterem, doskona\u0142\u0105 ergonomi\u0105 i profesjonalnym brzmieniem \u2013 ta Suhr Modern Set Neck Custom to strza\u0142 w dziesi\u0105tk\u0119.<\/p>\n","protected":false},"excerpt":{"rendered":"<p data-start=\"71\" data-end=\"155\"><strong data-start=\"71\" data-end=\"155\">Suhr Modern Set Neck Custom \u2013 Trans Algae \/ Heban \/ Floyd Rose \u2013 USA Custom Shop<\/strong><\/p>\n<p data-start=\"157\" data-end=\"275\">Na sprzeda\u017c wyj\u0105tkowa gitara Suhr Modern Set Neck Custom \u2013 topowy instrument z ameryka\u0144skiego Custom Shopu marki Suhr.<\/p>\n<p data-start=\"277\" data-end=\"590\">Suhr to jedna z najbardziej cenionych marek w \u015bwiecie gitar butikowych. Ich instrumenty wyr\u00f3\u017cniaj\u0105 si\u0119 niesamowit\u0105 precyzj\u0105 wykonania, perfekcyjnym wywa\u017ceniem oraz nowoczesnymi rozwi\u0105zaniami, kt\u00f3re doceniaj\u0105 zar\u00f3wno muzycy studyjni, jak i sceniczni \u2013 w tym tacy arty\u015bci jak Mateus Asato, Andy Wood czy Pete Thorn.<\/p>\n<p data-start=\"592\" data-end=\"860\">Model <strong data-start=\"598\" data-end=\"617\">Modern Set Neck<\/strong> to po\u0142\u0105czenie ergonomii nowoczesnej konstrukcji z klasycznym, pot\u0119\u017cnym brzmieniem. Wklejany gryf, hebanowa podstrunnica i wysokiej klasy osprz\u0119t tworz\u0105 instrument gotowy do pracy na najwy\u017cszym poziomie \u2013 od czystych brzmie\u0144 po agresywny gain.<\/p>\n","protected":false},"featured_media":15309,"template":"","meta":{"_monsterinsights_skip_tracking":false,"_monsterinsights_sitenote_active":false,"_monsterinsights_sitenote_note":"","_monsterinsights_sitenote_category":0,"_uf_show_specific_survey":0,"_uf_disable_surveys":false,"_kadence_starter_templates_imported_post":false,"_kad_post_transparent":"default","_kad_post_title":"","_kad_post_layout":"default","_kad_post_sidebar_id":"","_kad_post_content_style":"default","_kad_post_vertical_padding":"default","_kad_post_feature":"","_kad_post_feature_position":"","_kad_post_header":false,"_kad_post_footer":false,"_kad_post_classname":""},"product_brand":[],"product_cat":[3265,3261],"product_tag":[],"class_list":{"0":"post-15308","1":"product","2":"type-product","3":"status-publish","4":"has-post-thumbnail","6":"product_cat-elektryczne-pl","7":"product_cat-gitary","9":"first","10":"outofstock","11":"shipping-taxable","12":"product-type-simple","13":"entry","14":"content-bg","15":"loop-entry"},"jetpack_sharing_enabled":true,"_links":{"self":[{"href":"https:\/\/guitar2amp.de\/index.php\/wp-json\/wp\/v2\/product\/15308","targetHints":{"allow":["GET"]}}],"collection":[{"href":"https:\/\/guitar2amp.de\/index.php\/wp-json\/wp\/v2\/product"}],"about":[{"href":"https:\/\/guitar2amp.de\/index.php\/wp-json\/wp\/v2\/types\/product"}],"wp:featuredmedia":[{"embeddable":true,"href":"https:\/\/guitar2amp.de\/index.php\/wp-json\/wp\/v2\/media\/15309"}],"wp:attachment":[{"href":"https:\/\/guitar2amp.de\/index.php\/wp-json\/wp\/v2\/media?parent=15308"}],"wp:term":[{"taxonomy":"product_brand","embeddable":true,"href":"https:\/\/guitar2amp.de\/index.php\/wp-json\/wp\/v2\/product_brand?post=15308"},{"taxonomy":"product_cat","embeddable":true,"href":"https:\/\/guitar2amp.de\/index.php\/wp-json\/wp\/v2\/product_cat?post=15308"},{"taxonomy":"product_tag","embeddable":true,"href":"https:\/\/guitar2amp.de\/index.php\/wp-json\/wp\/v2\/product_tag?post=15308"}],"curies":[{"name":"wp","href":"https:\/\/api.w.org\/{rel}","templated":true}]}}