{"id":15354,"date":"2025-07-23T15:06:40","date_gmt":"2025-07-23T13:06:40","guid":{"rendered":"https:\/\/guitar2amp.de\/?post_type=product&#038;p=15354"},"modified":"2025-11-09T11:57:44","modified_gmt":"2025-11-09T10:57:44","slug":"tone-king-imperial-mk2-1x12-combo-turquoise-3","status":"publish","type":"product","link":"https:\/\/guitar2amp.de\/index.php\/pl\/product\/tone-king-imperial-mk2-1x12-combo-turquoise-3\/","title":{"rendered":"Tone King Imperial MK2 1&#215;12 Combo Turquoise [USED]"},"content":{"rendered":"<p data-start=\"127\" data-end=\"197\"><strong data-start=\"127\" data-end=\"197\">Tone King Imperial MK II \u2013 20W, 1&#215;12\u201d, lampowy combo \u2013 Made in USA<\/strong><\/p>\n<p data-start=\"199\" data-end=\"513\">Tone King Imperial MK II to wzmacniacz, kt\u00f3ry zyska\u0142 status kultowego w\u015br\u00f3d mi\u0142o\u015bnik\u00f3w klasycznego, ameryka\u0144skiego brzmienia. Inspirowany legendarnymi konstrukcjami Fendera z lat 60., oferuje pi\u0119kne czyste brzmienia, kremowy overdrive oraz niezwykle muzyczn\u0105 dynamik\u0119. Wszystko to w kompaktowej, scenicznej formie.<\/p>\n<p data-start=\"515\" data-end=\"623\"><strong data-start=\"515\" data-end=\"623\">Prezentowany egzemplarz jest praktycznie nowy, bardzo ma\u0142o grany, \u015bwie\u017co po przegl\u0105dzie \u2013 gotowy do gry.<\/strong><\/p>\n<hr data-start=\"625\" data-end=\"628\" \/>\n<p data-start=\"630\" data-end=\"658\"><strong data-start=\"630\" data-end=\"658\">Specyfikacja techniczna:<\/strong><\/p>\n<ul data-start=\"660\" data-end=\"1396\">\n<li data-start=\"660\" data-end=\"687\">\n<p data-start=\"662\" data-end=\"687\"><strong data-start=\"662\" data-end=\"670\">Moc:<\/strong> 20W (klasa AB)<\/p>\n<\/li>\n<li data-start=\"688\" data-end=\"719\">\n<p data-start=\"690\" data-end=\"719\"><strong data-start=\"690\" data-end=\"708\">Lampy ko\u0144cowe:<\/strong> 2x 6V6GT<\/p>\n<\/li>\n<li data-start=\"720\" data-end=\"770\">\n<p data-start=\"722\" data-end=\"770\"><strong data-start=\"722\" data-end=\"749\">Lampy przedwzmacniacza:<\/strong> 4x 12AX7, 1x 12AT7<\/p>\n<\/li>\n<li data-start=\"771\" data-end=\"803\">\n<p data-start=\"773\" data-end=\"803\"><strong data-start=\"773\" data-end=\"796\">Lampa prostownicza:<\/strong> 5AR4<\/p>\n<\/li>\n<li data-start=\"804\" data-end=\"891\">\n<p data-start=\"806\" data-end=\"891\"><strong data-start=\"806\" data-end=\"818\">G\u0142o\u015bnik:<\/strong> 12\u201d Eminence \u201eTone King 33\u201d (8 Ohm), strojony specjalnie pod ten model<\/p>\n<\/li>\n<li data-start=\"892\" data-end=\"1050\">\n<p data-start=\"894\" data-end=\"907\"><strong data-start=\"894\" data-end=\"905\">Kana\u0142y:<\/strong><\/p>\n<ul data-start=\"910\" data-end=\"1050\">\n<li data-start=\"910\" data-end=\"973\">\n<p data-start=\"912\" data-end=\"973\"><strong data-start=\"912\" data-end=\"923\">Rhythm:<\/strong> klarowny clean inspirowany brzmieniem Blackface<\/p>\n<\/li>\n<li data-start=\"976\" data-end=\"1050\">\n<p data-start=\"978\" data-end=\"1050\"><strong data-start=\"978\" data-end=\"987\">Lead:<\/strong> przesterowane brzmienie w stylu Tweed z regulacj\u0105 \u201eMid-Bite\u201d<\/p>\n<\/li>\n<\/ul>\n<\/li>\n<li data-start=\"1051\" data-end=\"1166\">\n<p data-start=\"1053\" data-end=\"1076\"><strong data-start=\"1053\" data-end=\"1074\">Wbudowane efekty:<\/strong><\/p>\n<ul data-start=\"1079\" data-end=\"1166\">\n<li data-start=\"1079\" data-end=\"1116\">\n<p data-start=\"1081\" data-end=\"1116\">lampowe tremolo (bias-modulowane)<\/p>\n<\/li>\n<li data-start=\"1119\" data-end=\"1166\">\n<p data-start=\"1121\" data-end=\"1166\">klasyczny spring reverb (r\u00f3wnie\u017c na lampie)<\/p>\n<\/li>\n<\/ul>\n<\/li>\n<li data-start=\"1167\" data-end=\"1253\">\n<p data-start=\"1169\" data-end=\"1253\"><strong data-start=\"1169\" data-end=\"1185\">T\u0142umik mocy:<\/strong> wbudowany Ironman II \u2013 pozwala gra\u0107 na pe\u0142nej lampie nawet w domu<\/p>\n<\/li>\n<li data-start=\"1254\" data-end=\"1326\">\n<p data-start=\"1256\" data-end=\"1326\"><strong data-start=\"1256\" data-end=\"1281\">Footswitch w zestawie<\/strong> \u2013 prze\u0142\u0105czanie kana\u0142\u00f3w oraz Reverb\/Tremolo<\/p>\n<\/li>\n<li data-start=\"1327\" data-end=\"1396\">\n<p data-start=\"1329\" data-end=\"1396\"><strong data-start=\"1329\" data-end=\"1341\">Obudowa:<\/strong> solidna sklejka brzozowa, wyko\u0144czona w stylu vintage<\/p>\n<\/li>\n<\/ul>\n<hr data-start=\"1398\" data-end=\"1401\" \/>\n<p data-start=\"1403\" data-end=\"1658\"><strong data-start=\"1403\" data-end=\"1422\">Dlaczego warto?<\/strong><br data-start=\"1422\" data-end=\"1425\" \/>Imperial MK II to jeden z najbardziej muzycznych lampowych combo w swojej klasie \u2013 naturalna odpowied\u017a, pi\u0119kne pasmo, niesamowita grywalno\u015b\u0107. Dzi\u0119ki wbudowanemu t\u0142umikowi \u015bwietnie sprawdzi si\u0119 zar\u00f3wno w domu, studiu, jak i na scenie.<\/p>\n<p data-start=\"1660\" data-end=\"1718\" data-is-last-node=\"\" data-is-only-node=\"\">W razie pyta\u0144 lub po wi\u0119cej zdj\u0119\u0107 \u2013 zapraszam do kontaktu.<\/p>\n","protected":false},"excerpt":{"rendered":"<p data-start=\"127\" data-end=\"197\"><strong data-start=\"127\" data-end=\"197\">Tone King Imperial MK II \u2013 20W, 1&#215;12\u201d, lampowy combo \u2013 Made in USA<\/strong><\/p>\n<p data-start=\"199\" data-end=\"513\">Tone King Imperial MK II to wzmacniacz, kt\u00f3ry zyska\u0142 status kultowego w\u015br\u00f3d mi\u0142o\u015bnik\u00f3w klasycznego, ameryka\u0144skiego brzmienia. Inspirowany legendarnymi konstrukcjami Fendera z lat 60., oferuje pi\u0119kne czyste brzmienia, kremowy overdrive oraz niezwykle muzyczn\u0105 dynamik\u0119. Wszystko to w kompaktowej, scenicznej formie.<\/p>\n","protected":false},"featured_media":15356,"template":"","meta":{"_monsterinsights_skip_tracking":false,"_monsterinsights_sitenote_active":false,"_monsterinsights_sitenote_note":"","_monsterinsights_sitenote_category":0,"_uf_show_specific_survey":0,"_uf_disable_surveys":false,"_kadence_starter_templates_imported_post":false,"_kad_post_transparent":"default","_kad_post_title":"","_kad_post_layout":"default","_kad_post_sidebar_id":"","_kad_post_content_style":"default","_kad_post_vertical_padding":"default","_kad_post_feature":"","_kad_post_feature_position":"","_kad_post_header":false,"_kad_post_footer":false,"_kad_post_classname":""},"product_brand":[],"product_cat":[3253,3247],"product_tag":[],"class_list":{"0":"post-15354","1":"product","2":"type-product","3":"status-publish","4":"has-post-thumbnail","6":"product_cat-gitarowe","7":"product_cat-wzmacniacze","8":"product_shipping_class-head-amp","10":"first","11":"outofstock","12":"shipping-taxable","13":"purchasable","14":"product-type-simple","15":"entry","16":"content-bg","17":"loop-entry"},"jetpack_sharing_enabled":true,"_links":{"self":[{"href":"https:\/\/guitar2amp.de\/index.php\/wp-json\/wp\/v2\/product\/15354","targetHints":{"allow":["GET"]}}],"collection":[{"href":"https:\/\/guitar2amp.de\/index.php\/wp-json\/wp\/v2\/product"}],"about":[{"href":"https:\/\/guitar2amp.de\/index.php\/wp-json\/wp\/v2\/types\/product"}],"wp:featuredmedia":[{"embeddable":true,"href":"https:\/\/guitar2amp.de\/index.php\/wp-json\/wp\/v2\/media\/15356"}],"wp:attachment":[{"href":"https:\/\/guitar2amp.de\/index.php\/wp-json\/wp\/v2\/media?parent=15354"}],"wp:term":[{"taxonomy":"product_brand","embeddable":true,"href":"https:\/\/guitar2amp.de\/index.php\/wp-json\/wp\/v2\/product_brand?post=15354"},{"taxonomy":"product_cat","embeddable":true,"href":"https:\/\/guitar2amp.de\/index.php\/wp-json\/wp\/v2\/product_cat?post=15354"},{"taxonomy":"product_tag","embeddable":true,"href":"https:\/\/guitar2amp.de\/index.php\/wp-json\/wp\/v2\/product_tag?post=15354"}],"curies":[{"name":"wp","href":"https:\/\/api.w.org\/{rel}","templated":true}]}}