{"id":15395,"date":"2025-08-29T10:30:24","date_gmt":"2025-08-29T08:30:24","guid":{"rendered":"https:\/\/guitar2amp.de\/?post_type=product&#038;p=15395"},"modified":"2025-08-29T11:38:24","modified_gmt":"2025-08-29T09:38:24","slug":"15395","status":"publish","type":"product","link":"https:\/\/guitar2amp.de\/index.php\/de\/product\/15395\/","title":{"rendered":"Nik Huber Surfmeister Custom"},"content":{"rendered":"<h3 data-start=\"2168\" data-end=\"2238\"><strong data-start=\"2172\" data-end=\"2236\">Nik Huber Surfmeister Custom \u2013 Semi-Hollow (Tiger Eye Burst)<\/strong><\/h3>\n<p data-start=\"2240\" data-end=\"2320\"><strong data-start=\"2240\" data-end=\"2318\">Erh\u00e4ltlich bei Guitar2Amp \u2013 Offizieller Nik Huber Guitars H\u00e4ndler in Polen<\/strong><\/p>\n<p data-start=\"2322\" data-end=\"2592\">Der Nik Huber Surfmeister ist ein Semi-Hollow-Meisterwerk, das klassische Eleganz mit moderner Spielbarkeit verbindet. Dieses Exemplar ist eine <strong data-start=\"2466\" data-end=\"2484\">Custom-Version<\/strong>, ausgestattet mit mehreren exklusiven Upcharge-Optionen, die es zu einem einzigartigen Instrument machen.<\/p>\n<p data-start=\"2594\" data-end=\"2800\">Mit einem Gewicht von nur <strong data-start=\"2620\" data-end=\"2631\">2,43 kg<\/strong> ist die Gitarre extrem leicht und zugleich sehr resonant. Die Semi-Hollow-Konstruktion sorgt f\u00fcr W\u00e4rme und harmonische Tiefe, ohne an Klarheit und Dynamik einzub\u00fc\u00dfen.<\/p>\n<hr data-start=\"2802\" data-end=\"2805\" \/>\n<h4 data-start=\"2807\" data-end=\"2833\"><strong data-start=\"2812\" data-end=\"2831\">Spezifikationen<\/strong><\/h4>\n<ul data-start=\"2834\" data-end=\"3465\">\n<li data-start=\"2834\" data-end=\"2872\">\n<p data-start=\"2836\" data-end=\"2872\"><strong data-start=\"2836\" data-end=\"2849\">Top Wood:<\/strong> Exotic Curly Redwood<\/p>\n<\/li>\n<li data-start=\"2873\" data-end=\"2914\">\n<p data-start=\"2875\" data-end=\"2914\"><strong data-start=\"2875\" data-end=\"2889\">Body Wood:<\/strong> Mahagoni (semi-hollow)<\/p>\n<\/li>\n<li data-start=\"2915\" data-end=\"2942\">\n<p data-start=\"2917\" data-end=\"2942\"><strong data-start=\"2917\" data-end=\"2931\">Neck Wood:<\/strong> Mahagoni<\/p>\n<\/li>\n<li data-start=\"2943\" data-end=\"2975\">\n<p data-start=\"2945\" data-end=\"2975\"><strong data-start=\"2945\" data-end=\"2960\">Neck Carve:<\/strong> Std. Dolphin<\/p>\n<\/li>\n<li data-start=\"2976\" data-end=\"3020\">\n<p data-start=\"2978\" data-end=\"3020\"><strong data-start=\"2978\" data-end=\"2994\">Fingerboard:<\/strong> Ostindischer Palisander<\/p>\n<\/li>\n<li data-start=\"3021\" data-end=\"3048\">\n<p data-start=\"3023\" data-end=\"3048\"><strong data-start=\"3023\" data-end=\"3037\">Headstock:<\/strong> Ebenholz<\/p>\n<\/li>\n<li data-start=\"3049\" data-end=\"3095\">\n<p data-start=\"3051\" data-end=\"3095\"><strong data-start=\"3051\" data-end=\"3062\">Inlays:<\/strong> Silver Rings (Sterling Silver)<\/p>\n<\/li>\n<li data-start=\"3096\" data-end=\"3165\">\n<p data-start=\"3098\" data-end=\"3165\"><strong data-start=\"3098\" data-end=\"3117\">Farbe \/ Finish:<\/strong> Tiger Eye Burst (High Gloss), R\u00fcckseite burst<\/p>\n<\/li>\n<li data-start=\"3166\" data-end=\"3221\">\n<p data-start=\"3168\" data-end=\"3221\"><strong data-start=\"3168\" data-end=\"3180\">Pickups:<\/strong> H. H\u00e4ussel \u2013 Vin+ (Bridge), Vin (Neck)<\/p>\n<\/li>\n<li data-start=\"3222\" data-end=\"3271\">\n<p data-start=\"3224\" data-end=\"3271\"><strong data-start=\"3224\" data-end=\"3235\">Tuners:<\/strong> Nik Huber \/ Schaller M6 Open Gear<\/p>\n<\/li>\n<li data-start=\"3272\" data-end=\"3307\">\n<p data-start=\"3274\" data-end=\"3307\"><strong data-start=\"3274\" data-end=\"3285\">Bridge:<\/strong> Nik Huber Stop Tail<\/p>\n<\/li>\n<li data-start=\"3308\" data-end=\"3332\">\n<p data-start=\"3310\" data-end=\"3332\"><strong data-start=\"3310\" data-end=\"3320\">Knobs:<\/strong> Bell Gold<\/p>\n<\/li>\n<li data-start=\"3333\" data-end=\"3375\">\n<p data-start=\"3335\" data-end=\"3375\"><strong data-start=\"3335\" data-end=\"3349\">Backplate:<\/strong> Ostindischer Palisander<\/p>\n<\/li>\n<li data-start=\"3376\" data-end=\"3409\">\n<p data-start=\"3378\" data-end=\"3409\"><strong data-start=\"3378\" data-end=\"3388\">Setup:<\/strong> .010 \/ .046 Elixir<\/p>\n<\/li>\n<li data-start=\"3410\" data-end=\"3440\">\n<p data-start=\"3412\" data-end=\"3440\"><strong data-start=\"3412\" data-end=\"3428\">Final Check:<\/strong> Nik Huber<\/p>\n<\/li>\n<li data-start=\"3441\" data-end=\"3465\">\n<p data-start=\"3443\" data-end=\"3465\"><strong data-start=\"3443\" data-end=\"3455\">Gewicht:<\/strong> 2,43 kg<\/p>\n<\/li>\n<\/ul>\n<hr data-start=\"3467\" data-end=\"3470\" \/>\n<h4 data-start=\"3472\" data-end=\"3505\"><strong data-start=\"3477\" data-end=\"3503\">\u00dcber Nik Huber Guitars<\/strong><\/h4>\n<p data-start=\"3506\" data-end=\"3935\">Seit 1996 steht <strong data-start=\"3522\" data-end=\"3543\">Nik Huber Guitars<\/strong> f\u00fcr deutsche Boutique-Gitarrenbaukunst auf h\u00f6chstem Niveau. Perfekte Verarbeitung, erlesene Tonh\u00f6lzer und enorme Liebe zum Detail zeichnen jedes Instrument aus. Da die Gitarren ausschlie\u00dflich in kleinen St\u00fcckzahlen von Hand gefertigt werden, liegen die Wartezeiten f\u00fcr Neubestellungen oft bei mehreren Monaten. Nik Huber Gitarren geh\u00f6ren weltweit zu den begehrtesten Boutique-Instrumenten.<\/p>\n<hr data-start=\"3937\" data-end=\"3940\" \/>\n<h4 data-start=\"3942\" data-end=\"3995\"><strong data-start=\"3947\" data-end=\"3993\">Guitar2Amp \u2013 Offizieller Nik Huber H\u00e4ndler<\/strong><\/h4>\n<p data-start=\"3996\" data-end=\"4269\">Als autorisierter H\u00e4ndler bieten wir sowohl sofort verf\u00fcgbare Gitarren als auch die M\u00f6glichkeit, individuelle Custom-Bestellungen direkt aus der Nik Huber Werkstatt zu realisieren. Jede Gitarre wird mit voller Herstellergarantie sowie offizieller MwSt.-Rechnung verkauft.<\/p>\n","protected":false},"excerpt":{"rendered":"<h3 data-start=\"2168\" data-end=\"2238\"><strong data-start=\"2172\" data-end=\"2236\">Nik Huber Surfmeister Custom \u2013 Semi-Hollow (Tiger Eye Burst)<\/strong><\/h3>\n<p data-start=\"2240\" data-end=\"2320\"><strong data-start=\"2240\" data-end=\"2318\">Erh\u00e4ltlich bei Guitar2Amp \u2013 Offizieller Nik Huber Guitars H\u00e4ndler in Polen<\/strong><\/p>\n<p data-start=\"2322\" data-end=\"2592\">Der Nik Huber Surfmeister ist ein Semi-Hollow-Meisterwerk, das klassische Eleganz mit moderner Spielbarkeit verbindet. Dieses Exemplar ist eine <strong data-start=\"2466\" data-end=\"2484\">Custom-Version<\/strong>, ausgestattet mit mehreren exklusiven Upcharge-Optionen, die es zu einem einzigartigen Instrument machen.<\/p>\n<p data-start=\"2594\" data-end=\"2800\">Mit einem Gewicht von nur <strong data-start=\"2620\" data-end=\"2631\">2,43 kg<\/strong> ist die Gitarre extrem leicht und zugleich sehr resonant. Die Semi-Hollow-Konstruktion sorgt f\u00fcr W\u00e4rme und harmonische Tiefe, ohne an Klarheit und Dynamik einzub\u00fc\u00dfen.<\/p>\n","protected":false},"featured_media":15396,"template":"","meta":{"_monsterinsights_skip_tracking":false,"_monsterinsights_sitenote_active":false,"_monsterinsights_sitenote_note":"","_monsterinsights_sitenote_category":0,"_uf_show_specific_survey":0,"_uf_disable_surveys":false,"_kadence_starter_templates_imported_post":false,"_kad_post_transparent":"default","_kad_post_title":"","_kad_post_layout":"default","_kad_post_sidebar_id":"","_kad_post_content_style":"default","_kad_post_vertical_padding":"default","_kad_post_feature":"","_kad_post_feature_position":"","_kad_post_header":false,"_kad_post_footer":false,"_kad_post_classname":""},"product_brand":[],"product_cat":[4896],"product_tag":[],"class_list":{"0":"post-15395","1":"product","2":"type-product","3":"status-publish","4":"has-post-thumbnail","6":"product_cat-nik_huber_de","8":"first","9":"onbackorder","10":"shipping-taxable","11":"purchasable","12":"product-type-simple","13":"entry","14":"content-bg","15":"loop-entry"},"jetpack_sharing_enabled":true,"_links":{"self":[{"href":"https:\/\/guitar2amp.de\/index.php\/wp-json\/wp\/v2\/product\/15395","targetHints":{"allow":["GET"]}}],"collection":[{"href":"https:\/\/guitar2amp.de\/index.php\/wp-json\/wp\/v2\/product"}],"about":[{"href":"https:\/\/guitar2amp.de\/index.php\/wp-json\/wp\/v2\/types\/product"}],"wp:featuredmedia":[{"embeddable":true,"href":"https:\/\/guitar2amp.de\/index.php\/wp-json\/wp\/v2\/media\/15396"}],"wp:attachment":[{"href":"https:\/\/guitar2amp.de\/index.php\/wp-json\/wp\/v2\/media?parent=15395"}],"wp:term":[{"taxonomy":"product_brand","embeddable":true,"href":"https:\/\/guitar2amp.de\/index.php\/wp-json\/wp\/v2\/product_brand?post=15395"},{"taxonomy":"product_cat","embeddable":true,"href":"https:\/\/guitar2amp.de\/index.php\/wp-json\/wp\/v2\/product_cat?post=15395"},{"taxonomy":"product_tag","embeddable":true,"href":"https:\/\/guitar2amp.de\/index.php\/wp-json\/wp\/v2\/product_tag?post=15395"}],"curies":[{"name":"wp","href":"https:\/\/api.w.org\/{rel}","templated":true}]}}