{"id":15656,"date":"2025-09-10T12:55:50","date_gmt":"2025-09-10T10:55:50","guid":{"rendered":"https:\/\/guitar2amp.de\/?post_type=product&#038;p=15656"},"modified":"2025-10-14T13:46:49","modified_gmt":"2025-10-14T11:46:49","slug":"2006-fender-custom-shop-1963-telecaster-desert-sand-2","status":"publish","type":"product","link":"https:\/\/guitar2amp.de\/index.php\/de\/product\/2006-fender-custom-shop-1963-telecaster-desert-sand-2\/","title":{"rendered":"2006 Fender Custom Shop 1963 Telecaster Desert Sand"},"content":{"rendered":"<h2 data-start=\"136\" data-end=\"211\"><strong data-start=\"144\" data-end=\"209\">Fender Custom Shop 1963 Telecaster Relic \u2013 Desert Sand (2006)<\/strong><\/h2>\n<p data-start=\"213\" data-end=\"310\"><strong data-start=\"213\" data-end=\"250\">Zustand: Gebraucht \u2013 Hervorragend<\/strong><br data-start=\"250\" data-end=\"253\" \/><strong data-start=\"253\" data-end=\"308\">Original Shop Floor Traveler &amp; Zertifikat inklusive<\/strong><\/p>\n<hr data-start=\"312\" data-end=\"315\" \/>\n<h3 data-start=\"317\" data-end=\"338\">\u00dcber das Modell<\/h3>\n<p data-start=\"339\" data-end=\"633\">Die Fender Custom Shop \u201963 Telecaster Relic geh\u00f6rt zu den authentischsten Nachbildungen der fr\u00fchen 60er Jahre. Gefertigt im Jahr 2006 im Fender Custom Shop in Corona (USA), verbindet sie den unverwechselbaren Vintage-Vibe mit der Zuverl\u00e4ssigkeit und Bespielbarkeit eines Boutique-Instruments.<\/p>\n<p data-start=\"635\" data-end=\"1042\">Das <strong data-start=\"639\" data-end=\"676\">Desert Sand Nitrocellulose-Finish<\/strong> mit geschmackvollem <strong data-start=\"697\" data-end=\"712\">Relic-Aging<\/strong> l\u00e4sst sie wie ein wohlgeh\u00fctetes Original aus den 60ern wirken \u2013 gespielt jedoch f\u00fchlt sie sich wie eine moderne Profi-Gitarre an. Der zweiteilige Erlenkorpus, das Palisandergriffbrett, die Texas Special Pickups und die klassische Vintage-Hardware liefern alles \u2013 von warmen, artikulierten Cleans bis hin zu bissigem Tele-Twang.<\/p>\n<hr data-start=\"1044\" data-end=\"1047\" \/>\n<h3 data-start=\"1049\" data-end=\"1070\">Spezifikationen<\/h3>\n<p data-start=\"1072\" data-end=\"1088\"><strong data-start=\"1072\" data-end=\"1086\">Allgemein:<\/strong><\/p>\n<ul data-start=\"1089\" data-end=\"1274\">\n<li data-start=\"1089\" data-end=\"1141\">\n<p data-start=\"1091\" data-end=\"1141\">Modell: Fender Custom Shop 1963 Telecaster Relic<\/p>\n<\/li>\n<li data-start=\"1142\" data-end=\"1159\">\n<p data-start=\"1144\" data-end=\"1159\">Baujahr: 2006<\/p>\n<\/li>\n<li data-start=\"1160\" data-end=\"1206\">\n<p data-start=\"1162\" data-end=\"1206\">Finish: Nitrocellulose, Desert Sand, Relic<\/p>\n<\/li>\n<li data-start=\"1207\" data-end=\"1245\">\n<p data-start=\"1209\" data-end=\"1245\">Herkunft: USA (Corona Custom Shop)<\/p>\n<\/li>\n<li data-start=\"1246\" data-end=\"1274\">\n<p data-start=\"1248\" data-end=\"1274\">Ausf\u00fchrung: Rechtsh\u00e4nder<\/p>\n<\/li>\n<\/ul>\n<p data-start=\"1276\" data-end=\"1289\"><strong data-start=\"1276\" data-end=\"1287\">Korpus:<\/strong><\/p>\n<ul data-start=\"1290\" data-end=\"1342\">\n<li data-start=\"1290\" data-end=\"1308\">\n<p data-start=\"1292\" data-end=\"1308\">2-teilig, Erle<\/p>\n<\/li>\n<li data-start=\"1309\" data-end=\"1342\">\n<p data-start=\"1311\" data-end=\"1342\">Schlagbrett: 3-lagig Tortoise<\/p>\n<\/li>\n<\/ul>\n<p data-start=\"1344\" data-end=\"1355\"><strong data-start=\"1344\" data-end=\"1353\">Hals:<\/strong><\/p>\n<ul data-start=\"1356\" data-end=\"1521\">\n<li data-start=\"1356\" data-end=\"1382\">\n<p data-start=\"1358\" data-end=\"1382\">Ahornhals, Plain Grain<\/p>\n<\/li>\n<li data-start=\"1383\" data-end=\"1407\">\n<p data-start=\"1385\" data-end=\"1407\">Profil: 1963 C-Shape<\/p>\n<\/li>\n<li data-start=\"1408\" data-end=\"1442\">\n<p data-start=\"1410\" data-end=\"1442\">Palisandergriffbrett (Dark RW)<\/p>\n<\/li>\n<li data-start=\"1443\" data-end=\"1459\">\n<p data-start=\"1445\" data-end=\"1459\">Radius: 9,5&#8243;<\/p>\n<\/li>\n<li data-start=\"1460\" data-end=\"1486\">\n<p data-start=\"1462\" data-end=\"1486\">B\u00fcnde: 21 \u00d7 Sanko 6105<\/p>\n<\/li>\n<li data-start=\"1487\" data-end=\"1503\">\n<p data-start=\"1489\" data-end=\"1503\">Punkt-Inlays<\/p>\n<\/li>\n<li data-start=\"1504\" data-end=\"1521\">\n<p data-start=\"1506\" data-end=\"1521\">Knochensattel<\/p>\n<\/li>\n<\/ul>\n<p data-start=\"1523\" data-end=\"1540\"><strong data-start=\"1523\" data-end=\"1538\">Elektronik:<\/strong><\/p>\n<ul data-start=\"1541\" data-end=\"1666\">\n<li data-start=\"1541\" data-end=\"1603\">\n<p data-start=\"1543\" data-end=\"1603\">Pickups: Fender Custom Shop Texas Specials (Neck &amp; Bridge)<\/p>\n<\/li>\n<li data-start=\"1604\" data-end=\"1633\">\n<p data-start=\"1606\" data-end=\"1633\">Schaltung: Vintage 3-Wege<\/p>\n<\/li>\n<li data-start=\"1634\" data-end=\"1666\">\n<p data-start=\"1636\" data-end=\"1666\">Regler: 1 \u00d7 Volume, 1 \u00d7 Tone<\/p>\n<\/li>\n<\/ul>\n<p data-start=\"1668\" data-end=\"1683\"><strong data-start=\"1668\" data-end=\"1681\">Hardware:<\/strong><\/p>\n<ul data-start=\"1684\" data-end=\"1767\">\n<li data-start=\"1684\" data-end=\"1718\">\n<p data-start=\"1686\" data-end=\"1718\">Vintage Tele-Bridge (3 S\u00e4ttel)<\/p>\n<\/li>\n<li data-start=\"1719\" data-end=\"1744\">\n<p data-start=\"1721\" data-end=\"1744\">Nickel\/Chrom-Hardware<\/p>\n<\/li>\n<li data-start=\"1745\" data-end=\"1767\">\n<p data-start=\"1747\" data-end=\"1767\">Vintage-Mechaniken<\/p>\n<\/li>\n<\/ul>\n<p data-start=\"1769\" data-end=\"1790\"><strong data-start=\"1769\" data-end=\"1788\">Case &amp; Zubeh\u00f6r:<\/strong><\/p>\n<ul data-start=\"1791\" data-end=\"1890\">\n<li data-start=\"1791\" data-end=\"1829\">\n<p data-start=\"1793\" data-end=\"1829\">Original Fender Custom Shop Koffer<\/p>\n<\/li>\n<li data-start=\"1830\" data-end=\"1853\">\n<p data-start=\"1832\" data-end=\"1853\">Echtheitszertifikat<\/p>\n<\/li>\n<li data-start=\"1854\" data-end=\"1890\">\n<p data-start=\"1856\" data-end=\"1890\">Shop Floor Traveler &amp; Case Candy<\/p>\n<\/li>\n<\/ul>\n<hr data-start=\"1892\" data-end=\"1895\" \/>\n<h3 data-start=\"1897\" data-end=\"1910\">Zustand<\/h3>\n<p data-start=\"1911\" data-end=\"2063\">Sehr gepflegt \u2013 mit werksseitigem Relic-Look, perfekt funktionierender Elektronik und B\u00fcnden in Top-Zustand. Voll einsatzbereit f\u00fcr B\u00fchne oder Studio.<\/p>\n<hr data-start=\"2065\" data-end=\"2068\" \/>\n<h3 data-start=\"2070\" data-end=\"2081\">Fazit<\/h3>\n<p data-start=\"2082\" data-end=\"2272\">Ein wundersch\u00f6nes Beispiel einer <strong data-start=\"2115\" data-end=\"2165\">Fender Custom Shop \u201963 Telecaster Relic (2006)<\/strong> im seltenen <strong data-start=\"2178\" data-end=\"2200\">Desert Sand Finish<\/strong>. Der perfekte Mix aus Vintage-Charakter und moderner Zuverl\u00e4ssigkeit.<\/p>\n<p data-start=\"2274\" data-end=\"2311\"><strong data-start=\"2274\" data-end=\"2309\">Jetzt verf\u00fcgbar bei Guitar2Amp.<\/strong><\/p>\n","protected":false},"excerpt":{"rendered":"<h2 data-start=\"136\" data-end=\"211\"><strong data-start=\"144\" data-end=\"209\">Fender Custom Shop 1963 Telecaster Relic \u2013 Desert Sand (2006)<\/strong><\/h2>\n<p data-start=\"213\" data-end=\"310\"><strong data-start=\"213\" data-end=\"250\">Zustand: Gebraucht \u2013 Hervorragend<\/strong><br data-start=\"250\" data-end=\"253\" \/><strong data-start=\"253\" data-end=\"308\">Original Shop Floor Traveler &amp; Zertifikat inklusive<\/strong><\/p>\n<hr data-start=\"312\" data-end=\"315\" \/>\n<h3 data-start=\"317\" data-end=\"338\">\u00dcber das Modell<\/h3>\n<p data-start=\"339\" data-end=\"633\">Die Fender Custom Shop \u201963 Telecaster Relic geh\u00f6rt zu den authentischsten Nachbildungen der fr\u00fchen 60er Jahre. Gefertigt im Jahr 2006 im Fender Custom Shop in Corona (USA), verbindet sie den unverwechselbaren Vintage-Vibe mit der Zuverl\u00e4ssigkeit und Bespielbarkeit eines Boutique-Instruments.<\/p>\n<p data-start=\"635\" data-end=\"1042\">Das <strong data-start=\"639\" data-end=\"676\">Desert Sand Nitrocellulose-Finish<\/strong> mit geschmackvollem <strong data-start=\"697\" data-end=\"712\">Relic-Aging<\/strong> l\u00e4sst sie wie ein wohlgeh\u00fctetes Original aus den 60ern wirken \u2013 gespielt jedoch f\u00fchlt sie sich wie eine moderne Profi-Gitarre an. Der zweiteilige Erlenkorpus, das Palisandergriffbrett, die Texas Special Pickups und die klassische Vintage-Hardware liefern alles \u2013 von warmen, artikulierten Cleans bis hin zu bissigem Tele-Twang.<\/p>\n","protected":false},"featured_media":15657,"template":"","meta":{"_monsterinsights_skip_tracking":false,"_monsterinsights_sitenote_active":false,"_monsterinsights_sitenote_note":"","_monsterinsights_sitenote_category":0,"_uf_show_specific_survey":0,"_uf_disable_surveys":false,"_kadence_starter_templates_imported_post":false,"_kad_post_transparent":"default","_kad_post_title":"","_kad_post_layout":"default","_kad_post_sidebar_id":"","_kad_post_content_style":"default","_kad_post_vertical_padding":"default","_kad_post_feature":"","_kad_post_feature_position":"","_kad_post_header":false,"_kad_post_footer":false,"_kad_post_classname":""},"product_brand":[],"product_cat":[207,203],"product_tag":[],"class_list":{"0":"post-15656","1":"product","2":"type-product","3":"status-publish","4":"has-post-thumbnail","6":"product_cat-e-gitarren","7":"product_cat-gitarren","9":"first","10":"outofstock","11":"shipping-taxable","12":"purchasable","13":"product-type-simple","14":"entry","15":"content-bg","16":"loop-entry"},"jetpack_sharing_enabled":true,"_links":{"self":[{"href":"https:\/\/guitar2amp.de\/index.php\/wp-json\/wp\/v2\/product\/15656","targetHints":{"allow":["GET"]}}],"collection":[{"href":"https:\/\/guitar2amp.de\/index.php\/wp-json\/wp\/v2\/product"}],"about":[{"href":"https:\/\/guitar2amp.de\/index.php\/wp-json\/wp\/v2\/types\/product"}],"wp:featuredmedia":[{"embeddable":true,"href":"https:\/\/guitar2amp.de\/index.php\/wp-json\/wp\/v2\/media\/15657"}],"wp:attachment":[{"href":"https:\/\/guitar2amp.de\/index.php\/wp-json\/wp\/v2\/media?parent=15656"}],"wp:term":[{"taxonomy":"product_brand","embeddable":true,"href":"https:\/\/guitar2amp.de\/index.php\/wp-json\/wp\/v2\/product_brand?post=15656"},{"taxonomy":"product_cat","embeddable":true,"href":"https:\/\/guitar2amp.de\/index.php\/wp-json\/wp\/v2\/product_cat?post=15656"},{"taxonomy":"product_tag","embeddable":true,"href":"https:\/\/guitar2amp.de\/index.php\/wp-json\/wp\/v2\/product_tag?post=15656"}],"curies":[{"name":"wp","href":"https:\/\/api.w.org\/{rel}","templated":true}]}}