{"id":16691,"date":"2025-11-18T20:33:07","date_gmt":"2025-11-18T19:33:07","guid":{"rendered":"https:\/\/guitar2amp.de\/?post_type=product&#038;p=16691"},"modified":"2025-11-18T21:28:07","modified_gmt":"2025-11-18T20:28:07","slug":"2020-nik-huber-krautster-ii-goldtop-used","status":"publish","type":"product","link":"https:\/\/guitar2amp.de\/index.php\/de\/product\/2020-nik-huber-krautster-ii-goldtop-used\/","title":{"rendered":"2020 Nik Huber Krautster II Goldtop [USED]"},"content":{"rendered":"<h1 data-start=\"94\" data-end=\"145\"><span style=\"color: #000000;\"><strong data-start=\"96\" data-end=\"145\">Nik Huber Krautster II \u2013 Worn Gold Top (2020)<\/strong><\/span><\/h1>\n<p data-start=\"147\" data-end=\"464\"><span style=\"color: #000000;\">Die Nik Huber Krautster II ist ein handgefertigtes Premiuminstrument, das eine minimalistische \u00c4sthetik mit au\u00dfergew\u00f6hnlicher Handwerkskunst verbindet. Dieses Modell aus dem Jahr 2020 verf\u00fcgt \u00fcber das <strong data-start=\"348\" data-end=\"365\">Worn Gold Top<\/strong> Finish, charaktervolle Optik verleiht.<\/span><\/p>\n<p data-start=\"466\" data-end=\"846\"><span style=\"color: #000000;\">Die Gitarre ist mit einem <strong data-start=\"492\" data-end=\"519\">massiven Mahagonikorpus<\/strong>, einem <strong data-start=\"527\" data-end=\"543\">Mahagonihals<\/strong> und einem <strong data-start=\"554\" data-end=\"593\">Griffbrett aus East Indian Rosewood<\/strong> gebaut. Sie ist mit einem Haussel P90 in der Halsposition und einem Haussel \u201e1959 B Vintage\u201c-Humbucker in der Stegposition ausgestattet, gesteuert \u00fcber ein einfaches Bedienlayout aus Volume-, Tone-Regler (mit Push\/Pull-Split) und einem 3-Wege-Schalter.<\/span><\/p>\n<hr data-start=\"848\" data-end=\"851\" \/>\n<h2 data-start=\"853\" data-end=\"875\"><span style=\"color: #000000;\"><strong data-start=\"856\" data-end=\"875\">Spezifikationen<\/strong><\/span><\/h2>\n<h3 data-start=\"877\" data-end=\"891\"><span style=\"color: #000000;\"><strong data-start=\"881\" data-end=\"891\">Korpus<\/strong><\/span><\/h3>\n<ul data-start=\"892\" data-end=\"996\">\n<li data-start=\"892\" data-end=\"924\">\n<p data-start=\"894\" data-end=\"924\"><span style=\"color: #000000;\"><strong data-start=\"894\" data-end=\"913\">Korpusmaterial:<\/strong> Mahagoni<\/span><\/p>\n<\/li>\n<li data-start=\"925\" data-end=\"962\">\n<p data-start=\"927\" data-end=\"962\"><span style=\"color: #000000;\"><strong data-start=\"927\" data-end=\"946\">Farbe \/ Finish:<\/strong> Worn Gold Top<\/span><\/p>\n<\/li>\n<li data-start=\"963\" data-end=\"996\">\n<p data-start=\"965\" data-end=\"996\"><span style=\"color: #000000;\"><strong data-start=\"965\" data-end=\"979\">R\u00fcckseite:<\/strong> Open Pore Back<\/span><\/p>\n<\/li>\n<\/ul>\n<h3 data-start=\"998\" data-end=\"1010\"><span style=\"color: #000000;\"><strong data-start=\"1002\" data-end=\"1010\">Hals<\/strong><\/span><\/h3>\n<ul data-start=\"1011\" data-end=\"1136\">\n<li data-start=\"1011\" data-end=\"1041\">\n<p data-start=\"1013\" data-end=\"1041\"><span style=\"color: #000000;\"><strong data-start=\"1013\" data-end=\"1030\">Halsmaterial:<\/strong> Mahagoni<\/span><\/p>\n<\/li>\n<li data-start=\"1042\" data-end=\"1082\">\n<p data-start=\"1044\" data-end=\"1082\"><span style=\"color: #000000;\"><strong data-start=\"1044\" data-end=\"1059\">Griffbrett:<\/strong> East Indian Rosewood<\/span><\/p>\n<\/li>\n<li data-start=\"1083\" data-end=\"1115\">\n<p data-start=\"1085\" data-end=\"1115\"><span style=\"color: #000000;\"><strong data-start=\"1085\" data-end=\"1104\">Halsverbindung:<\/strong> Set Neck<\/span><\/p>\n<\/li>\n<li data-start=\"1116\" data-end=\"1136\">\n<p data-start=\"1118\" data-end=\"1136\"><span style=\"color: #000000;\"><strong data-start=\"1118\" data-end=\"1129\">Inlays:<\/strong> Dots<\/span><\/p>\n<\/li>\n<\/ul>\n<h3 data-start=\"1138\" data-end=\"1160\"><span style=\"color: #000000;\"><strong data-start=\"1142\" data-end=\"1160\">Mensur \/ B\u00fcnde<\/strong><\/span><\/h3>\n<ul data-start=\"1161\" data-end=\"1244\">\n<li data-start=\"1161\" data-end=\"1180\">\n<p data-start=\"1163\" data-end=\"1180\"><span style=\"color: #000000;\"><strong data-start=\"1163\" data-end=\"1174\">Mensur:<\/strong> 25&#8243;<\/span><\/p>\n<\/li>\n<li data-start=\"1181\" data-end=\"1216\">\n<p data-start=\"1183\" data-end=\"1216\"><span style=\"color: #000000;\"><strong data-start=\"1183\" data-end=\"1204\">Griffbrettradius:<\/strong> 10&#8243; \u2013 14&#8243;<\/span><\/p>\n<\/li>\n<li data-start=\"1217\" data-end=\"1244\">\n<p data-start=\"1219\" data-end=\"1244\"><span style=\"color: #000000;\"><strong data-start=\"1219\" data-end=\"1229\">B\u00fcnde:<\/strong> Medium Jumbo<\/span><\/p>\n<\/li>\n<\/ul>\n<h3 data-start=\"1246\" data-end=\"1262\"><span style=\"color: #000000;\"><strong data-start=\"1250\" data-end=\"1262\">Hardware<\/strong><\/span><\/h3>\n<ul data-start=\"1263\" data-end=\"1382\">\n<li data-start=\"1263\" data-end=\"1308\">\n<p data-start=\"1265\" data-end=\"1308\"><span style=\"color: #000000;\"><strong data-start=\"1265\" data-end=\"1276\">Br\u00fccke:<\/strong> Nik Huber Adjustable Stoptail<\/span><\/p>\n<\/li>\n<li data-start=\"1309\" data-end=\"1350\">\n<p data-start=\"1311\" data-end=\"1350\"><span style=\"color: #000000;\"><strong data-start=\"1311\" data-end=\"1326\">Mechaniken:<\/strong> Open Gear \u201e510\u201c \/ 3+3<\/span><\/p>\n<\/li>\n<li data-start=\"1351\" data-end=\"1382\">\n<p data-start=\"1353\" data-end=\"1382\"><span style=\"color: #000000;\"><strong data-start=\"1353\" data-end=\"1373\">Hardware-Finish:<\/strong> Nickel<\/span><\/p>\n<\/li>\n<\/ul>\n<h3 data-start=\"1384\" data-end=\"1402\"><span style=\"color: #000000;\"><strong data-start=\"1388\" data-end=\"1402\">Elektronik<\/strong><\/span><\/h3>\n<ul data-start=\"1403\" data-end=\"1664\">\n<li data-start=\"1403\" data-end=\"1505\">\n<p data-start=\"1405\" data-end=\"1419\"><span style=\"color: #000000;\"><strong data-start=\"1405\" data-end=\"1417\">Pickups:<\/strong><\/span><\/p>\n<ul data-start=\"1422\" data-end=\"1505\">\n<li data-start=\"1422\" data-end=\"1454\">\n<p data-start=\"1424\" data-end=\"1454\"><span style=\"color: #000000;\"><strong data-start=\"1424\" data-end=\"1433\">Hals:<\/strong> Haussel \u201e1956\u201c P90<\/span><\/p>\n<\/li>\n<li data-start=\"1457\" data-end=\"1505\">\n<p data-start=\"1459\" data-end=\"1505\"><span style=\"color: #000000;\"><strong data-start=\"1459\" data-end=\"1468\">Steg:<\/strong> Haussel \u201e1959 B Vintage\u201c Humbucker<\/span><\/p>\n<\/li>\n<\/ul>\n<\/li>\n<li data-start=\"1506\" data-end=\"1610\">\n<p data-start=\"1508\" data-end=\"1529\"><span style=\"color: #000000;\"><strong data-start=\"1508\" data-end=\"1527\">Bedienelemente:<\/strong><\/span><\/p>\n<ul data-start=\"1532\" data-end=\"1610\">\n<li data-start=\"1532\" data-end=\"1542\">\n<p data-start=\"1534\" data-end=\"1542\"><span style=\"color: #000000;\">Volume<\/span><\/p>\n<\/li>\n<li data-start=\"1545\" data-end=\"1590\">\n<p data-start=\"1547\" data-end=\"1590\"><span style=\"color: #000000;\">Tone (Push\/Pull zum Split des Humbuckers)<\/span><\/p>\n<\/li>\n<li data-start=\"1593\" data-end=\"1610\">\n<p data-start=\"1595\" data-end=\"1610\"><span style=\"color: #000000;\">3-Wege-Toggle<\/span><\/p>\n<\/li>\n<\/ul>\n<\/li>\n<li data-start=\"1611\" data-end=\"1636\">\n<p data-start=\"1613\" data-end=\"1636\"><span style=\"color: #000000;\"><strong data-start=\"1613\" data-end=\"1628\">Switch Tip:<\/strong> Cream<\/span><\/p>\n<\/li>\n<li data-start=\"1637\" data-end=\"1664\">\n<p data-start=\"1639\" data-end=\"1664\"><span style=\"color: #000000;\"><strong data-start=\"1639\" data-end=\"1649\">Knobs:<\/strong> Speed Button<\/span><\/p>\n<\/li>\n<\/ul>\n<h3 data-start=\"1666\" data-end=\"1689\"><span style=\"color: #000000;\"><strong data-start=\"1670\" data-end=\"1689\">Weitere Details<\/strong><\/span><\/h3>\n<ul data-start=\"1690\" data-end=\"1737\">\n<li data-start=\"1690\" data-end=\"1713\">\n<p data-start=\"1692\" data-end=\"1713\"><span style=\"color: #000000;\"><strong data-start=\"1692\" data-end=\"1703\">Sattel:<\/strong> Knochen<\/span><\/p>\n<\/li>\n<li data-start=\"1714\" data-end=\"1737\">\n<p data-start=\"1716\" data-end=\"1737\"><span style=\"color: #000000;\"><strong data-start=\"1716\" data-end=\"1727\">Saiten:<\/strong> 010\u2013046<\/span><\/p>\n<\/li>\n<\/ul>\n<hr data-start=\"1739\" data-end=\"1742\" \/>\n<h2 data-start=\"1744\" data-end=\"1785\"><span style=\"color: #000000;\"><strong data-start=\"1747\" data-end=\"1785\">Autorisierter H\u00e4ndler \u2013 Guitar2Amp<\/strong><\/span><\/h2>\n<p data-start=\"1787\" data-end=\"2066\"><span style=\"color: #000000;\">Guitar2Amp ist ein <strong data-start=\"1806\" data-end=\"1853\">autorisierter H\u00e4ndler f\u00fcr Nik Huber Guitars<\/strong>. Das bedeutet, dass Sie bei uns Ihr Wunschinstrument in jeder gew\u00fcnschten Spezifikation bestellen k\u00f6nnen \u2013 sei es eine Krautster, Orca, Dolphin oder ein limitiertes bzw. vollst\u00e4ndig individuelles Custom-Modell.<\/span><\/p>\n<p data-start=\"1787\" data-end=\"2066\"><a href=\"https:\/\/guitar2amp.de\/index.php\/de\/nik-huber-guitars-de\/\"><strong>Mehr \u00fcber Gitarren von Nik Huber Guitars \u2192<\/strong><\/a><\/p>\n","protected":false},"excerpt":{"rendered":"<h1 data-start=\"94\" data-end=\"145\"><\/h1>\n<p data-start=\"147\" data-end=\"464\"><span style=\"color: #000000;\">Die Nik Huber Krautster II ist ein handgefertigtes Premiuminstrument, das eine minimalistische \u00c4sthetik mit au\u00dfergew\u00f6hnlicher Handwerkskunst verbindet. Dieses Modell aus dem Jahr 2020 verf\u00fcgt \u00fcber das <strong data-start=\"348\" data-end=\"365\">Worn Gold Top<\/strong> Finish, das ihm gem\u00e4\u00df dem Originalzertifikat eine dezent gealterte, charaktervolle Optik verleiht.<\/span><\/p>\n<p><a href=\"https:\/\/guitar2amp.de\/index.php\/de\/nik-huber-guitars-de\/\"><strong>Mehr \u00fcber Gitarren von Nik Huber Guitars \u2192<\/strong><\/a><\/p>\n","protected":false},"featured_media":16692,"template":"","meta":{"_monsterinsights_skip_tracking":false,"_monsterinsights_sitenote_active":false,"_monsterinsights_sitenote_note":"","_monsterinsights_sitenote_category":0,"_uf_show_specific_survey":0,"_uf_disable_surveys":false,"_kadence_starter_templates_imported_post":false,"_kad_post_transparent":"default","_kad_post_title":"","_kad_post_layout":"default","_kad_post_sidebar_id":"","_kad_post_content_style":"default","_kad_post_vertical_padding":"default","_kad_post_feature":"","_kad_post_feature_position":"","_kad_post_header":false,"_kad_post_footer":false,"_kad_post_classname":""},"product_brand":[],"product_cat":[207,203,4896],"product_tag":[],"class_list":{"0":"post-16691","1":"product","2":"type-product","3":"status-publish","4":"has-post-thumbnail","6":"product_cat-e-gitarren","7":"product_cat-gitarren","8":"product_cat-nik_huber_de","10":"first","11":"instock","12":"shipping-taxable","13":"purchasable","14":"product-type-simple","15":"entry","16":"content-bg","17":"loop-entry"},"jetpack_sharing_enabled":true,"_links":{"self":[{"href":"https:\/\/guitar2amp.de\/index.php\/wp-json\/wp\/v2\/product\/16691","targetHints":{"allow":["GET"]}}],"collection":[{"href":"https:\/\/guitar2amp.de\/index.php\/wp-json\/wp\/v2\/product"}],"about":[{"href":"https:\/\/guitar2amp.de\/index.php\/wp-json\/wp\/v2\/types\/product"}],"wp:featuredmedia":[{"embeddable":true,"href":"https:\/\/guitar2amp.de\/index.php\/wp-json\/wp\/v2\/media\/16692"}],"wp:attachment":[{"href":"https:\/\/guitar2amp.de\/index.php\/wp-json\/wp\/v2\/media?parent=16691"}],"wp:term":[{"taxonomy":"product_brand","embeddable":true,"href":"https:\/\/guitar2amp.de\/index.php\/wp-json\/wp\/v2\/product_brand?post=16691"},{"taxonomy":"product_cat","embeddable":true,"href":"https:\/\/guitar2amp.de\/index.php\/wp-json\/wp\/v2\/product_cat?post=16691"},{"taxonomy":"product_tag","embeddable":true,"href":"https:\/\/guitar2amp.de\/index.php\/wp-json\/wp\/v2\/product_tag?post=16691"}],"curies":[{"name":"wp","href":"https:\/\/api.w.org\/{rel}","templated":true}]}}