{"id":16841,"date":"2025-11-19T11:31:28","date_gmt":"2025-11-19T10:31:28","guid":{"rendered":"https:\/\/guitar2amp.de\/?post_type=product&#038;p=16841"},"modified":"2026-01-02T20:54:03","modified_gmt":"2026-01-02T19:54:03","slug":"2015-fender-custom-shop-57-stratocaster-hss-evh-aquamarine-blue-used-3","status":"publish","type":"product","link":"https:\/\/guitar2amp.de\/index.php\/pl\/product\/2015-fender-custom-shop-57-stratocaster-hss-evh-aquamarine-blue-used-3\/","title":{"rendered":"2015 Fender Custom Shop &#8217;57 Stratocaster HSS EVH Aquamarine Blue [USED]"},"content":{"rendered":"<h1 data-start=\"241\" data-end=\"324\"><span style=\"color: #000000;\"><strong data-start=\"243\" data-end=\"322\">Fender Custom Shop \u201957 Stratocaster Relic \u2013 Aqua Marine Blue Metallic (HSS)<\/strong><\/span><\/h1>\n<p data-start=\"325\" data-end=\"406\"><span style=\"color: #000000;\"><strong data-start=\"325\" data-end=\"406\">Nowoczesna funkcjonalno\u015b\u0107 \u2022 Klasyczny charakter \u2022 Doskona\u0142y \u201eplayer\u2019s guitar\u201d<\/strong><\/span><\/p>\n<p data-start=\"408\" data-end=\"756\"><span style=\"color: #000000;\">Je\u015bli szukasz Stratocastera, kt\u00f3ry \u0142\u0105czy w sobie klasyczn\u0105 estetyk\u0119 i brzmienie lat 50. z nowoczesn\u0105 wygod\u0105 i wszechstronno\u015bci\u0105 \u2014 ten Fender Custom Shop \u201957 Stratocaster Relic z konfiguracj\u0105 <strong data-start=\"599\" data-end=\"606\">HSS<\/strong> jest jedn\u0105 z najlepszych mo\u017cliwych opcji. To instrument, kt\u00f3ry zosta\u0142 zbudowany z my\u015bl\u0105 o graczach: maksymalnie wygodny, wszechstronny i inspiruj\u0105cy.<\/span><\/p>\n<p data-start=\"758\" data-end=\"1080\"><span style=\"color: #000000;\">Gitara posiada <strong data-start=\"773\" data-end=\"826\">lekki, \u015bwietnie rezonuj\u0105cy korpus z jesionu (ash)<\/strong>, kt\u00f3ry nadaje jej natychmiastow\u0105 odpowied\u017a, selektywno\u015b\u0107 i spr\u0119\u017cysty d\u00f3\u0142 z charakterystyczn\u0105 \u201edrewnian\u0105\u201d g\u00f3r\u0105. Wyko\u0144czenie <strong data-start=\"950\" data-end=\"985\">Aqua Marine Blue Metallic Relic<\/strong> prezentuje si\u0119 znakomicie \u2013 to po\u0142\u0105czenie klasycznego vibe\u2019u z wyrazist\u0105, nowoczesn\u0105 estetyk\u0105.<\/span><\/p>\n<p data-start=\"1082\" data-end=\"1358\"><span style=\"color: #000000;\">Jednym z najwa\u017cniejszych element\u00f3w tej gitary jest <strong data-start=\"1133\" data-end=\"1158\">gryf z klonu Birdseye<\/strong>, o pi\u0119knym, tr\u00f3jwymiarowym rysunku, kt\u00f3ry nie tylko wygl\u0105da ob\u0142\u0119dnie, ale tak\u017ce oferuje jedwabisto-drewniany feeling. Profil <strong data-start=\"1284\" data-end=\"1303\">Medium Modern C<\/strong> le\u017cy w d\u0142oni fenomenalnie \u2014 stabilny, wygodny, szybki.<\/span><\/p>\n<p data-start=\"1360\" data-end=\"1672\"><span style=\"color: #000000;\">Dzi\u0119ki <strong data-start=\"1367\" data-end=\"1395\">compound radius 9.5&#8243;\u201312&#8243;<\/strong> gitara gra si\u0119 niezwykle komfortowo na ca\u0142ej d\u0142ugo\u015bci podstrunnicy: od klasycznych akord\u00f3w przy siode\u0142ku po szerokie bendy w wy\u017cszych rejestrach, bez ryzyka \u201eduszonych\u201d d\u017awi\u0119k\u00f3w. Owalne, zaokr\u0105glone przej\u015bcie gryf-korpus dodatkowo poprawia wygod\u0119 gry na najwy\u017cszych pozycjach.<\/span><\/p>\n<p data-start=\"1674\" data-end=\"2023\"><span style=\"color: #000000;\">Konfiguracja <strong data-start=\"1687\" data-end=\"1694\">HSS<\/strong> czyni z tego instrumentu prawdziwego \u201ewszystko-mog\u0105cego\u201d Stratocastera. Od klasycznych <strong data-start=\"1782\" data-end=\"1806\">Hendrixowych clean\u00f3w<\/strong>, przez funkowe, szkliste brzmienia, a\u017c po <strong data-start=\"1849\" data-end=\"1878\">\u015bpiewne, nowoczesne leady<\/strong> \u2014 ta gitara bez problemu pokrywa pe\u0142ne spektrum brzmie\u0144. Szukasz jednego Stratocastera do wszystkiego? Ten egzemplarz jest bardzo blisko idea\u0142u.<\/span><\/p>\n<hr data-start=\"2025\" data-end=\"2028\" \/>\n<h2 data-start=\"2030\" data-end=\"2056\"><span style=\"color: #000000;\"><strong data-start=\"2033\" data-end=\"2056\">Najwa\u017cniejsze cechy<\/strong><\/span><\/h2>\n<ul data-start=\"2057\" data-end=\"2584\">\n<li data-start=\"2057\" data-end=\"2121\">\n<p data-start=\"2059\" data-end=\"2121\"><span style=\"color: #000000;\"><strong data-start=\"2059\" data-end=\"2070\">Korpus:<\/strong> lekkie, \u015bwietnie rezonuj\u0105ce jesionowe body (Ash)<\/span><\/p>\n<\/li>\n<li data-start=\"2122\" data-end=\"2174\">\n<p data-start=\"2124\" data-end=\"2174\"><span style=\"color: #000000;\"><strong data-start=\"2124\" data-end=\"2140\">Wyko\u0144czenie:<\/strong> Aqua Marine Blue Metallic Relic<\/span><\/p>\n<\/li>\n<li data-start=\"2175\" data-end=\"2243\">\n<p data-start=\"2177\" data-end=\"2243\"><span style=\"color: #000000;\"><strong data-start=\"2177\" data-end=\"2186\">Gryf:<\/strong> Birdseye Maple \u2013 niezwyk\u0142y wygl\u0105d i jedwabisty feeling<\/span><\/p>\n<\/li>\n<li data-start=\"2244\" data-end=\"2300\">\n<p data-start=\"2246\" data-end=\"2300\"><span style=\"color: #000000;\"><strong data-start=\"2246\" data-end=\"2263\">Profil gryfu:<\/strong> Medium Modern C \u2013 wygodny i szybki<\/span><\/p>\n<\/li>\n<li data-start=\"2301\" data-end=\"2359\">\n<p data-start=\"2303\" data-end=\"2359\"><span style=\"color: #000000;\"><strong data-start=\"2303\" data-end=\"2314\">Radius:<\/strong> 9.5&#8243;\u201312&#8243; Compound \u2013 nowoczesny komfort gry<\/span><\/p>\n<\/li>\n<li data-start=\"2360\" data-end=\"2435\">\n<p data-start=\"2362\" data-end=\"2435\"><span style=\"color: #000000;\"><strong data-start=\"2362\" data-end=\"2388\">Konfiguracja pickup\u00f3w:<\/strong> HSS \u2013 od vintage clean\u00f3w po nowoczesne leady<\/span><\/p>\n<\/li>\n<li data-start=\"2436\" data-end=\"2513\">\n<p data-start=\"2438\" data-end=\"2513\"><span style=\"color: #000000;\"><strong data-start=\"2438\" data-end=\"2476\">Zaokr\u0105glone przej\u015bcie gryf\u2013korpus:<\/strong> \u0142atwa gra w najwy\u017cszych rejestrach<\/span><\/p>\n<\/li>\n<li data-start=\"2514\" data-end=\"2584\">\n<p data-start=\"2516\" data-end=\"2584\"><span style=\"color: #000000;\"><strong data-start=\"2516\" data-end=\"2551\">Bardzo wszechstronne brzmienie:<\/strong> od Hendrixa po \u015bpiewne sol\u00f3wki<\/span><\/p>\n<\/li>\n<\/ul>\n<hr data-start=\"2586\" data-end=\"2589\" \/>\n<h2 data-start=\"2591\" data-end=\"2610\"><span style=\"color: #000000;\"><strong data-start=\"2594\" data-end=\"2610\">Podsumowanie<\/strong><\/span><\/h2>\n<p data-start=\"2612\" data-end=\"2911\"><span style=\"color: #000000;\">Ten \u201957 Stratocaster Relic to instrument stworzony dla graczy, kt\u00f3rzy oczekuj\u0105 maksymalnej wygody, pe\u0142nej palety brzmie\u0144 oraz inspiruj\u0105cej grywalno\u015bci. Klasyczny vibe po\u0142\u0105czony z nowoczesnymi rozwi\u0105zaniami sprawia, \u017ce jest to <strong data-start=\"2838\" data-end=\"2866\">idealny \u201eplayer\u2019s Strat\u201d<\/strong> \u2014 \u015bwietny zar\u00f3wno na scen\u0119, jak i do studia.<\/span><\/p>\n","protected":false},"excerpt":{"rendered":"<p data-start=\"325\" data-end=\"406\"><span style=\"color: #000000;\"><strong data-start=\"325\" data-end=\"406\">Nowoczesna funkcjonalno\u015b\u0107 \u2022 Klasyczny charakter \u2022 Doskona\u0142y \u201eplayer\u2019s guitar\u201d<\/strong><\/span><\/p>\n<p data-start=\"408\" data-end=\"756\"><span style=\"color: #000000;\">Je\u015bli szukasz Stratocastera, kt\u00f3ry \u0142\u0105czy w sobie klasyczn\u0105 estetyk\u0119 i brzmienie lat 50. z nowoczesn\u0105 wygod\u0105 i wszechstronno\u015bci\u0105 \u2014 ten Fender Custom Shop \u201957 Stratocaster Relic z konfiguracj\u0105 <strong data-start=\"599\" data-end=\"606\">HSS<\/strong> jest jedn\u0105 z najlepszych mo\u017cliwych opcji. To instrument, kt\u00f3ry zosta\u0142 zbudowany z my\u015bl\u0105 o graczach: maksymalnie wygodny, wszechstronny i inspiruj\u0105cy.<\/span><\/p>\n","protected":false},"featured_media":16842,"template":"","meta":{"_monsterinsights_skip_tracking":false,"_monsterinsights_sitenote_active":false,"_monsterinsights_sitenote_note":"","_monsterinsights_sitenote_category":0,"_uf_show_specific_survey":0,"_uf_disable_surveys":false,"_kadence_starter_templates_imported_post":false,"_kad_post_transparent":"default","_kad_post_title":"","_kad_post_layout":"default","_kad_post_sidebar_id":"","_kad_post_content_style":"default","_kad_post_vertical_padding":"default","_kad_post_feature":"","_kad_post_feature_position":"","_kad_post_header":false,"_kad_post_footer":false,"_kad_post_classname":""},"product_brand":[],"product_cat":[3265,3261],"product_tag":[],"class_list":{"0":"post-16841","1":"product","2":"type-product","3":"status-publish","4":"has-post-thumbnail","6":"product_cat-elektryczne-pl","7":"product_cat-gitary","9":"first","10":"outofstock","11":"shipping-taxable","12":"purchasable","13":"product-type-simple","14":"entry","15":"content-bg","16":"loop-entry"},"jetpack_sharing_enabled":true,"_links":{"self":[{"href":"https:\/\/guitar2amp.de\/index.php\/wp-json\/wp\/v2\/product\/16841","targetHints":{"allow":["GET"]}}],"collection":[{"href":"https:\/\/guitar2amp.de\/index.php\/wp-json\/wp\/v2\/product"}],"about":[{"href":"https:\/\/guitar2amp.de\/index.php\/wp-json\/wp\/v2\/types\/product"}],"wp:featuredmedia":[{"embeddable":true,"href":"https:\/\/guitar2amp.de\/index.php\/wp-json\/wp\/v2\/media\/16842"}],"wp:attachment":[{"href":"https:\/\/guitar2amp.de\/index.php\/wp-json\/wp\/v2\/media?parent=16841"}],"wp:term":[{"taxonomy":"product_brand","embeddable":true,"href":"https:\/\/guitar2amp.de\/index.php\/wp-json\/wp\/v2\/product_brand?post=16841"},{"taxonomy":"product_cat","embeddable":true,"href":"https:\/\/guitar2amp.de\/index.php\/wp-json\/wp\/v2\/product_cat?post=16841"},{"taxonomy":"product_tag","embeddable":true,"href":"https:\/\/guitar2amp.de\/index.php\/wp-json\/wp\/v2\/product_tag?post=16841"}],"curies":[{"name":"wp","href":"https:\/\/api.w.org\/{rel}","templated":true}]}}