{"id":16956,"date":"2025-11-28T14:04:36","date_gmt":"2025-11-28T13:04:36","guid":{"rendered":"https:\/\/guitar2amp.de\/?post_type=product&#038;p=16956"},"modified":"2026-03-09T08:24:30","modified_gmt":"2026-03-09T07:24:30","slug":"matchless-hc30-2x12-esd-speaker-cabinet-2","status":"publish","type":"product","link":"https:\/\/guitar2amp.de\/index.php\/de\/product\/matchless-hc30-2x12-esd-speaker-cabinet-2\/","title":{"rendered":"Matchless HC30 + 2&#215;12 ESD Speaker Cabinet"},"content":{"rendered":"<div class=\"text-base my-auto mx-auto pb-10 [--thread-content-margin:--spacing(4)] thread-sm:[--thread-content-margin:--spacing(6)] thread-lg:[--thread-content-margin:--spacing(16)] px-(--thread-content-margin)\">\n<div class=\"[--thread-content-max-width:40rem] thread-lg:[--thread-content-max-width:48rem] mx-auto max-w-(--thread-content-max-width) flex-1 group\/turn-messages focus-visible:outline-hidden relative flex w-full min-w-0 flex-col agent-turn\" tabindex=\"-1\">\n<div class=\"flex max-w-full flex-col grow\">\n<div class=\"min-h-8 text-message relative flex w-full flex-col items-end gap-2 text-start break-words whitespace-normal [.text-message+&amp;]:mt-1\" dir=\"auto\" data-message-author-role=\"assistant\" data-message-id=\"9aad0b0e-5d18-405e-baa5-a3d5b5178be7\" data-message-model-slug=\"gpt-5-1\">\n<div class=\"flex w-full flex-col gap-1 empty:hidden first:pt-[1px]\">\n<div class=\"markdown prose dark:prose-invert w-full break-words dark markdown-new-styling\">\n<p data-start=\"0\" data-end=\"104\">\n<h3 data-start=\"111\" data-end=\"203\"><strong data-start=\"115\" data-end=\"203\">Matchless HC-30 (Topteil) + Matchless 2&#215;12 ESD Cabinet \u2013 Boutique Class-A Kraftpaket<\/strong><\/h3>\n<p data-start=\"205\" data-end=\"563\">Der <strong data-start=\"209\" data-end=\"228\">Matchless HC-30<\/strong> in Kombination mit dem <strong data-start=\"252\" data-end=\"272\">2&#215;12 ESD Cabinet<\/strong> geh\u00f6rt zu den legend\u00e4rsten und dynamischsten Class-A-Verst\u00e4rker-Setups, die je gebaut wurden. Handverdrahtet in den USA mit h\u00f6chster Sorgfalt bietet dieses Rig au\u00dfergew\u00f6hnliche Klarheit, Ansprache und Musikalit\u00e4t \u2013 von funkelnden Cleans bis hin zu harmonisch reichhaltigen Overdrive-Sounds.<\/p>\n<p data-start=\"565\" data-end=\"653\">Eine perfekte Wahl f\u00fcr professionelle Musiker, Studios und echte Boutique-Amp-Liebhaber.<\/p>\n<hr data-start=\"655\" data-end=\"658\" \/>\n<h3 data-start=\"660\" data-end=\"693\"><strong data-start=\"664\" data-end=\"693\">HC-30 Topteil \u2013 \u00dcbersicht<\/strong><\/h3>\n<p data-start=\"694\" data-end=\"849\">Der <strong data-start=\"698\" data-end=\"707\">HC-30<\/strong> ist das Flaggschiff von Matchless und ber\u00fchmt f\u00fcr seine artikulierte Reaktion, gro\u00dfe Dynamik und den typischen, durchsetzungsstarken \u201eChime\u201c.<\/p>\n<p data-start=\"851\" data-end=\"869\"><strong data-start=\"851\" data-end=\"869\">Hauptmerkmale:<\/strong><\/p>\n<ul data-start=\"870\" data-end=\"1224\">\n<li data-start=\"870\" data-end=\"918\">\n<p data-start=\"872\" data-end=\"918\"><strong data-start=\"872\" data-end=\"887\">30W Class A<\/strong> \u2013 vollst\u00e4ndig handverdrahtet<\/p>\n<\/li>\n<li data-start=\"919\" data-end=\"1072\">\n<p data-start=\"921\" data-end=\"946\">Zwei unabh\u00e4ngige Kan\u00e4le<\/p>\n<ul data-start=\"949\" data-end=\"1072\">\n<li data-start=\"949\" data-end=\"1009\">\n<p data-start=\"951\" data-end=\"1009\"><em data-start=\"951\" data-end=\"961\">Kanal 1:<\/em> EF86 \u2013 druckvoll, mittig, kr\u00e4ftiger Charakter<\/p>\n<\/li>\n<li data-start=\"1012\" data-end=\"1072\">\n<p data-start=\"1014\" data-end=\"1072\"><em data-start=\"1014\" data-end=\"1024\">Kanal 2:<\/em> 12AX7 \u2013 klassischer Chime, Klarheit und Glanz<\/p>\n<\/li>\n<\/ul>\n<\/li>\n<li data-start=\"1073\" data-end=\"1096\">\n<p data-start=\"1075\" data-end=\"1096\">R\u00f6hrengleichrichter<\/p>\n<\/li>\n<li data-start=\"1097\" data-end=\"1126\">\n<p data-start=\"1099\" data-end=\"1126\">Sehr dynamische Ansprache<\/p>\n<\/li>\n<li data-start=\"1127\" data-end=\"1171\">\n<p data-start=\"1129\" data-end=\"1171\">Baujahr <strong data-start=\"1137\" data-end=\"1145\">2020<\/strong>, hervorragender Zustand<\/p>\n<\/li>\n<li data-start=\"1172\" data-end=\"1224\">\n<p data-start=\"1174\" data-end=\"1224\">Einer der vielseitigsten Boutique-Amps \u00fcberhaupt<\/p>\n<\/li>\n<\/ul>\n<hr data-start=\"1226\" data-end=\"1229\" \/>\n<h3 data-start=\"1231\" data-end=\"1277\"><strong data-start=\"1235\" data-end=\"1277\">Matchless 2&#215;12 ESD Cabinet \u2013 \u00dcbersicht<\/strong><\/h3>\n<p data-start=\"1278\" data-end=\"1379\">Die perfekte Erg\u00e4nzung zum HC-30. Riesige Projektion, straffer Bassbereich und breite, offene Mitten.<\/p>\n<p data-start=\"1381\" data-end=\"1399\"><strong data-start=\"1381\" data-end=\"1399\">Hauptmerkmale:<\/strong><\/p>\n<ul data-start=\"1400\" data-end=\"1652\">\n<li data-start=\"1400\" data-end=\"1420\">\n<p data-start=\"1402\" data-end=\"1420\">Baujahr <strong data-start=\"1410\" data-end=\"1418\">2018<\/strong><\/p>\n<\/li>\n<li data-start=\"1421\" data-end=\"1488\">\n<p data-start=\"1423\" data-end=\"1488\"><strong data-start=\"1423\" data-end=\"1444\">2&#215;12 Lautsprecher<\/strong> (Celestion-Konfiguration je nach Version)<\/p>\n<\/li>\n<li data-start=\"1489\" data-end=\"1545\">\n<p data-start=\"1491\" data-end=\"1545\">Frontport-Design f\u00fcr zus\u00e4tzlichen Punch und Klarheit<\/p>\n<\/li>\n<li data-start=\"1546\" data-end=\"1586\">\n<p data-start=\"1548\" data-end=\"1586\">Dreidimensionales, offenes Klangbild<\/p>\n<\/li>\n<li data-start=\"1587\" data-end=\"1619\">\n<p data-start=\"1589\" data-end=\"1619\">\u00e4u\u00dferst robuste Verarbeitung<\/p>\n<\/li>\n<li data-start=\"1620\" data-end=\"1652\">\n<p data-start=\"1622\" data-end=\"1652\">Hervorragender Gesamtzustand<\/p>\n<\/li>\n<\/ul>\n<hr data-start=\"1654\" data-end=\"1657\" \/>\n<h3 data-start=\"1659\" data-end=\"1681\"><strong data-start=\"1663\" data-end=\"1681\">Klangcharakter<\/strong><\/h3>\n<ul data-start=\"1682\" data-end=\"1876\">\n<li data-start=\"1682\" data-end=\"1711\">\n<p data-start=\"1684\" data-end=\"1711\">Funkelnde, komplexe H\u00f6hen<\/p>\n<\/li>\n<li data-start=\"1712\" data-end=\"1747\">\n<p data-start=\"1714\" data-end=\"1747\">Warme, harmonisch reiche Mitten<\/p>\n<\/li>\n<li data-start=\"1748\" data-end=\"1778\">\n<p data-start=\"1750\" data-end=\"1778\">Straffer, definierter Bass<\/p>\n<\/li>\n<li data-start=\"1779\" data-end=\"1842\">\n<p data-start=\"1781\" data-end=\"1842\">Reagiert extrem gut auf Anschlagdynamik und Volume-Regelung<\/p>\n<\/li>\n<li data-start=\"1843\" data-end=\"1876\">\n<p data-start=\"1845\" data-end=\"1876\">Hervorragend pedal-freundlich<\/p>\n<\/li>\n<\/ul>\n<p data-start=\"1878\" data-end=\"1987\">Von zarten Clean-Sounds bis zu druckvollen Overdrive-Texturen \u2013 dieses Set ist ein echter Boutique-Klassiker.<\/p>\n<hr data-start=\"1989\" data-end=\"1992\" \/>\n<h3 data-start=\"1994\" data-end=\"2009\"><strong data-start=\"1998\" data-end=\"2009\">Zustand<\/strong><\/h3>\n<ul data-start=\"2010\" data-end=\"2146\">\n<li data-start=\"2010\" data-end=\"2054\">\n<p data-start=\"2012\" data-end=\"2054\"><strong data-start=\"2012\" data-end=\"2024\">Topteil:<\/strong> Hervorragend (Baujahr 2020)<\/p>\n<\/li>\n<li data-start=\"2055\" data-end=\"2099\">\n<p data-start=\"2057\" data-end=\"2099\"><strong data-start=\"2057\" data-end=\"2069\">Cabinet:<\/strong> Hervorragend (Baujahr 2018)<\/p>\n<\/li>\n<li data-start=\"2100\" data-end=\"2146\">\n<p data-start=\"2102\" data-end=\"2146\">Praktisch unbenutzt, technisch einwandfrei<\/p>\n<\/li>\n<\/ul>\n<hr data-start=\"2148\" data-end=\"2151\" \/>\n<h3 data-start=\"2153\" data-end=\"2173\"><strong data-start=\"2157\" data-end=\"2173\">Lieferumfang<\/strong><\/h3>\n<ul data-start=\"2174\" data-end=\"2232\">\n<li data-start=\"2174\" data-end=\"2201\">\n<p data-start=\"2176\" data-end=\"2201\">Matchless HC-30 Topteil<\/p>\n<\/li>\n<li data-start=\"2202\" data-end=\"2232\">\n<p data-start=\"2204\" data-end=\"2232\">Matchless 2&#215;12 ESD Cabinet<\/p>\n<\/li>\n<\/ul>\n<hr data-start=\"2234\" data-end=\"2237\" \/>\n<h3 data-start=\"2239\" data-end=\"2256\"><strong data-start=\"2243\" data-end=\"2256\">Ideal f\u00fcr<\/strong><\/h3>\n<ul data-start=\"2257\" data-end=\"2484\">\n<li data-start=\"2257\" data-end=\"2303\">\n<p data-start=\"2259\" data-end=\"2303\">Liebhaber hochwertiger Boutique-Verst\u00e4rker<\/p>\n<\/li>\n<li data-start=\"2304\" data-end=\"2351\">\n<p data-start=\"2306\" data-end=\"2351\">Professionelle Live- und Studio-Gitarristen<\/p>\n<\/li>\n<li data-start=\"2352\" data-end=\"2403\">\n<p data-start=\"2354\" data-end=\"2403\">Musiker, die erstklassige Class-A-Sounds suchen<\/p>\n<\/li>\n<li data-start=\"2404\" data-end=\"2484\">\n<p data-start=\"2406\" data-end=\"2484\">Fans von Vox\/Matchless-\u00e4hnlichen Dynamiken mit mehr Autorit\u00e4t und Projektion<\/p>\n<\/li>\n<\/ul>\n<\/div>\n<\/div>\n<\/div>\n<\/div>\n<\/div>\n<\/div>\n","protected":false},"excerpt":{"rendered":"<h3 data-start=\"111\" data-end=\"203\"><strong data-start=\"115\" data-end=\"203\">Matchless HC-30 (Topteil) + Matchless 2&#215;12 ESD Cabinet \u2013 Boutique Class-A Kraftpaket<\/strong><\/h3>\n<p data-start=\"205\" data-end=\"563\">Der <strong data-start=\"209\" data-end=\"228\">Matchless HC-30<\/strong> in Kombination mit dem <strong data-start=\"252\" data-end=\"272\">2&#215;12 ESD Cabinet<\/strong> geh\u00f6rt zu den legend\u00e4rsten und dynamischsten Class-A-Verst\u00e4rker-Setups, die je gebaut wurden. Handverdrahtet in den USA mit h\u00f6chster Sorgfalt bietet dieses Rig au\u00dfergew\u00f6hnliche Klarheit, Ansprache und Musikalit\u00e4t \u2013 von funkelnden Cleans bis hin zu harmonisch reichhaltigen Overdrive-Sounds.Eine perfekte Wahl f\u00fcr professionelle Musiker, Studios und echte Boutique-Amp-Liebhaber.<\/p>\n","protected":false},"featured_media":16957,"template":"","meta":{"_monsterinsights_skip_tracking":false,"_monsterinsights_sitenote_active":false,"_monsterinsights_sitenote_note":"","_monsterinsights_sitenote_category":0,"_uf_show_specific_survey":0,"_uf_disable_surveys":false,"_kadence_starter_templates_imported_post":false,"_kad_post_transparent":"default","_kad_post_title":"","_kad_post_layout":"default","_kad_post_sidebar_id":"","_kad_post_content_style":"default","_kad_post_vertical_padding":"default","_kad_post_feature":"","_kad_post_feature_position":"","_kad_post_header":false,"_kad_post_footer":false,"_kad_post_classname":""},"product_brand":[],"product_cat":[221,219],"product_tag":[],"class_list":{"0":"post-16956","1":"product","2":"type-product","3":"status-publish","4":"has-post-thumbnail","6":"product_cat-e-gitarren-verstaerke","7":"product_cat-verstaerke","9":"first","10":"outofstock","11":"shipping-taxable","12":"purchasable","13":"product-type-simple","14":"entry","15":"content-bg","16":"loop-entry"},"jetpack_sharing_enabled":true,"_links":{"self":[{"href":"https:\/\/guitar2amp.de\/index.php\/wp-json\/wp\/v2\/product\/16956","targetHints":{"allow":["GET"]}}],"collection":[{"href":"https:\/\/guitar2amp.de\/index.php\/wp-json\/wp\/v2\/product"}],"about":[{"href":"https:\/\/guitar2amp.de\/index.php\/wp-json\/wp\/v2\/types\/product"}],"wp:featuredmedia":[{"embeddable":true,"href":"https:\/\/guitar2amp.de\/index.php\/wp-json\/wp\/v2\/media\/16957"}],"wp:attachment":[{"href":"https:\/\/guitar2amp.de\/index.php\/wp-json\/wp\/v2\/media?parent=16956"}],"wp:term":[{"taxonomy":"product_brand","embeddable":true,"href":"https:\/\/guitar2amp.de\/index.php\/wp-json\/wp\/v2\/product_brand?post=16956"},{"taxonomy":"product_cat","embeddable":true,"href":"https:\/\/guitar2amp.de\/index.php\/wp-json\/wp\/v2\/product_cat?post=16956"},{"taxonomy":"product_tag","embeddable":true,"href":"https:\/\/guitar2amp.de\/index.php\/wp-json\/wp\/v2\/product_tag?post=16956"}],"curies":[{"name":"wp","href":"https:\/\/api.w.org\/{rel}","templated":true}]}}