{"id":17875,"date":"2026-01-06T18:46:59","date_gmt":"2026-01-06T17:46:59","guid":{"rendered":"https:\/\/guitar2amp.de\/?post_type=product&#038;p=17875"},"modified":"2026-01-24T19:05:20","modified_gmt":"2026-01-24T18:05:20","slug":"macmull-s-evolution-aged-white-olimpic-white-soft-relic-2","status":"publish","type":"product","link":"https:\/\/guitar2amp.de\/index.php\/de\/product\/macmull-s-evolution-aged-white-olimpic-white-soft-relic-2\/","title":{"rendered":"Macmull S Evolution Aged White \/ Olimpic White Soft Relic"},"content":{"rendered":"<h2 data-start=\"102\" data-end=\"151\"><span style=\"color: #000000;\"><strong data-start=\"105\" data-end=\"151\">Macmull S-Evo \u2013 Olympic White (Soft Relic)<\/strong><\/span><\/h2>\n<p data-start=\"153\" data-end=\"575\"><span style=\"color: #000000;\">Die <strong data-start=\"157\" data-end=\"174\">Macmull S-Evo<\/strong> ist eine moderne Interpretation der klassischen S-Style-Gitarre, gebaut mit tiefem Respekt f\u00fcr Vintage-Sound und erg\u00e4nzt um zeitgem\u00e4\u00dfe Spielbarkeit, Balance und Zuverl\u00e4ssigkeit. Dieses Instrument verk\u00f6rpert Macmulls <strong data-start=\"391\" data-end=\"433\">R.V.T.-Philosophie (Real Vintage Tone)<\/strong> \u2013 jedes Bauteil ist sorgf\u00e4ltig ausgew\u00e4hlt und klanglich aufeinander abgestimmt, um als ein geschlossenes, lebendiges System zu funktionieren.<\/span><\/p>\n<p data-start=\"577\" data-end=\"708\"><span style=\"color: #000000;\">Leicht, resonant und extrem dynamisch \u2013 die S-Evo richtet sich an Spieler, die Wert auf Feeling, Ansprache und Authentizit\u00e4t legen.<\/span><\/p>\n<hr data-start=\"710\" data-end=\"713\" \/>\n<h2 data-start=\"715\" data-end=\"749\"><span style=\"color: #000000;\"><strong data-start=\"718\" data-end=\"749\">\u00dcber Macmull Custom Guitars<\/strong><\/span><\/h2>\n<p data-start=\"751\" data-end=\"1149\"><span style=\"color: #000000;\"><strong data-start=\"751\" data-end=\"777\">Macmull Custom Guitars<\/strong> ist eine Boutique-Gitarrenmarke aus Israel, gegr\u00fcndet von <strong data-start=\"836\" data-end=\"851\">Tal Macmull<\/strong> und <strong data-start=\"856\" data-end=\"871\">Amit Sadras<\/strong>. Weltweit gesch\u00e4tzt f\u00fcr kompromisslose Handwerkskunst, individuell abgestimmte Pickups und Instrumente mit echtem Charakter.<\/span><br data-start=\"996\" data-end=\"999\" \/><span style=\"color: #000000;\">Macmull-Gitarren werden nur in sehr kleinen St\u00fcckzahlen gefertigt und jede einzelne wird individuell abgestimmt \u2013 kein Instrument gleicht dem anderen.<\/span><\/p>\n<hr data-start=\"1151\" data-end=\"1154\" \/>\n<h2 data-start=\"1156\" data-end=\"1179\"><span style=\"color: #000000;\"><strong data-start=\"1159\" data-end=\"1179\">Das Modell S-Evo<\/strong><\/span><\/h2>\n<p data-start=\"1181\" data-end=\"1457\"><span style=\"color: #000000;\">Die <strong data-start=\"1185\" data-end=\"1194\">S-Evo<\/strong> verbindet klassische S-Style-\u00c4sthetik mit dezenten modernen Verbesserungen. Der leichte Erle-Korpus, der einteilige Premium-Ahornhals und das Griffbrett aus Madagaskar-Palisander sorgen f\u00fcr einen ausgewogenen, offenen Ton mit hervorragender Klarheit und Sustain.<\/span><\/p>\n<p data-start=\"1459\" data-end=\"1609\"><span style=\"color: #000000;\">Das <strong data-start=\"1463\" data-end=\"1492\">Macmull Oval-C-Halsprofil<\/strong> bietet hohen Spielkomfort und optimale Kontrolle \u2013 ideal f\u00fcr Akkordarbeit ebenso wie f\u00fcr ausdrucksstarke Lead-Parts.<\/span><\/p>\n<p data-start=\"1611\" data-end=\"1782\"><span style=\"color: #000000;\">Das Finish in <strong data-start=\"1625\" data-end=\"1655\">Aged White \/ Olympic White<\/strong> mit <strong data-start=\"1660\" data-end=\"1674\">Soft Relic<\/strong> verleiht der Gitarre von Anfang an das Gef\u00fchl und Aussehen eines perfekt eingespielten Vintage-Instruments.<\/span><\/p>\n<hr data-start=\"1784\" data-end=\"1787\" \/>\n<h2 data-start=\"1789\" data-end=\"1811\"><span style=\"color: #000000;\"><strong data-start=\"1792\" data-end=\"1811\">Spezifikationen<\/strong><\/span><\/h2>\n<ul data-start=\"1813\" data-end=\"2539\">\n<li data-start=\"1813\" data-end=\"1846\">\n<p data-start=\"1815\" data-end=\"1846\"><span style=\"color: #000000;\"><strong data-start=\"1815\" data-end=\"1831\">Ausrichtung:<\/strong> Rechtsh\u00e4nder<\/span><\/p>\n<\/li>\n<li data-start=\"1847\" data-end=\"1878\">\n<p data-start=\"1849\" data-end=\"1878\"><span style=\"color: #000000;\"><strong data-start=\"1849\" data-end=\"1861\">Gewicht:<\/strong> ca. <strong data-start=\"1866\" data-end=\"1876\">3,4 kg<\/strong><\/span><\/p>\n<\/li>\n<li data-start=\"1879\" data-end=\"1899\">\n<p data-start=\"1881\" data-end=\"1899\"><span style=\"color: #000000;\"><strong data-start=\"1881\" data-end=\"1892\">Korpus:<\/strong> Erle<\/span><\/p>\n<\/li>\n<li data-start=\"1900\" data-end=\"1939\">\n<p data-start=\"1902\" data-end=\"1939\"><span style=\"color: #000000;\"><strong data-start=\"1902\" data-end=\"1911\">Hals:<\/strong> Einteiliger Premium-Ahorn<\/span><\/p>\n<\/li>\n<li data-start=\"1940\" data-end=\"1981\">\n<p data-start=\"1942\" data-end=\"1981\"><span style=\"color: #000000;\"><strong data-start=\"1942\" data-end=\"1957\">Griffbrett:<\/strong> Madagaskar-Palisander<\/span><\/p>\n<\/li>\n<li data-start=\"1982\" data-end=\"2065\">\n<p data-start=\"1984\" data-end=\"2016\"><span style=\"color: #000000;\"><strong data-start=\"1984\" data-end=\"1999\">Halsprofil:<\/strong> Macmull Oval C<\/span><\/p>\n<ul data-start=\"2019\" data-end=\"2065\">\n<li data-start=\"2019\" data-end=\"2041\">\n<p data-start=\"2021\" data-end=\"2041\"><span style=\"color: #000000;\">20,6 mm am 1. Bund<\/span><\/p>\n<\/li>\n<li data-start=\"2044\" data-end=\"2065\">\n<p data-start=\"2046\" data-end=\"2065\"><span style=\"color: #000000;\">24 mm am 12. Bund<\/span><\/p>\n<\/li>\n<\/ul>\n<\/li>\n<li data-start=\"2066\" data-end=\"2093\">\n<p data-start=\"2068\" data-end=\"2093\"><span style=\"color: #000000;\"><strong data-start=\"2068\" data-end=\"2085\">Sattelbreite:<\/strong> 42 mm<\/span><\/p>\n<\/li>\n<li data-start=\"2094\" data-end=\"2132\">\n<p data-start=\"2096\" data-end=\"2132\"><span style=\"color: #000000;\"><strong data-start=\"2096\" data-end=\"2122\">Halsbreite (21. Bund):<\/strong> 55,6 mm<\/span><\/p>\n<\/li>\n<li data-start=\"2133\" data-end=\"2163\">\n<p data-start=\"2135\" data-end=\"2163\"><span style=\"color: #000000;\"><strong data-start=\"2135\" data-end=\"2156\">Griffbrettradius:<\/strong> 9,5&#8243;<\/span><\/p>\n<\/li>\n<li data-start=\"2164\" data-end=\"2197\">\n<p data-start=\"2166\" data-end=\"2197\"><span style=\"color: #000000;\"><strong data-start=\"2166\" data-end=\"2176\">B\u00fcnde:<\/strong> Jescar 57110 Jumbo<\/span><\/p>\n<\/li>\n<li data-start=\"2198\" data-end=\"2246\">\n<p data-start=\"2200\" data-end=\"2246\"><span style=\"color: #000000;\"><strong data-start=\"2200\" data-end=\"2211\">Finish:<\/strong> Aged White \/ Olympic White, matt<\/span><\/p>\n<\/li>\n<li data-start=\"2247\" data-end=\"2318\">\n<p data-start=\"2249\" data-end=\"2318\"><span style=\"color: #000000;\"><strong data-start=\"2249\" data-end=\"2272\">Kopfplatten-Finish:<\/strong> Americana (natur, schwarzes Siebdruck-Logo)<\/span><\/p>\n<\/li>\n<li data-start=\"2319\" data-end=\"2344\">\n<p data-start=\"2321\" data-end=\"2344\"><span style=\"color: #000000;\"><strong data-start=\"2321\" data-end=\"2331\">Aging:<\/strong> Soft Relic<\/span><\/p>\n<\/li>\n<li data-start=\"2345\" data-end=\"2381\">\n<p data-start=\"2347\" data-end=\"2381\"><span style=\"color: #000000;\"><strong data-start=\"2347\" data-end=\"2361\">Pickguard:<\/strong> Mint Green, 3-ply<\/span><\/p>\n<\/li>\n<li data-start=\"2382\" data-end=\"2418\">\n<p data-start=\"2384\" data-end=\"2418\"><span style=\"color: #000000;\"><strong data-start=\"2384\" data-end=\"2398\">Humbucker:<\/strong> Zebra, ohne Kappe<\/span><\/p>\n<\/li>\n<li data-start=\"2419\" data-end=\"2454\">\n<p data-start=\"2421\" data-end=\"2454\"><span style=\"color: #000000;\"><strong data-start=\"2421\" data-end=\"2432\">Saiten:<\/strong> D\u2019Addario NYXL .010<\/span><\/p>\n<\/li>\n<li data-start=\"2455\" data-end=\"2501\">\n<p data-start=\"2457\" data-end=\"2501\"><span style=\"color: #000000;\"><strong data-start=\"2457\" data-end=\"2468\">Koffer:<\/strong> Custom Macmull Hard Case (G&amp;G)<\/span><\/p>\n<\/li>\n<li data-start=\"2502\" data-end=\"2539\">\n<p data-start=\"2504\" data-end=\"2539\"><span style=\"color: #000000;\"><strong data-start=\"2504\" data-end=\"2519\">Halsplatte:<\/strong> Gravur \u201eGuitar2Amp\u201c<\/span><\/p>\n<\/li>\n<\/ul>\n<hr data-start=\"2541\" data-end=\"2544\" \/>\n<h2 data-start=\"2546\" data-end=\"2575\"><span style=\"color: #000000;\"><strong data-start=\"2549\" data-end=\"2575\">Macmull bei Guitar2Amp<\/strong><\/span><\/h2>\n<p data-start=\"2577\" data-end=\"2814\"><span style=\"color: #000000;\"><strong data-start=\"2577\" data-end=\"2591\">Guitar2Amp<\/strong> ist <strong data-start=\"2596\" data-end=\"2648\">autorisierter H\u00e4ndler f\u00fcr Macmull Custom Guitars<\/strong>.<\/span><br data-start=\"2649\" data-end=\"2652\" \/><span style=\"color: #000000;\">Wir bieten vollst\u00e4ndige Betreuung bei <strong data-start=\"2690\" data-end=\"2713\">Custom-Bestellungen<\/strong> \u2013 von der Auswahl des Modells \u00fcber Finish, Pickups und Halsprofile bis hin zu individuellen Details.<\/span><\/p>\n<p data-start=\"2816\" data-end=\"2913\"><span style=\"color: #000000;\">Jedes Macmull-Modell kann nach Ihren pers\u00f6nlichen Vorstellungen konfiguriert und bestellt werden.<\/span><\/p>\n<p data-start=\"2915\" data-end=\"3049\"><span style=\"color: #000000;\">F\u00fcr Verf\u00fcgbarkeit, individuelle Anfragen oder eine pers\u00f6nliche Beratung kontaktieren Sie uns gerne oder besuchen Sie unseren Showroom.<\/span><\/p>\n","protected":false},"excerpt":{"rendered":"<h2 data-start=\"102\" data-end=\"151\"><span style=\"color: #000000;\"><strong data-start=\"105\" data-end=\"151\">Macmull S-Evo \u2013 Olympic White (Soft Relic)<\/strong><\/span><\/h2>\n<p data-start=\"153\" data-end=\"575\"><span style=\"color: #000000;\">Die <strong data-start=\"157\" data-end=\"174\">Macmull S-Evo<\/strong> ist eine moderne Interpretation der klassischen S-Style-Gitarre, gebaut mit tiefem Respekt f\u00fcr Vintage-Sound und erg\u00e4nzt um zeitgem\u00e4\u00dfe Spielbarkeit, Balance und Zuverl\u00e4ssigkeit. Dieses Instrument verk\u00f6rpert Macmulls <strong data-start=\"391\" data-end=\"433\">R.V.T.-Philosophie (Real Vintage Tone)<\/strong> \u2013 jedes Bauteil ist sorgf\u00e4ltig ausgew\u00e4hlt und klanglich aufeinander abgestimmt, um als ein geschlossenes, lebendiges System zu funktionieren.<\/span><\/p>\n<p data-start=\"577\" data-end=\"708\"><span style=\"color: #000000;\">Leicht, resonant und extrem dynamisch \u2013 die S-Evo richtet sich an Spieler, die Wert auf Feeling, Ansprache und Authentizit\u00e4t legen.<\/span><\/p>\n<p><a href=\"https:\/\/guitar2amp.de\/index.php\/de\/macmull-custom-guitars-de\/\"><strong>Mehr \u00fcber Gitarren von Macmull Custom Guitars \u2192<\/strong><\/a><\/p>\n","protected":false},"featured_media":17876,"template":"","meta":{"_monsterinsights_skip_tracking":false,"_monsterinsights_sitenote_active":false,"_monsterinsights_sitenote_note":"","_monsterinsights_sitenote_category":0,"_uf_show_specific_survey":0,"_uf_disable_surveys":false,"_kadence_starter_templates_imported_post":false,"_kad_post_transparent":"default","_kad_post_title":"","_kad_post_layout":"default","_kad_post_sidebar_id":"","_kad_post_content_style":"default","_kad_post_vertical_padding":"default","_kad_post_feature":"","_kad_post_feature_position":"","_kad_post_header":false,"_kad_post_footer":false,"_kad_post_classname":""},"product_brand":[],"product_cat":[5344],"product_tag":[],"class_list":{"0":"post-17875","1":"product","2":"type-product","3":"status-publish","4":"has-post-thumbnail","6":"product_cat-macmull-custom-de","8":"first","9":"onbackorder","10":"shipping-taxable","11":"purchasable","12":"product-type-simple","13":"entry","14":"content-bg","15":"loop-entry"},"jetpack_sharing_enabled":true,"_links":{"self":[{"href":"https:\/\/guitar2amp.de\/index.php\/wp-json\/wp\/v2\/product\/17875","targetHints":{"allow":["GET"]}}],"collection":[{"href":"https:\/\/guitar2amp.de\/index.php\/wp-json\/wp\/v2\/product"}],"about":[{"href":"https:\/\/guitar2amp.de\/index.php\/wp-json\/wp\/v2\/types\/product"}],"wp:featuredmedia":[{"embeddable":true,"href":"https:\/\/guitar2amp.de\/index.php\/wp-json\/wp\/v2\/media\/17876"}],"wp:attachment":[{"href":"https:\/\/guitar2amp.de\/index.php\/wp-json\/wp\/v2\/media?parent=17875"}],"wp:term":[{"taxonomy":"product_brand","embeddable":true,"href":"https:\/\/guitar2amp.de\/index.php\/wp-json\/wp\/v2\/product_brand?post=17875"},{"taxonomy":"product_cat","embeddable":true,"href":"https:\/\/guitar2amp.de\/index.php\/wp-json\/wp\/v2\/product_cat?post=17875"},{"taxonomy":"product_tag","embeddable":true,"href":"https:\/\/guitar2amp.de\/index.php\/wp-json\/wp\/v2\/product_tag?post=17875"}],"curies":[{"name":"wp","href":"https:\/\/api.w.org\/{rel}","templated":true}]}}