{"id":18489,"date":"2026-02-06T18:20:54","date_gmt":"2026-02-06T17:20:54","guid":{"rendered":"https:\/\/guitar2amp.de\/?post_type=product&#038;p=18489"},"modified":"2026-02-06T18:21:18","modified_gmt":"2026-02-06T17:21:18","slug":"nashguitars-s57-3t-sunburst-medium-relic-stratocaster-2","status":"publish","type":"product","link":"https:\/\/guitar2amp.de\/index.php\/de\/product\/nashguitars-s57-3t-sunburst-medium-relic-stratocaster-2\/","title":{"rendered":"Nashguitars S57 3T Sunburst Medium Relic Stratocaster"},"content":{"rendered":"<h2 data-start=\"3155\" data-end=\"3223\"><span style=\"color: #000000;\"><strong data-start=\"3163\" data-end=\"3223\">Nashguitars S57 \u2013 3-Tone Sunburst | Medium Relic | Esche<\/strong><\/span><\/h2>\n<h3 data-start=\"3225\" data-end=\"3275\"><span style=\"color: #000000;\">\u00dcber <strong data-start=\"3234\" data-end=\"3275\"><span class=\"hover:entity-accent entity-underline inline cursor-pointer align-baseline\"><span class=\"whitespace-normal\">Nashguitars<\/span><\/span><\/strong><\/span><\/h3>\n<p data-start=\"3276\" data-end=\"3577\"><span style=\"color: #000000;\">Nashguitars ist eine amerikanische Boutique-Marke von <strong data-start=\"3330\" data-end=\"3343\">Bill Nash<\/strong>, bekannt f\u00fcr handgefertigte Gitarren mit authentischem Vintage-Charakter. D\u00fcnne Nitrolacke, selektierte H\u00f6lzer und echtes Relic-Aging sorgen f\u00fcr Klang, Feel und Optik klassischer Instrumente \u2013 kombiniert mit moderner Zuverl\u00e4ssigkeit.<\/span><\/p>\n<h3 data-start=\"3579\" data-end=\"3601\"><span style=\"color: #000000;\">Modellbeschreibung<\/span><\/h3>\n<p data-start=\"3602\" data-end=\"3885\"><span style=\"color: #000000;\">Die <strong data-start=\"3606\" data-end=\"3625\">Nashguitars S57<\/strong> ist eine klassische Strat-Interpretation mit hervorragender Spielbarkeit und lebendigem Vintage-Ton. Der leichte Esche-Korpus, der einteilige Ahornhals und die Lollar Pickups bieten ein breites Klangspektrum von glockigen Clean-Sounds bis zu dynamischem Rock.<\/span><\/p>\n<p data-start=\"3887\" data-end=\"3907\"><span style=\"color: #000000;\"><strong data-start=\"3887\" data-end=\"3907\">Spezifikationen:<\/strong><\/span><\/p>\n<ul data-start=\"3908\" data-end=\"4182\">\n<li data-start=\"3908\" data-end=\"3929\">\n<p data-start=\"3910\" data-end=\"3929\"><span style=\"color: #000000;\"><strong data-start=\"3910\" data-end=\"3921\">Korpus:<\/strong> Esche<\/span><\/p>\n<\/li>\n<li data-start=\"3930\" data-end=\"3975\">\n<p data-start=\"3932\" data-end=\"3975\"><span style=\"color: #000000;\"><strong data-start=\"3932\" data-end=\"3943\">Finish:<\/strong> 3-Tone Sunburst, Medium Relic<\/span><\/p>\n<\/li>\n<li data-start=\"3976\" data-end=\"4011\">\n<p data-start=\"3978\" data-end=\"4011\"><span style=\"color: #000000;\"><strong data-start=\"3978\" data-end=\"3987\">Hals:<\/strong> Einteiliges Ahornholz<\/span><\/p>\n<\/li>\n<li data-start=\"4012\" data-end=\"4033\">\n<p data-start=\"4014\" data-end=\"4033\"><span style=\"color: #000000;\"><strong data-start=\"4014\" data-end=\"4029\">Halsprofil:<\/strong> C<\/span><\/p>\n<\/li>\n<li data-start=\"4034\" data-end=\"4063\">\n<p data-start=\"4036\" data-end=\"4063\"><span style=\"color: #000000;\"><strong data-start=\"4036\" data-end=\"4057\">Griffbrettradius:<\/strong> 10&#8243;<\/span><\/p>\n<\/li>\n<li data-start=\"4064\" data-end=\"4150\">\n<p data-start=\"4066\" data-end=\"4150\"><span style=\"color: #000000;\"><strong data-start=\"4066\" data-end=\"4078\">Pickups:<\/strong><\/span><br data-start=\"4078\" data-end=\"4081\" \/><span style=\"color: #000000;\">\u2022 Lollar Blonde (Hals &amp; Mitte)<\/span><br data-start=\"4113\" data-end=\"4116\" \/><span style=\"color: #000000;\">\u2022 Lollar Nash Special (Bridge)<\/span><\/p>\n<\/li>\n<li data-start=\"4151\" data-end=\"4182\">\n<p data-start=\"4153\" data-end=\"4182\"><span style=\"color: #000000;\"><strong data-start=\"4153\" data-end=\"4164\">Br\u00fccke:<\/strong> Vintage Tremolo<\/span><\/p>\n<\/li>\n<\/ul>\n<p data-start=\"4184\" data-end=\"4246\"><span style=\"color: #000000;\">Sehr gut ausbalanciert, resonant und dynamisch im Spielgef\u00fchl.<\/span><\/p>\n<p data-start=\"4248\" data-end=\"4275\"><span style=\"color: #000000;\"><strong data-start=\"4248\" data-end=\"4260\">Zustand:<\/strong> Neu<\/span><\/p>\n<h3 data-start=\"4277\" data-end=\"4358\"><span style=\"color: #000000;\"><strong data-start=\"4281\" data-end=\"4358\"><span class=\"hover:entity-accent entity-underline inline cursor-pointer align-baseline\"><span class=\"whitespace-normal\">Guitar2Amp<\/span><\/span> \u2013 Autorisierter Nashguitars H\u00e4ndler<\/strong><\/span><\/h3>\n<p data-start=\"4359\" data-end=\"4514\"><span style=\"color: #000000;\">Guitar2Amp ist <strong data-start=\"4374\" data-end=\"4415\">autorisierter H\u00e4ndler von Nashguitars<\/strong>. Wir stellen eine <strong data-start=\"4434\" data-end=\"4446\">Rechnung<\/strong> aus und bieten <strong data-start=\"4462\" data-end=\"4487\">Versand oder Abholung<\/strong> sowie kompetente Beratung.<\/span><\/p>\n","protected":false},"excerpt":{"rendered":"<h2 data-start=\"3155\" data-end=\"3223\"><span style=\"color: #000000;\"><strong data-start=\"3163\" data-end=\"3223\">Nashguitars S57 \u2013 3-Tone Sunburst | Medium Relic | Esche<\/strong><\/span><\/h2>\n<h3 data-start=\"3225\" data-end=\"3275\"><span style=\"color: #000000;\">\u00dcber <strong data-start=\"3234\" data-end=\"3275\"><span class=\"hover:entity-accent entity-underline inline cursor-pointer align-baseline\"><span class=\"whitespace-normal\">Nashguitars<\/span><\/span><\/strong><\/span><\/h3>\n<p data-start=\"3276\" data-end=\"3577\"><span style=\"color: #000000;\">Nashguitars ist eine amerikanische Boutique-Marke von <strong data-start=\"3330\" data-end=\"3343\">Bill Nash<\/strong>, bekannt f\u00fcr handgefertigte Gitarren mit authentischem Vintage-Charakter. D\u00fcnne Nitrolacke, selektierte H\u00f6lzer und echtes Relic-Aging sorgen f\u00fcr Klang, Feel und Optik klassischer Instrumente \u2013 kombiniert mit moderner Zuverl\u00e4ssigkeit.<\/span><\/p>\n<h3 data-start=\"3579\" data-end=\"3601\"><span style=\"color: #000000;\">Modellbeschreibung<\/span><\/h3>\n<p data-start=\"3602\" data-end=\"3885\"><span style=\"color: #000000;\">Die <strong data-start=\"3606\" data-end=\"3625\">Nashguitars S57<\/strong> ist eine klassische Strat-Interpretation mit hervorragender Spielbarkeit und lebendigem Vintage-Ton. Der leichte Esche-Korpus, der einteilige Ahornhals und die Lollar Pickups bieten ein breites Klangspektrum von glockigen Clean-Sounds bis zu dynamischem Rock.<\/span><\/p>\n","protected":false},"featured_media":18490,"template":"","meta":{"_monsterinsights_skip_tracking":false,"_monsterinsights_sitenote_active":false,"_monsterinsights_sitenote_note":"","_monsterinsights_sitenote_category":0,"_uf_show_specific_survey":0,"_uf_disable_surveys":false,"_kadence_starter_templates_imported_post":false,"_kad_post_transparent":"default","_kad_post_title":"","_kad_post_layout":"default","_kad_post_sidebar_id":"","_kad_post_content_style":"default","_kad_post_vertical_padding":"default","_kad_post_feature":"","_kad_post_feature_position":"","_kad_post_header":false,"_kad_post_footer":false,"_kad_post_classname":""},"product_brand":[],"product_cat":[207,203,5908],"product_tag":[],"class_list":{"0":"post-18489","1":"product","2":"type-product","3":"status-publish","4":"has-post-thumbnail","6":"product_cat-e-gitarren","7":"product_cat-gitarren","8":"product_cat-nashguitars-de","10":"first","11":"instock","12":"shipping-taxable","13":"purchasable","14":"product-type-simple","15":"entry","16":"content-bg","17":"loop-entry"},"jetpack_sharing_enabled":true,"_links":{"self":[{"href":"https:\/\/guitar2amp.de\/index.php\/wp-json\/wp\/v2\/product\/18489","targetHints":{"allow":["GET"]}}],"collection":[{"href":"https:\/\/guitar2amp.de\/index.php\/wp-json\/wp\/v2\/product"}],"about":[{"href":"https:\/\/guitar2amp.de\/index.php\/wp-json\/wp\/v2\/types\/product"}],"wp:featuredmedia":[{"embeddable":true,"href":"https:\/\/guitar2amp.de\/index.php\/wp-json\/wp\/v2\/media\/18490"}],"wp:attachment":[{"href":"https:\/\/guitar2amp.de\/index.php\/wp-json\/wp\/v2\/media?parent=18489"}],"wp:term":[{"taxonomy":"product_brand","embeddable":true,"href":"https:\/\/guitar2amp.de\/index.php\/wp-json\/wp\/v2\/product_brand?post=18489"},{"taxonomy":"product_cat","embeddable":true,"href":"https:\/\/guitar2amp.de\/index.php\/wp-json\/wp\/v2\/product_cat?post=18489"},{"taxonomy":"product_tag","embeddable":true,"href":"https:\/\/guitar2amp.de\/index.php\/wp-json\/wp\/v2\/product_tag?post=18489"}],"curies":[{"name":"wp","href":"https:\/\/api.w.org\/{rel}","templated":true}]}}