{"id":18604,"date":"2026-02-09T11:48:09","date_gmt":"2026-02-09T10:48:09","guid":{"rendered":"https:\/\/guitar2amp.de\/?post_type=product&#038;p=18604"},"modified":"2026-02-09T11:53:07","modified_gmt":"2026-02-09T10:53:07","slug":"2018-fender-custom-shop-jeff-beck-stratocaster-30th-anniversary-artist-edition-surf-green-used-2","status":"publish","type":"product","link":"https:\/\/guitar2amp.de\/index.php\/pl\/product\/2018-fender-custom-shop-jeff-beck-stratocaster-30th-anniversary-artist-edition-surf-green-used-2\/","title":{"rendered":"2018 Fender Custom Shop Jeff Beck Stratocaster 30th Anniversary Artist Edition Surf Green [USED]"},"content":{"rendered":"<h2 data-start=\"111\" data-end=\"157\"><span style=\"color: #000000;\">Fender Custom Shop Jeff Beck Stratocaster<\/span><\/h2>\n<p data-start=\"158\" data-end=\"213\"><span style=\"color: #000000;\"><strong data-start=\"158\" data-end=\"213\">30th Anniversary Artist Edition \u2013 Surf Green (2018)<\/strong><\/span><\/p>\n<p data-start=\"215\" data-end=\"325\"><span style=\"color: #000000;\"><strong data-start=\"215\" data-end=\"224\">Stan:<\/strong> Bardzo dobry \u2013 instrument u\u017cywany w niewielkim stopniu, w pe\u0142ni oryginalny, technicznie bez zarzutu.<\/span><\/p>\n<p data-start=\"327\" data-end=\"656\"><span style=\"color: #000000;\">Ta <strong data-start=\"330\" data-end=\"387\">Fender Custom Shop Jeff Beck Stratocaster z 2018 roku<\/strong> zosta\u0142a zbudowana z okazji 30-lecia jednego z najbardziej kultowych modeli sygnowanych w historii Stratocastera. Instrument \u0142\u0105czy klasyczne DNA Stratocastera z nowoczesnymi rozwi\u0105zaniami, kt\u00f3re zapewniaj\u0105 wyj\u0105tkow\u0105 wygod\u0119 gry, stabilno\u015b\u0107 i wszechstronno\u015b\u0107 brzmieniow\u0105.<\/span><\/p>\n<p data-start=\"658\" data-end=\"827\"><span style=\"color: #000000;\">Wyko\u0144czenie w klasycznym kolorze <strong data-start=\"691\" data-end=\"705\">Surf Green<\/strong> podkre\u015bla jej vintage\u2019owy charakter, a jako\u015b\u0107 wykonania Fender Custom Shop gwarantuje najwy\u017cszy poziom precyzji i detalu.<\/span><\/p>\n<h3 data-start=\"829\" data-end=\"854\"><span style=\"color: #000000;\">Brzmienie i charakter<\/span><\/h3>\n<p data-start=\"855\" data-end=\"1229\"><span style=\"color: #000000;\">Gitara wyposa\u017cona jest w <strong data-start=\"880\" data-end=\"932\">trzy ceramiczne przetworniki Dual-Coil Noiseless<\/strong>, kt\u00f3re oferuj\u0105 klarowne, dynamiczne brzmienie <strong data-start=\"979\" data-end=\"998\">bez przyd\u017awi\u0119ku<\/strong>. Od krystalicznie czystych clean\u00f3w, przez spr\u0119\u017cyste rytmy, a\u017c po \u015bpiewne, selektywne partie solowe \u2014 wszystko z doskona\u0142\u0105 definicj\u0105 i kontrol\u0105 dynamiki. Idealna do bluesa, rocka, fusion oraz nowoczesnych, ekspresyjnych styl\u00f3w gry.<\/span><\/p>\n<h3 data-start=\"1231\" data-end=\"1248\"><span style=\"color: #000000;\">Korpus i gryf<\/span><\/h3>\n<ul data-start=\"1249\" data-end=\"1472\">\n<li data-start=\"1249\" data-end=\"1278\">\n<p data-start=\"1251\" data-end=\"1278\"><span style=\"color: #000000;\"><strong data-start=\"1251\" data-end=\"1262\">Korpus:<\/strong> Olcha (Alder)<\/span><\/p>\n<\/li>\n<li data-start=\"1279\" data-end=\"1316\">\n<p data-start=\"1281\" data-end=\"1316\"><span style=\"color: #000000;\"><strong data-start=\"1281\" data-end=\"1297\">Wyko\u0144czenie:<\/strong> Surf Green (NOS)<\/span><\/p>\n<\/li>\n<li data-start=\"1317\" data-end=\"1357\">\n<p data-start=\"1319\" data-end=\"1357\"><span style=\"color: #000000;\"><strong data-start=\"1319\" data-end=\"1328\">Gryf:<\/strong> Klon, profil Jeff Beck \u201eC\u201d<\/span><\/p>\n<\/li>\n<li data-start=\"1358\" data-end=\"1390\">\n<p data-start=\"1360\" data-end=\"1390\"><span style=\"color: #000000;\"><strong data-start=\"1360\" data-end=\"1377\">Podstrunnica:<\/strong> Palisander<\/span><\/p>\n<\/li>\n<li data-start=\"1391\" data-end=\"1411\">\n<p data-start=\"1393\" data-end=\"1411\"><span style=\"color: #000000;\"><strong data-start=\"1393\" data-end=\"1404\">Radius:<\/strong> 9,5&#8243;<\/span><\/p>\n<\/li>\n<li data-start=\"1412\" data-end=\"1442\">\n<p data-start=\"1414\" data-end=\"1442\"><span style=\"color: #000000;\"><strong data-start=\"1414\" data-end=\"1424\">Progi:<\/strong> 22 Medium Jumbo<\/span><\/p>\n<\/li>\n<li data-start=\"1443\" data-end=\"1472\">\n<p data-start=\"1445\" data-end=\"1472\"><span style=\"color: #000000;\"><strong data-start=\"1445\" data-end=\"1457\">Menzura:<\/strong> 25,5&#8243; (648 mm)<\/span><\/p>\n<\/li>\n<\/ul>\n<p data-start=\"1474\" data-end=\"1707\"><span style=\"color: #000000;\">Profil gryfu jest bardzo komfortowy i uniwersalny \u2014 \u015bwietnie sprawdza si\u0119 zar\u00f3wno w grze akordowej, jak i solowej. Radius 9,5&#8243; oraz progi Medium Jumbo pozwalaj\u0105 na swobodne bendingi przy zachowaniu klasycznego feelingu Stratocastera.<\/span><\/p>\n<h3 data-start=\"1709\" data-end=\"1734\"><span style=\"color: #000000;\">Elektronika i osprz\u0119t<\/span><\/h3>\n<ul data-start=\"1735\" data-end=\"2032\">\n<li data-start=\"1735\" data-end=\"1801\">\n<p data-start=\"1737\" data-end=\"1801\"><span style=\"color: #000000;\"><strong data-start=\"1737\" data-end=\"1754\">Przetworniki:<\/strong> 3 \u00d7 Dual-Coil Ceramic Noiseless Single Coils<\/span><\/p>\n<\/li>\n<li data-start=\"1802\" data-end=\"1865\">\n<p data-start=\"1804\" data-end=\"1865\"><span style=\"color: #000000;\"><strong data-start=\"1804\" data-end=\"1817\">Kontrola:<\/strong> 1 \u00d7 Volume, 2 \u00d7 Tone, 5-pozycyjny prze\u0142\u0105cznik<\/span><\/p>\n<\/li>\n<li data-start=\"1866\" data-end=\"1947\">\n<p data-start=\"1868\" data-end=\"1947\"><span style=\"color: #000000;\"><strong data-start=\"1868\" data-end=\"1879\">Mostek:<\/strong> 2-punktowe tremolo Synchronized z siode\u0142kami ze stali nierdzewnej<\/span><\/p>\n<\/li>\n<li data-start=\"1948\" data-end=\"1980\">\n<p data-start=\"1950\" data-end=\"1980\"><span style=\"color: #000000;\"><strong data-start=\"1950\" data-end=\"1963\">Siode\u0142ko:<\/strong> LSR Roller Nut<\/span><\/p>\n<\/li>\n<li data-start=\"1981\" data-end=\"2011\">\n<p data-start=\"1983\" data-end=\"2011\"><span style=\"color: #000000;\"><strong data-start=\"1983\" data-end=\"1994\">Klucze:<\/strong> Locking Tuners<\/span><\/p>\n<\/li>\n<li data-start=\"2012\" data-end=\"2032\">\n<p data-start=\"2014\" data-end=\"2032\"><span style=\"color: #000000;\"><strong data-start=\"2014\" data-end=\"2026\">Osprz\u0119t:<\/strong> Chrom<\/span><\/p>\n<\/li>\n<\/ul>\n<p data-start=\"2034\" data-end=\"2176\"><span style=\"color: #000000;\">Po\u0142\u0105czenie siode\u0142ka LSR, blokowanych kluczy i 2-punktowego tremolo zapewnia znakomit\u0105 stabilno\u015b\u0107 stroju, nawet przy intensywnym u\u017cyciu wajchy.<\/span><\/p>\n<h3 data-start=\"2178\" data-end=\"2193\"><span style=\"color: #000000;\">Komfort gry<\/span><\/h3>\n<p data-start=\"2194\" data-end=\"2396\"><span style=\"color: #000000;\">Instrument reaguje bardzo precyzyjnie na artykulacj\u0119 i dynamik\u0119 prawej r\u0119ki. To gitara stworzona z my\u015bl\u0105 o \u015bwiadomych gitarzystach \u2014 doskonale sprawdzi si\u0119 zar\u00f3wno na scenie, jak i w studio nagraniowym.<\/span><\/p>\n<h3 data-start=\"2398\" data-end=\"2412\"><span style=\"color: #000000;\">W zestawie<\/span><\/h3>\n<ul data-start=\"2413\" data-end=\"2520\">\n<li data-start=\"2413\" data-end=\"2454\">\n<p data-start=\"2415\" data-end=\"2454\"><span style=\"color: #000000;\">Oryginalny futera\u0142 Fender Custom Shop<\/span><\/p>\n<\/li>\n<li data-start=\"2455\" data-end=\"2490\">\n<p data-start=\"2457\" data-end=\"2490\"><span style=\"color: #000000;\">Certyfikat autentyczno\u015bci (COA)<\/span><\/p>\n<\/li>\n<li data-start=\"2491\" data-end=\"2520\">\n<p data-start=\"2493\" data-end=\"2520\"><span style=\"color: #000000;\">Rami\u0119 tremolo i akcesoria<\/span><\/p>\n<\/li>\n<\/ul>\n<h3 data-start=\"2522\" data-end=\"2538\"><span style=\"color: #000000;\">Podsumowanie<\/span><\/h3>\n<p data-start=\"2539\" data-end=\"2811\"><span style=\"color: #000000;\">Wyj\u0105tkowa <strong data-start=\"2549\" data-end=\"2599\">Fender Custom Shop Artist Edition Stratocaster<\/strong>, \u0142\u0105cz\u0105ca klasyczny wygl\u0105d z nowoczesn\u0105 funkcjonalno\u015bci\u0105. <strong data-start=\"2657\" data-end=\"2700\">Jeff Beck 30th Anniversary Stratocaster<\/strong> to niezwykle uniwersalny instrument o profesjonalnym brzmieniu, doskona\u0142ej ergonomii i ponadczasowej estetyce.<\/span><\/p>\n","protected":false},"excerpt":{"rendered":"<h2 data-start=\"111\" data-end=\"157\"><span style=\"color: #000000;\">Fender Custom Shop Jeff Beck Stratocaster<\/span><\/h2>\n<p data-start=\"158\" data-end=\"213\"><span style=\"color: #000000;\"><strong data-start=\"158\" data-end=\"213\">30th Anniversary Artist Edition \u2013 Surf Green (2018)<\/strong><\/span><\/p>\n<p data-start=\"215\" data-end=\"325\"><span style=\"color: #000000;\"><strong data-start=\"215\" data-end=\"224\">Stan:<\/strong> Bardzo dobry \u2013 instrument u\u017cywany w niewielkim stopniu, w pe\u0142ni oryginalny, technicznie bez zarzutu.<\/span><\/p>\n<p data-start=\"327\" data-end=\"656\"><span style=\"color: #000000;\">Ta <strong data-start=\"330\" data-end=\"387\">Fender Custom Shop Jeff Beck Stratocaster z 2018 roku<\/strong> zosta\u0142a zbudowana z okazji 30-lecia jednego z najbardziej kultowych modeli sygnowanych w historii Stratocastera. Instrument \u0142\u0105czy klasyczne DNA Stratocastera z nowoczesnymi rozwi\u0105zaniami, kt\u00f3re zapewniaj\u0105 wyj\u0105tkow\u0105 wygod\u0119 gry, stabilno\u015b\u0107 i wszechstronno\u015b\u0107 brzmieniow\u0105.<\/span><\/p>\n<p data-start=\"658\" data-end=\"827\"><span style=\"color: #000000;\">Wyko\u0144czenie w klasycznym kolorze <strong data-start=\"691\" data-end=\"705\">Surf Green<\/strong> podkre\u015bla jej vintage\u2019owy charakter, a jako\u015b\u0107 wykonania Fender Custom Shop gwarantuje najwy\u017cszy poziom precyzji i detalu.<\/span><\/p>\n","protected":false},"featured_media":18605,"template":"","meta":{"_monsterinsights_skip_tracking":false,"_monsterinsights_sitenote_active":false,"_monsterinsights_sitenote_note":"","_monsterinsights_sitenote_category":0,"_uf_show_specific_survey":0,"_uf_disable_surveys":false,"_kadence_starter_templates_imported_post":false,"_kad_post_transparent":"default","_kad_post_title":"","_kad_post_layout":"default","_kad_post_sidebar_id":"","_kad_post_content_style":"default","_kad_post_vertical_padding":"default","_kad_post_feature":"","_kad_post_feature_position":"","_kad_post_header":false,"_kad_post_footer":false,"_kad_post_classname":""},"product_brand":[],"product_cat":[3265,3261],"product_tag":[],"class_list":{"0":"post-18604","1":"product","2":"type-product","3":"status-publish","4":"has-post-thumbnail","6":"product_cat-elektryczne-pl","7":"product_cat-gitary","9":"first","10":"instock","11":"shipping-taxable","12":"purchasable","13":"product-type-simple","14":"entry","15":"content-bg","16":"loop-entry"},"jetpack_sharing_enabled":true,"_links":{"self":[{"href":"https:\/\/guitar2amp.de\/index.php\/wp-json\/wp\/v2\/product\/18604","targetHints":{"allow":["GET"]}}],"collection":[{"href":"https:\/\/guitar2amp.de\/index.php\/wp-json\/wp\/v2\/product"}],"about":[{"href":"https:\/\/guitar2amp.de\/index.php\/wp-json\/wp\/v2\/types\/product"}],"wp:featuredmedia":[{"embeddable":true,"href":"https:\/\/guitar2amp.de\/index.php\/wp-json\/wp\/v2\/media\/18605"}],"wp:attachment":[{"href":"https:\/\/guitar2amp.de\/index.php\/wp-json\/wp\/v2\/media?parent=18604"}],"wp:term":[{"taxonomy":"product_brand","embeddable":true,"href":"https:\/\/guitar2amp.de\/index.php\/wp-json\/wp\/v2\/product_brand?post=18604"},{"taxonomy":"product_cat","embeddable":true,"href":"https:\/\/guitar2amp.de\/index.php\/wp-json\/wp\/v2\/product_cat?post=18604"},{"taxonomy":"product_tag","embeddable":true,"href":"https:\/\/guitar2amp.de\/index.php\/wp-json\/wp\/v2\/product_tag?post=18604"}],"curies":[{"name":"wp","href":"https:\/\/api.w.org\/{rel}","templated":true}]}}