{"id":19045,"date":"2026-03-04T19:59:08","date_gmt":"2026-03-04T18:59:08","guid":{"rendered":"https:\/\/guitar2amp.de\/?post_type=product&#038;p=19045"},"modified":"2026-03-04T19:59:21","modified_gmt":"2026-03-04T18:59:21","slug":"2012-custom-shop-60-telecaster-heavy-relic-sunset-orange-transparent-used","status":"publish","type":"product","link":"https:\/\/guitar2amp.de\/index.php\/de\/product\/2012-custom-shop-60-telecaster-heavy-relic-sunset-orange-transparent-used\/","title":{"rendered":"2012 Custom Shop &#8217;60 Telecaster Heavy Relic \u2013 Sunset Orange Transparent [USED]"},"content":{"rendered":"<h2 data-start=\"111\" data-end=\"225\"><span style=\"color: #000000;\">Custom Shop &#8217;60 Telecaster Heavy Relic \u2013 Sunset Orange Transparent (2012)<\/span><\/h2>\n<p data-start=\"227\" data-end=\"446\"><span style=\"color: #000000;\">Die <strong data-start=\"231\" data-end=\"261\">&#8217;60 Telecaster Heavy Relic<\/strong> aus dem <strong data-start=\"270\" data-end=\"311\"><span class=\"hover:entity-accent entity-underline inline cursor-pointer align-baseline\"><span class=\"whitespace-normal\">Fender Custom Shop<\/span><\/span><\/strong> verbindet die klassische Telecaster-\u00c4sthetik der fr\u00fchen 1960er Jahre mit der au\u00dfergew\u00f6hnlichen Handwerkskunst des Fender Custom Shops.<\/span><\/p>\n<p data-start=\"448\" data-end=\"825\"><span style=\"color: #000000;\">Dieses Instrument wurde in dem seltenen und besonders attraktiven Finish <strong data-start=\"521\" data-end=\"550\">Sunset Orange Transparent<\/strong> lackiert, welches die Maserung des Eschekorpus wundersch\u00f6n zur Geltung bringt. Das <strong data-start=\"634\" data-end=\"655\">Heavy Relic Aging<\/strong> verleiht der Gitarre den authentischen Look und das Spielgef\u00fchl eines \u00fcber Jahrzehnte gespielten Vintage-Instruments mit realistischen Gebrauchsspuren und Lack-Checking.<\/span><\/p>\n<hr data-start=\"827\" data-end=\"830\" \/>\n<h2 data-start=\"832\" data-end=\"850\"><span style=\"color: #000000;\">Korpus &amp; Finish<\/span><\/h2>\n<p data-start=\"852\" data-end=\"1027\"><span style=\"color: #000000;\">Der Korpus besteht aus <strong data-start=\"875\" data-end=\"903\">zweiteiliger Esche (Ash)<\/strong> \u2013 einem klassischen Telecaster-Tonholz, das f\u00fcr seine schnelle Ansprache, definierte B\u00e4sse und brillante H\u00f6hen bekannt ist.<\/span><\/p>\n<p data-start=\"1029\" data-end=\"1213\"><span style=\"color: #000000;\">Das <strong data-start=\"1033\" data-end=\"1075\">Sunset Orange Transparent Nitro-Finish<\/strong> hebt die nat\u00fcrliche Holzstruktur hervor, w\u00e4hrend das Heavy Relic Aging dem Instrument eine besonders authentische Vintage-Optik verleiht.<\/span><\/p>\n<hr data-start=\"1215\" data-end=\"1218\" \/>\n<h2 data-start=\"1220\" data-end=\"1241\"><span style=\"color: #000000;\">Hals &amp; Spielgef\u00fchl<\/span><\/h2>\n<p data-start=\"1243\" data-end=\"1371\"><span style=\"color: #000000;\">Der <strong data-start=\"1247\" data-end=\"1260\">Ahornhals<\/strong> besitzt das komfortable <strong data-start=\"1285\" data-end=\"1317\">60 Style Oval \u201eC\u201c Halsprofil<\/strong>, das sich sehr ausgewogen und angenehm spielen l\u00e4sst.<\/span><\/p>\n<p data-start=\"1373\" data-end=\"1588\"><span style=\"color: #000000;\">Das <strong data-start=\"1377\" data-end=\"1411\">Madagascar-Rosewood-Griffbrett<\/strong> sorgt f\u00fcr W\u00e4rme und Klarheit im Ton. Mit einem <strong data-start=\"1459\" data-end=\"1474\">9,5&#8243; Radius<\/strong> und <strong data-start=\"1479\" data-end=\"1494\">6105 B\u00fcnden<\/strong> bietet die Gitarre eine moderne Spielbarkeit bei gleichzeitig klassischem Telecaster-Feeling.<\/span><\/p>\n<hr data-start=\"1590\" data-end=\"1593\" \/>\n<h2 data-start=\"1595\" data-end=\"1613\"><span style=\"color: #000000;\">Pickups &amp; Klang<\/span><\/h2>\n<p data-start=\"1615\" data-end=\"1749\"><span style=\"color: #000000;\">Die Gitarre ist mit einem Set <strong data-start=\"1645\" data-end=\"1681\">Custom Shop &#8217;51 Nocaster Pickups<\/strong> ausgestattet, die f\u00fcr den legend\u00e4ren Telecaster-Sound bekannt sind.<\/span><\/p>\n<p data-start=\"1751\" data-end=\"1771\"><span style=\"color: #000000;\">Die Pickups liefern:<\/span><\/p>\n<ul data-start=\"1773\" data-end=\"1929\">\n<li data-start=\"1773\" data-end=\"1815\">\n<p data-start=\"1775\" data-end=\"1815\"><span style=\"color: #000000;\">klaren und brillanten Telecaster-Twang<\/span><\/p>\n<\/li>\n<li data-start=\"1816\" data-end=\"1837\">\n<p data-start=\"1818\" data-end=\"1837\"><span style=\"color: #000000;\">druckvolle Mitten<\/span><\/p>\n<\/li>\n<li data-start=\"1838\" data-end=\"1882\">\n<p data-start=\"1840\" data-end=\"1882\"><span style=\"color: #000000;\">dynamische und transparente Clean-Sounds<\/span><\/p>\n<\/li>\n<li data-start=\"1883\" data-end=\"1929\">\n<p data-start=\"1885\" data-end=\"1929\"><span style=\"color: #000000;\">hervorragende Ansprache auf Anschlagsdynamik<\/span><\/p>\n<\/li>\n<\/ul>\n<p data-start=\"1931\" data-end=\"2038\"><span style=\"color: #000000;\">Die Elektronik ist mit <strong data-start=\"1954\" data-end=\"1971\">Modern Wiring<\/strong> ausgestattet und bietet eine intuitive und flexible Klangregelung.<\/span><\/p>\n<hr data-start=\"2040\" data-end=\"2043\" \/>\n<h2 data-start=\"2045\" data-end=\"2063\"><span style=\"color: #000000;\">Spezifikationen<\/span><\/h2>\n<p data-start=\"2065\" data-end=\"2183\"><span style=\"color: #000000;\"><strong data-start=\"2065\" data-end=\"2076\">Modell:<\/strong> Fender Custom Shop &#8217;60 Telecaster Heavy Relic<\/span><br data-start=\"2122\" data-end=\"2125\" \/><span style=\"color: #000000;\"><strong data-start=\"2125\" data-end=\"2137\">Baujahr:<\/strong> 2012<\/span><br data-start=\"2142\" data-end=\"2145\" \/><span style=\"color: #000000;\"><strong data-start=\"2145\" data-end=\"2155\">Farbe:<\/strong> Sunset Orange Transparent<\/span><\/p>\n<p data-start=\"2185\" data-end=\"2263\"><span style=\"color: #000000;\"><strong data-start=\"2185\" data-end=\"2196\">Korpus:<\/strong> Ash (2-piece)<\/span><br data-start=\"2210\" data-end=\"2213\" \/><span style=\"color: #000000;\"><strong data-start=\"2213\" data-end=\"2224\">Finish:<\/strong> Nitrocellulose Lacquer \u2013 Heavy Relic<\/span><\/p>\n<p data-start=\"2265\" data-end=\"2393\"><span style=\"color: #000000;\"><strong data-start=\"2265\" data-end=\"2274\">Hals:<\/strong> Maple<\/span><br data-start=\"2280\" data-end=\"2283\" \/><span style=\"color: #000000;\"><strong data-start=\"2283\" data-end=\"2298\">Halsprofil:<\/strong> 60 Style Oval \u201eC\u201c<\/span><br data-start=\"2316\" data-end=\"2319\" \/><span style=\"color: #000000;\"><strong data-start=\"2319\" data-end=\"2334\">Griffbrett:<\/strong> Madagascar Rosewood<\/span><br data-start=\"2354\" data-end=\"2357\" \/><span style=\"color: #000000;\"><strong data-start=\"2357\" data-end=\"2368\">Radius:<\/strong> 9,5&#8243;<\/span><br data-start=\"2373\" data-end=\"2376\" \/><span style=\"color: #000000;\"><strong data-start=\"2376\" data-end=\"2386\">B\u00fcnde:<\/strong> 6105<\/span><\/p>\n<p data-start=\"2395\" data-end=\"2450\"><span style=\"color: #000000;\"><strong data-start=\"2395\" data-end=\"2407\">Pickups:<\/strong><\/span><br data-start=\"2407\" data-end=\"2410\" \/><span style=\"color: #000000;\">Custom Shop &#8217;51 Nocaster (Neck &amp; Bridge)<\/span><\/p>\n<p data-start=\"2452\" data-end=\"2492\"><span style=\"color: #000000;\"><strong data-start=\"2452\" data-end=\"2463\">Regler:<\/strong> Volume, Tone, 3-Way Switch<\/span><\/p>\n<p data-start=\"2494\" data-end=\"2613\"><span style=\"color: #000000;\"><strong data-start=\"2494\" data-end=\"2505\">Bridge:<\/strong> Vintage Telecaster Bridge mit kompensierten Saitenreitern<\/span><br data-start=\"2563\" data-end=\"2566\" \/><span style=\"color: #000000;\"><strong data-start=\"2566\" data-end=\"2579\">Hardware:<\/strong> Chrome \/ Closest Classic Hardware<\/span><\/p>\n<hr data-start=\"2615\" data-end=\"2618\" \/>\n<h2 data-start=\"2620\" data-end=\"2645\"><span style=\"color: #000000;\">Zustand &amp; Lieferumfang<\/span><\/h2>\n<p data-start=\"2647\" data-end=\"2827\"><span style=\"color: #000000;\">Die Gitarre befindet sich in <strong data-start=\"2676\" data-end=\"2698\">sehr gutem Zustand<\/strong>.<\/span><br data-start=\"2699\" data-end=\"2702\" \/><span style=\"color: #000000;\">Die sichtbaren Gebrauchsspuren sind Teil des originalen <strong data-start=\"2758\" data-end=\"2781\">Heavy Relic Finishs<\/strong>, das im Fender Custom Shop aufgetragen wurde.<\/span><\/p>\n<p data-start=\"2829\" data-end=\"2855\"><span style=\"color: #000000;\">Im Lieferumfang enthalten:<\/span><\/p>\n<ul data-start=\"2857\" data-end=\"2954\">\n<li data-start=\"2857\" data-end=\"2901\">\n<p data-start=\"2859\" data-end=\"2901\"><span style=\"color: #000000;\"><strong data-start=\"2859\" data-end=\"2899\">originaler Fender Custom Shop Koffer<\/strong><\/span><\/p>\n<\/li>\n<li data-start=\"2902\" data-end=\"2922\">\n<p data-start=\"2904\" data-end=\"2922\"><span style=\"color: #000000;\">Zertifikat (COA)<\/span><\/p>\n<\/li>\n<li data-start=\"2923\" data-end=\"2954\">\n<p data-start=\"2925\" data-end=\"2954\"><span style=\"color: #000000;\">Originaldokumente und Zubeh\u00f6r<\/span><\/p>\n<\/li>\n<\/ul>\n<hr data-start=\"2956\" data-end=\"2959\" \/>\n<h2 data-start=\"2961\" data-end=\"2974\"><span style=\"color: #000000;\">Guitar2Amp<\/span><\/h2>\n<p data-start=\"2976\" data-end=\"3125\"><span style=\"color: #000000;\">Dieses Instrument wird angeboten von <strong data-start=\"3013\" data-end=\"3027\">Guitar2Amp<\/strong>, einem Boutique-Gitarrenshop, der sich auf hochwertige Gitarren und Verst\u00e4rker spezialisiert hat.<\/span><\/p>\n<p data-start=\"3127\" data-end=\"3214\"><span style=\"color: #000000;\">Jedes Instrument wird vor dem Verkauf sorgf\u00e4ltig gepr\u00fcft und professionell eingestellt.<\/span><\/p>\n","protected":false},"excerpt":{"rendered":"<h2 data-start=\"111\" data-end=\"225\"><span style=\"color: #000000;\">Custom Shop &#8217;60 Telecaster Heavy Relic \u2013 Sunset Orange Transparent (2012)<\/span><\/h2>\n<p data-start=\"227\" data-end=\"446\"><span style=\"color: #000000;\">Die <strong data-start=\"231\" data-end=\"261\">&#8217;60 Telecaster Heavy Relic<\/strong> aus dem <strong data-start=\"270\" data-end=\"311\"><span class=\"hover:entity-accent entity-underline inline cursor-pointer align-baseline\"><span class=\"whitespace-normal\">Fender Custom Shop<\/span><\/span><\/strong> verbindet die klassische Telecaster-\u00c4sthetik der fr\u00fchen 1960er Jahre mit der au\u00dfergew\u00f6hnlichen Handwerkskunst des Fender Custom Shops.<\/span><\/p>\n<p data-start=\"448\" data-end=\"825\"><span style=\"color: #000000;\">Dieses Instrument wurde in dem seltenen und besonders attraktiven Finish <strong data-start=\"521\" data-end=\"550\">Sunset Orange Transparent<\/strong> lackiert, welches die Maserung des Eschekorpus wundersch\u00f6n zur Geltung bringt. Das <strong data-start=\"634\" data-end=\"655\">Heavy Relic Aging<\/strong> verleiht der Gitarre den authentischen Look und das Spielgef\u00fchl eines \u00fcber Jahrzehnte gespielten Vintage-Instruments mit realistischen Gebrauchsspuren und Lack-Checking.<\/span><\/p>\n","protected":false},"featured_media":19046,"template":"","meta":{"_monsterinsights_skip_tracking":false,"_monsterinsights_sitenote_active":false,"_monsterinsights_sitenote_note":"","_monsterinsights_sitenote_category":0,"_uf_show_specific_survey":0,"_uf_disable_surveys":false,"_kadence_starter_templates_imported_post":false,"_kad_post_transparent":"default","_kad_post_title":"","_kad_post_layout":"default","_kad_post_sidebar_id":"","_kad_post_content_style":"default","_kad_post_vertical_padding":"default","_kad_post_feature":"","_kad_post_feature_position":"","_kad_post_header":false,"_kad_post_footer":false,"_kad_post_classname":""},"product_brand":[],"product_cat":[207,203],"product_tag":[],"class_list":{"0":"post-19045","1":"product","2":"type-product","3":"status-publish","4":"has-post-thumbnail","6":"product_cat-e-gitarren","7":"product_cat-gitarren","9":"first","10":"instock","11":"shipping-taxable","12":"purchasable","13":"product-type-simple","14":"entry","15":"content-bg","16":"loop-entry"},"jetpack_sharing_enabled":true,"_links":{"self":[{"href":"https:\/\/guitar2amp.de\/index.php\/wp-json\/wp\/v2\/product\/19045","targetHints":{"allow":["GET"]}}],"collection":[{"href":"https:\/\/guitar2amp.de\/index.php\/wp-json\/wp\/v2\/product"}],"about":[{"href":"https:\/\/guitar2amp.de\/index.php\/wp-json\/wp\/v2\/types\/product"}],"wp:featuredmedia":[{"embeddable":true,"href":"https:\/\/guitar2amp.de\/index.php\/wp-json\/wp\/v2\/media\/19046"}],"wp:attachment":[{"href":"https:\/\/guitar2amp.de\/index.php\/wp-json\/wp\/v2\/media?parent=19045"}],"wp:term":[{"taxonomy":"product_brand","embeddable":true,"href":"https:\/\/guitar2amp.de\/index.php\/wp-json\/wp\/v2\/product_brand?post=19045"},{"taxonomy":"product_cat","embeddable":true,"href":"https:\/\/guitar2amp.de\/index.php\/wp-json\/wp\/v2\/product_cat?post=19045"},{"taxonomy":"product_tag","embeddable":true,"href":"https:\/\/guitar2amp.de\/index.php\/wp-json\/wp\/v2\/product_tag?post=19045"}],"curies":[{"name":"wp","href":"https:\/\/api.w.org\/{rel}","templated":true}]}}