{"id":19286,"date":"2026-05-05T10:26:15","date_gmt":"2026-05-05T08:26:15","guid":{"rendered":"https:\/\/guitar2amp.de\/?post_type=product&#038;p=19286"},"modified":"2026-05-05T12:10:49","modified_gmt":"2026-05-05T10:10:49","slug":"19286","status":"publish","type":"product","link":"https:\/\/guitar2amp.de\/index.php\/pl\/product\/19286\/","title":{"rendered":"2020 Fender Custom Shop &#8217;56 Telecaster Limited Edition Blonde [USED]"},"content":{"rendered":"<h2 data-section-id=\"1k6meil\" data-start=\"32\" data-end=\"102\"><span style=\"color: #000000;\">Fender Custom Shop \u201956 Telecaster \u2013 NAMM Limited Edition \u2013 Blonde<\/span><\/h2>\n<h3 data-section-id=\"x6v66t\" data-start=\"104\" data-end=\"154\"><span style=\"color: #000000;\">Klasyczny &#8220;tone&#8221; \u2013 limitowana seria NAMM<\/span><\/h3>\n<p data-start=\"156\" data-end=\"384\"><span style=\"color: #000000;\">Ta <strong data-start=\"159\" data-end=\"217\">Fender Custom Shop \u201956 Telecaster NAMM Limited Edition<\/strong> to wyj\u0105tkowy instrument z limitowanej serii przygotowanej na targi NAMM, \u0142\u0105cz\u0105cy <strong data-start=\"299\" data-end=\"335\">autentyczn\u0105 specyfikacj\u0119 lat 50.<\/strong> z jako\u015bci\u0105 wykonania wsp\u00f3\u0142czesnego Custom Shopu.<\/span><\/p>\n<p data-start=\"386\" data-end=\"648\"><span style=\"color: #000000;\">Inspirowana legendarnym rokiem 1956, oferuje wszystko, czego mo\u017cna oczekiwa\u0107 od prawdziwego Telecastera typu Blackguard \u2013 <strong data-start=\"508\" data-end=\"569\">szybki atak, charakterystyczny twang i doskona\u0142\u0105 dynamik\u0119<\/strong>, przy jednoczesnym zachowaniu komfortu i stabilno\u015bci nowoczesnego instrumentu.<\/span><\/p>\n<hr data-start=\"650\" data-end=\"653\" \/>\n<h2 data-section-id=\"gd4vqk\" data-start=\"655\" data-end=\"678\"><span style=\"color: #000000;\">Fender Custom Shop<\/span><\/h2>\n<p data-start=\"680\" data-end=\"848\"><span style=\"color: #000000;\"><strong data-start=\"680\" data-end=\"702\">Fender Custom Shop<\/strong> to najwy\u017csza p\u00f3\u0142ka w \u015bwiecie Fendera \u2013 instrumenty budowane r\u0119cznie w ma\u0142ych seriach przez do\u015bwiadczonych lutnik\u00f3w, z ogromn\u0105 dba\u0142o\u015bci\u0105 o detale.<\/span><\/p>\n<p data-start=\"850\" data-end=\"992\"><span style=\"color: #000000;\">To w\u0142a\u015bnie tutaj powstaj\u0105 zar\u00f3wno historyczne reedycje, jak i limitowane edycje NAMM \u2013 skierowane do wymagaj\u0105cych gitarzyst\u00f3w i kolekcjoner\u00f3w.<\/span><\/p>\n<hr data-start=\"994\" data-end=\"997\" \/>\n<h2 data-section-id=\"1flu3uc\" data-start=\"999\" data-end=\"1025\"><span style=\"color: #000000;\">Brzmienie i charakter<\/span><\/h2>\n<p data-start=\"1027\" data-end=\"1061\"><span style=\"color: #000000;\">\u201956 Telecaster to esencja vintage:<\/span><\/p>\n<ul data-start=\"1063\" data-end=\"1212\">\n<li data-section-id=\"yjdgns\" data-start=\"1063\" data-end=\"1089\"><span style=\"color: #000000;\">szybki, spr\u0119\u017cysty atak<\/span><\/li>\n<li data-section-id=\"1fdalbn\" data-start=\"1090\" data-end=\"1140\"><span style=\"color: #000000;\">klasyczny telecasterowy \u201etwang\u201d i selektywno\u015b\u0107<\/span><\/li>\n<li data-section-id=\"76a4rc\" data-start=\"1141\" data-end=\"1176\"><span style=\"color: #000000;\">bardzo dobra separacja d\u017awi\u0119k\u00f3w<\/span><\/li>\n<li data-section-id=\"1aqd2s0\" data-start=\"1177\" data-end=\"1212\"><span style=\"color: #000000;\">wysoka dynamika i responsywno\u015b\u0107<\/span><\/li>\n<\/ul>\n<p data-start=\"1214\" data-end=\"1272\"><span style=\"color: #000000;\">Idealna do clean\u00f3w i lekkiego przesteru (edge of breakup).<\/span><\/p>\n<hr data-start=\"1274\" data-end=\"1277\" \/>\n<h2 data-section-id=\"lodat0\" data-start=\"1279\" data-end=\"1296\"><span style=\"color: #000000;\">Specyfikacja<\/span><\/h2>\n<ul data-start=\"1298\" data-end=\"1631\">\n<li data-section-id=\"6fw3gm\" data-start=\"1298\" data-end=\"1320\"><span style=\"color: #000000;\">Korpus: <strong data-start=\"1308\" data-end=\"1318\">jesion<\/strong><\/span><\/li>\n<li data-section-id=\"l7sglo\" data-start=\"1321\" data-end=\"1351\"><span style=\"color: #000000;\">Gryf: <strong data-start=\"1329\" data-end=\"1349\">klon (one-piece)<\/strong><\/span><\/li>\n<li data-section-id=\"1flmut0\" data-start=\"1352\" data-end=\"1395\"><span style=\"color: #000000;\">Profil gryfu: <strong data-start=\"1368\" data-end=\"1393\">Soft V \/ styl lat 50.<\/strong><\/span><\/li>\n<li data-section-id=\"1bu510q\" data-start=\"1396\" data-end=\"1416\"><span style=\"color: #000000;\">Radius: <strong data-start=\"1406\" data-end=\"1414\">9.5&#8243;<\/strong><\/span><\/li>\n<li data-section-id=\"gl4amq\" data-start=\"1417\" data-end=\"1454\"><span style=\"color: #000000;\">Progi: <strong data-start=\"1426\" data-end=\"1452\">medium \/ vintage style<\/strong><\/span><\/li>\n<li data-section-id=\"zytjit\" data-start=\"1455\" data-end=\"1520\"><span style=\"color: #000000;\">Pickupy: <strong data-start=\"1466\" data-end=\"1518\">Custom Shop hand-wound \u201955\/\u201956 Tele single coils<\/strong><\/span><\/li>\n<li data-section-id=\"t70v8i\" data-start=\"1521\" data-end=\"1558\"><span style=\"color: #000000;\">Mostek: <strong data-start=\"1531\" data-end=\"1556\">3-saddle vintage Tele<\/strong><\/span><\/li>\n<li data-section-id=\"140p8wh\" data-start=\"1559\" data-end=\"1594\"><span style=\"color: #000000;\">Wyko\u0144czenie: <strong data-start=\"1574\" data-end=\"1592\">nitro \u2013 Blonde<\/strong><\/span><\/li>\n<li data-section-id=\"1hl60a5\" data-start=\"1595\" data-end=\"1631\"><span style=\"color: #000000;\">Edycja: <strong data-start=\"1605\" data-end=\"1629\">NAMM Limited Edition<\/strong><\/span><\/li>\n<\/ul>\n<hr data-start=\"1633\" data-end=\"1636\" \/>\n<h2 data-section-id=\"1f49wtz\" data-start=\"1638\" data-end=\"1653\"><span style=\"color: #000000;\">Guitar2Amp<\/span><\/h2>\n<p data-start=\"1655\" data-end=\"1821\"><span style=\"color: #000000;\">Jako butikowy showroom gitarowy, Guitar2Amp oferuje starannie wyselekcjonowane instrumenty najwy\u017cszej klasy, z naciskiem na brzmienie, komfort gry i jako\u015b\u0107 wykonania.<\/span><\/p>\n<p data-start=\"1823\" data-end=\"1874\"><span style=\"color: #000000;\">Ka\u017cda gitara jest sprawdzona i przygotowana do gry.<\/span><\/p>\n<hr data-start=\"1876\" data-end=\"1879\" \/>\n<h2 data-section-id=\"1gzlxm2\" data-start=\"1881\" data-end=\"1899\"><span style=\"color: #000000;\">Stan i zestaw<\/span><\/h2>\n<p data-start=\"1901\" data-end=\"2003\"><span style=\"color: #000000;\">Instrument klasy <strong data-start=\"1918\" data-end=\"1951\">Custom Shop \u2013 najwy\u017csza p\u00f3\u0142ka<\/strong><\/span><br data-start=\"1951\" data-end=\"1954\" \/><span style=\"color: #000000;\">W zestawie: <strong data-start=\"1966\" data-end=\"2001\">oryginalny futera\u0142 + certyfikat<\/strong><\/span><\/p>\n<hr data-start=\"2005\" data-end=\"2008\" \/>\n<p data-start=\"2010\" data-end=\"2072\"><span style=\"color: #000000;\">\ud83d\udccd Dost\u0119pna w Guitar2Amp<\/span><br data-start=\"2034\" data-end=\"2037\" \/><span style=\"color: #000000;\">\ud83d\udce6 Mo\u017cliwa wysy\u0142ka (ubezpieczona)<\/span><\/p>\n","protected":false},"excerpt":{"rendered":"<h2 data-section-id=\"1k6meil\" data-start=\"32\" data-end=\"102\"><span style=\"color: #000000;\">Fender Custom Shop \u201956 Telecaster \u2013 NAMM Limited Edition \u2013 Blonde<\/span><\/h2>\n<h3 data-section-id=\"x6v66t\" data-start=\"104\" data-end=\"154\"><span style=\"color: #000000;\">Klasyczny &#8220;tone&#8221; \u2013 limitowana seria NAMM<\/span><\/h3>\n<p data-start=\"156\" data-end=\"384\"><span style=\"color: #000000;\">Ta <strong data-start=\"159\" data-end=\"217\">Fender Custom Shop \u201956 Telecaster NAMM Limited Edition<\/strong> to wyj\u0105tkowy instrument z limitowanej serii przygotowanej na targi NAMM, \u0142\u0105cz\u0105cy <strong data-start=\"299\" data-end=\"335\">autentyczn\u0105 specyfikacj\u0119 lat 50.<\/strong> z jako\u015bci\u0105 wykonania wsp\u00f3\u0142czesnego Custom Shopu.<\/span><\/p>\n<p data-start=\"386\" data-end=\"648\"><span style=\"color: #000000;\">Inspirowana legendarnym rokiem 1956, oferuje wszystko, czego mo\u017cna oczekiwa\u0107 od prawdziwego Telecastera typu Blackguard \u2013 <strong data-start=\"508\" data-end=\"569\">szybki atak, charakterystyczny twang i doskona\u0142\u0105 dynamik\u0119<\/strong>, przy jednoczesnym zachowaniu komfortu i stabilno\u015bci nowoczesnego instrumentu.<\/span><\/p>\n","protected":false},"featured_media":19287,"template":"","meta":{"_monsterinsights_skip_tracking":false,"_monsterinsights_sitenote_active":false,"_monsterinsights_sitenote_note":"","_monsterinsights_sitenote_category":0,"_uf_show_specific_survey":0,"_uf_disable_surveys":false,"_kadence_starter_templates_imported_post":false,"_kad_post_transparent":"default","_kad_post_title":"","_kad_post_layout":"default","_kad_post_sidebar_id":"","_kad_post_content_style":"default","_kad_post_vertical_padding":"default","_kad_post_feature":"","_kad_post_feature_position":"","_kad_post_header":false,"_kad_post_footer":false,"_kad_post_classname":""},"product_brand":[],"product_cat":[3265,3261],"product_tag":[],"class_list":{"0":"post-19286","1":"product","2":"type-product","3":"status-publish","4":"has-post-thumbnail","6":"product_cat-elektryczne-pl","7":"product_cat-gitary","9":"first","10":"outofstock","11":"shipping-taxable","12":"purchasable","13":"product-type-simple","14":"entry","15":"content-bg","16":"loop-entry"},"jetpack_sharing_enabled":true,"_links":{"self":[{"href":"https:\/\/guitar2amp.de\/index.php\/wp-json\/wp\/v2\/product\/19286","targetHints":{"allow":["GET"]}}],"collection":[{"href":"https:\/\/guitar2amp.de\/index.php\/wp-json\/wp\/v2\/product"}],"about":[{"href":"https:\/\/guitar2amp.de\/index.php\/wp-json\/wp\/v2\/types\/product"}],"wp:featuredmedia":[{"embeddable":true,"href":"https:\/\/guitar2amp.de\/index.php\/wp-json\/wp\/v2\/media\/19287"}],"wp:attachment":[{"href":"https:\/\/guitar2amp.de\/index.php\/wp-json\/wp\/v2\/media?parent=19286"}],"wp:term":[{"taxonomy":"product_brand","embeddable":true,"href":"https:\/\/guitar2amp.de\/index.php\/wp-json\/wp\/v2\/product_brand?post=19286"},{"taxonomy":"product_cat","embeddable":true,"href":"https:\/\/guitar2amp.de\/index.php\/wp-json\/wp\/v2\/product_cat?post=19286"},{"taxonomy":"product_tag","embeddable":true,"href":"https:\/\/guitar2amp.de\/index.php\/wp-json\/wp\/v2\/product_tag?post=19286"}],"curies":[{"name":"wp","href":"https:\/\/api.w.org\/{rel}","templated":true}]}}