{"id":19605,"date":"2026-05-14T09:56:01","date_gmt":"2026-05-14T07:56:01","guid":{"rendered":"https:\/\/guitar2amp.de\/?post_type=product&#038;p=19605"},"modified":"2026-05-14T09:56:01","modified_gmt":"2026-05-14T07:56:01","slug":"2020-suhr-classic-s-limited-edition-firemist-metallic-used-2","status":"publish","type":"product","link":"https:\/\/guitar2amp.de\/index.php\/de\/product\/2020-suhr-classic-s-limited-edition-firemist-metallic-used-2\/","title":{"rendered":"2020 Suhr Classic S Limited Edition Firemist Metallic [USED]"},"content":{"rendered":"<div class=\"qMYqUG_convSearchResultHighlightRoot\">\n<div class=\"\" data-turn-id-container=\"f0ddbf72-da47-4b5f-9dcc-5b7ce41d7086\" data-is-intersecting=\"true\">\n<div class=\"relative w-full overflow-visible\">\n<section class=\"text-token-text-primary w-full focus:outline-none has-data-writing-block:pointer-events-none [&amp;:has([data-writing-block])&gt;*]:pointer-events-auto R6Vx5W_threadScrollVars scroll-mb-[calc(var(--scroll-root-safe-area-inset-bottom,0px)+var(--thread-response-height))] scroll-mt-[calc(var(--header-height)+min(200px,max(70px,20svh)))]\" dir=\"auto\" data-turn-id=\"f0ddbf72-da47-4b5f-9dcc-5b7ce41d7086\" data-turn-id-container=\"f0ddbf72-da47-4b5f-9dcc-5b7ce41d7086\" data-testid=\"conversation-turn-399\" data-scroll-anchor=\"false\" data-turn=\"assistant\">\n<div class=\"text-base my-auto mx-auto pb-10 [--thread-content-margin:var(--thread-content-margin-xs,calc(var(--spacing)*4))] @w-sm\/main:[--thread-content-margin:var(--thread-content-margin-sm,calc(var(--spacing)*6))] @w-lg\/main:[--thread-content-margin:var(--thread-content-margin-lg,calc(var(--spacing)*16))] px-(--thread-content-margin)\">\n<div class=\"[--thread-content-max-width:40rem] @w-lg\/main:[--thread-content-max-width:48rem] mx-auto max-w-(--thread-content-max-width) flex-1 group\/turn-messages focus-visible:outline-hidden relative flex w-full min-w-0 flex-col agent-turn\">\n<div class=\"flex max-w-full flex-col gap-4 grow\">\n<div class=\"min-h-8 text-message relative flex w-full flex-col items-end gap-2 text-start break-words whitespace-normal outline-none keyboard-focused:focus-ring [.text-message+&amp;]:mt-1\" dir=\"auto\" tabindex=\"0\" data-message-author-role=\"assistant\" data-message-id=\"f0ddbf72-da47-4b5f-9dcc-5b7ce41d7086\" data-turn-start-message=\"true\" data-message-model-slug=\"gpt-5-5\">\n<div class=\"flex w-full flex-col gap-1 empty:hidden\">\n<div class=\"markdown prose dark:prose-invert wrap-break-word w-full dark markdown-new-styling\">\n<h2 data-section-id=\"d0rtfm\" data-start=\"0\" data-end=\"58\"><span style=\"color: #000000;\">2020 Suhr Classic Limited Edition \u2013 Firemist Metallic<\/span><\/h2>\n<p data-start=\"60\" data-end=\"444\"><span style=\"color: #000000;\">Die <strong data-start=\"64\" data-end=\"101\">2020 Suhr Classic Limited Edition<\/strong> im wundersch\u00f6nen <strong data-start=\"119\" data-end=\"147\">Firemist Metallic Finish<\/strong> ist ein perfektes Beispiel daf\u00fcr, wie Suhr Vintage-Inspiration mit moderner Pr\u00e4zision und Zuverl\u00e4ssigkeit verbindet. Gebaut f\u00fcr Spieler, die h\u00f6chsten Wert auf Spielgef\u00fchl, Stimmstabilit\u00e4t und Boutique-Qualit\u00e4t legen, bietet dieses Instrument klassischen S-Style Charakter mit moderner Perfektion.<\/span><\/p>\n<p data-start=\"446\" data-end=\"719\"><span style=\"color: #000000;\">Das elegante <strong data-start=\"459\" data-end=\"487\">Firemist Metallic Finish<\/strong> macht diese Limited Edition sowohl optisch als auch klanglich zu etwas Besonderem. Der leichte, resonante Korpus in Kombination mit der bekannten Suhr-Halskonstruktion sorgt f\u00fcr ein extrem lebendiges und inspirierendes Spielgef\u00fchl.<\/span><\/p>\n<hr data-start=\"721\" data-end=\"724\" \/>\n<h2 data-section-id=\"r85qfk\" data-start=\"726\" data-end=\"740\"><span style=\"color: #000000;\">\u00dcber Suhr<\/span><\/h2>\n<p data-start=\"742\" data-end=\"1075\"><span style=\"color: #000000;\">Gegr\u00fcndet von dem renommierten Gitarrenbauer <strong data-start=\"787\" data-end=\"800\">John Suhr<\/strong>, geh\u00f6rt Suhr heute zu den angesehensten Boutique-Gitarrenherstellern weltweit. Bekannt f\u00fcr kompromisslose Qualit\u00e4t, perfekte Bundierung, exzellente Setups und absolute Zuverl\u00e4ssigkeit werden Suhr-Instrumente von zahlreichen professionellen Studio- und Tourmusikern gespielt.<\/span><\/p>\n<p data-start=\"1077\" data-end=\"1151\"><span style=\"color: #000000;\">Jede Suhr verbindet Vintage-Charakter mit moderner Pr\u00e4zision und Konstanz.<\/span><\/p>\n<hr data-start=\"1153\" data-end=\"1156\" \/>\n<h2 data-section-id=\"1gq4cyc\" data-start=\"1158\" data-end=\"1181\"><span style=\"color: #000000;\">Das Classic Modell<\/span><\/h2>\n<p data-start=\"1183\" data-end=\"1414\"><span style=\"color: #000000;\">Die <strong data-start=\"1187\" data-end=\"1203\">Suhr Classic<\/strong> ist Suhrs Interpretation der traditionellen S-Style Gitarre. Sie bewahrt das vertraute Vintage-Feeling und die Dynamik klassischer Instrumente, verbessert aber Ergonomie, Stabilit\u00e4t und Vielseitigkeit deutlich.<\/span><\/p>\n<p data-start=\"1416\" data-end=\"1558\"><span style=\"color: #000000;\">Diese Limited Edition \u00fcberzeugt mit hervorragender Resonanz, weichem Attack und dem artikulierten, ausgewogenen Ton, f\u00fcr den Suhr bekannt ist.<\/span><\/p>\n<hr data-start=\"1560\" data-end=\"1563\" \/>\n<h2 data-section-id=\"2vh6o9\" data-start=\"1565\" data-end=\"1583\"><span style=\"color: #000000;\">Spezifikation<\/span><\/h2>\n<ul data-start=\"1585\" data-end=\"2051\">\n<li data-section-id=\"2zx3rd\" data-start=\"1585\" data-end=\"1629\"><span style=\"color: #000000;\">Modell: <strong data-start=\"1595\" data-end=\"1627\">Suhr Classic Limited Edition<\/strong><\/span><\/li>\n<li data-section-id=\"6evvit\" data-start=\"1630\" data-end=\"1651\"><span style=\"color: #000000;\">Baujahr: <strong data-start=\"1641\" data-end=\"1649\">2020<\/strong><\/span><\/li>\n<li data-section-id=\"f6qe31\" data-start=\"1652\" data-end=\"1685\"><span style=\"color: #000000;\">Finish: <strong data-start=\"1662\" data-end=\"1683\">Firemist Metallic<\/strong><\/span><\/li>\n<li data-section-id=\"1r7dt70\" data-start=\"1686\" data-end=\"1706\"><span style=\"color: #000000;\">Korpus: <strong data-start=\"1696\" data-end=\"1704\">Erle<\/strong><\/span><\/li>\n<li data-section-id=\"1t3gjmm\" data-start=\"1707\" data-end=\"1726\"><span style=\"color: #000000;\">Hals: <strong data-start=\"1715\" data-end=\"1724\">Ahorn<\/strong><\/span><\/li>\n<li data-section-id=\"5v791k\" data-start=\"1727\" data-end=\"1784\"><span style=\"color: #000000;\">Griffbrett: <strong data-start=\"1741\" data-end=\"1782\">Rosewood \/ Maple (je nach Ausf\u00fchrung)<\/strong><\/span><\/li>\n<li data-section-id=\"gwahes\" data-start=\"1785\" data-end=\"1824\"><span style=\"color: #000000;\">Radius: <strong data-start=\"1795\" data-end=\"1822\">10&#8243;\u201314&#8243; Compound Radius<\/strong><\/span><\/li>\n<li data-section-id=\"1a5c29i\" data-start=\"1825\" data-end=\"1861\"><span style=\"color: #000000;\">B\u00fcnde: <strong data-start=\"1834\" data-end=\"1859\">Stainless Steel Frets<\/strong><\/span><\/li>\n<li data-section-id=\"19db4h5\" data-start=\"1862\" data-end=\"1896\"><span style=\"color: #000000;\">Pickups: <strong data-start=\"1873\" data-end=\"1894\">Suhr Single Coils<\/strong><\/span><\/li>\n<li data-section-id=\"19msm66\" data-start=\"1897\" data-end=\"1930\"><span style=\"color: #000000;\">Br\u00fccke: <strong data-start=\"1907\" data-end=\"1928\">Gotoh 510 Tremolo<\/strong><\/span><\/li>\n<li data-section-id=\"16jenrf\" data-start=\"1931\" data-end=\"1970\"><span style=\"color: #000000;\">Mechaniken: <strong data-start=\"1945\" data-end=\"1968\">Suhr Locking Tuners<\/strong><\/span><\/li>\n<li data-section-id=\"1wzd7qo\" data-start=\"1971\" data-end=\"2021\"><span style=\"color: #000000;\">Finish-Typ: <strong data-start=\"1985\" data-end=\"2019\">Nitro \/ Thin Skin Style Finish<\/strong><\/span><\/li>\n<li data-section-id=\"1791kki\" data-start=\"2022\" data-end=\"2051\"><span style=\"color: #000000;\">Herkunft: <strong data-start=\"2034\" data-end=\"2049\">Made in USA<\/strong><\/span><\/li>\n<\/ul>\n<hr data-start=\"2053\" data-end=\"2056\" \/>\n<h2 data-section-id=\"11p50s3\" data-start=\"2058\" data-end=\"2082\"><span style=\"color: #000000;\">Klang &amp; Spielgef\u00fchl<\/span><\/h2>\n<ul data-start=\"2084\" data-end=\"2278\">\n<li data-section-id=\"1na0fxv\" data-start=\"2084\" data-end=\"2118\"><span style=\"color: #000000;\">extrem dynamisch und responsiv<\/span><\/li>\n<li data-section-id=\"thfgy\" data-start=\"2119\" data-end=\"2160\"><span style=\"color: #000000;\">ausgewogener Vintage-inspirierter Ton<\/span><\/li>\n<li data-section-id=\"pc3icg\" data-start=\"2161\" data-end=\"2194\"><span style=\"color: #000000;\">hervorragende Stimmstabilit\u00e4t<\/span><\/li>\n<li data-section-id=\"bpm3pp\" data-start=\"2195\" data-end=\"2233\"><span style=\"color: #000000;\">modernes, komfortables Spielgef\u00fchl<\/span><\/li>\n<li data-section-id=\"rjx9q6\" data-start=\"2234\" data-end=\"2278\"><span style=\"color: #000000;\">exzellente Bundierung und Setup-Qualit\u00e4t<\/span><\/li>\n<\/ul>\n<p data-start=\"2280\" data-end=\"2342\"><span style=\"color: #000000;\">Ein professionelles Instrument f\u00fcr B\u00fchne, Studio und Sammlung.<\/span><\/p>\n<hr data-start=\"2344\" data-end=\"2347\" \/>\n<h2 data-section-id=\"1wzwg7b\" data-start=\"2349\" data-end=\"2376\"><span style=\"color: #000000;\">Zustand &amp; Lieferumfang<\/span><\/h2>\n<p data-start=\"2378\" data-end=\"2436\"><span style=\"color: #000000;\">Sehr guter Zustand mit normalen, leichten Gebrauchsspuren.<\/span><\/p>\n<p data-start=\"2438\" data-end=\"2482\"><span style=\"color: #000000;\">Inklusive original Suhr Case und Unterlagen.<\/span><\/p>\n<hr data-start=\"2484\" data-end=\"2487\" \/>\n<h2 data-section-id=\"xufyc4\" data-start=\"2489\" data-end=\"2511\"><span style=\"color: #000000;\">Warum Guitar2Amp?<\/span><\/h2>\n<p data-start=\"2513\" data-end=\"2698\"><span style=\"color: #000000;\">Guitar2Amp spezialisiert sich auf sorgf\u00e4ltig ausgew\u00e4hlte Boutique- und High-End-Instrumente f\u00fcr Musiker und Sammler. Jede Gitarre wird professionell gepr\u00fcft und spielbereit vorbereitet.<\/span><\/p>\n<hr data-start=\"2700\" data-end=\"2703\" \/>\n<p data-start=\"2705\" data-end=\"2764\" data-is-last-node=\"\" data-is-only-node=\"\"><span style=\"color: #000000;\">\ud83d\udccd Verf\u00fcgbar bei Guitar2Amp<\/span><br data-start=\"2732\" data-end=\"2735\" \/><span style=\"color: #000000;\">\ud83d\udce6 Weltweiter Versand m\u00f6glich<\/span><\/p>\n<\/div>\n<\/div>\n<\/div>\n<\/div>\n<div class=\"z-0 flex min-h-[46px] justify-start\"><\/div>\n<\/div>\n<\/div>\n<\/section>\n<div class=\"contents\"><\/div>\n<\/div>\n<\/div>\n<\/div>\n<div class=\"pointer-events-none -mt-px h-px translate-y-[calc(var(--scroll-root-safe-area-inset-bottom)-14*var(--spacing))]\" aria-hidden=\"true\"><\/div>\n","protected":false},"excerpt":{"rendered":"<h2 data-section-id=\"d0rtfm\" data-start=\"0\" data-end=\"58\"><span style=\"color: #000000;\">2020 Suhr Classic Limited Edition \u2013 Firemist Metallic<\/span><\/h2>\n<p data-start=\"60\" data-end=\"444\"><span style=\"color: #000000;\">Die <strong data-start=\"64\" data-end=\"101\">2020 Suhr Classic Limited Edition<\/strong> im wundersch\u00f6nen <strong data-start=\"119\" data-end=\"147\">Firemist Metallic Finish<\/strong> ist ein perfektes Beispiel daf\u00fcr, wie Suhr Vintage-Inspiration mit moderner Pr\u00e4zision und Zuverl\u00e4ssigkeit verbindet. Gebaut f\u00fcr Spieler, die h\u00f6chsten Wert auf Spielgef\u00fchl, Stimmstabilit\u00e4t und Boutique-Qualit\u00e4t legen, bietet dieses Instrument klassischen S-Style Charakter mit moderner Perfektion.<\/span><\/p>\n<p data-start=\"446\" data-end=\"719\"><span style=\"color: #000000;\">Das elegante <strong data-start=\"459\" data-end=\"487\">Firemist Metallic Finish<\/strong> macht diese Limited Edition sowohl optisch als auch klanglich zu etwas Besonderem. Der leichte, resonante Korpus in Kombination mit der bekannten Suhr-Halskonstruktion sorgt f\u00fcr ein extrem lebendiges und inspirierendes Spielgef\u00fchl.<\/span><\/p>\n","protected":false},"featured_media":19606,"template":"","meta":{"_monsterinsights_skip_tracking":false,"_monsterinsights_sitenote_active":false,"_monsterinsights_sitenote_note":"","_monsterinsights_sitenote_category":0,"_uf_show_specific_survey":0,"_uf_disable_surveys":false,"_kadence_starter_templates_imported_post":false,"_kad_post_transparent":"default","_kad_post_title":"","_kad_post_layout":"default","_kad_post_sidebar_id":"","_kad_post_content_style":"default","_kad_post_vertical_padding":"default","_kad_post_feature":"","_kad_post_feature_position":"","_kad_post_header":false,"_kad_post_footer":false,"_kad_post_classname":""},"product_brand":[],"product_cat":[207,203],"product_tag":[],"class_list":{"0":"post-19605","1":"product","2":"type-product","3":"status-publish","4":"has-post-thumbnail","6":"product_cat-e-gitarren","7":"product_cat-gitarren","9":"first","10":"outofstock","11":"shipping-taxable","12":"purchasable","13":"product-type-simple","14":"entry","15":"content-bg","16":"loop-entry"},"jetpack_sharing_enabled":true,"_links":{"self":[{"href":"https:\/\/guitar2amp.de\/index.php\/wp-json\/wp\/v2\/product\/19605","targetHints":{"allow":["GET"]}}],"collection":[{"href":"https:\/\/guitar2amp.de\/index.php\/wp-json\/wp\/v2\/product"}],"about":[{"href":"https:\/\/guitar2amp.de\/index.php\/wp-json\/wp\/v2\/types\/product"}],"wp:featuredmedia":[{"embeddable":true,"href":"https:\/\/guitar2amp.de\/index.php\/wp-json\/wp\/v2\/media\/19606"}],"wp:attachment":[{"href":"https:\/\/guitar2amp.de\/index.php\/wp-json\/wp\/v2\/media?parent=19605"}],"wp:term":[{"taxonomy":"product_brand","embeddable":true,"href":"https:\/\/guitar2amp.de\/index.php\/wp-json\/wp\/v2\/product_brand?post=19605"},{"taxonomy":"product_cat","embeddable":true,"href":"https:\/\/guitar2amp.de\/index.php\/wp-json\/wp\/v2\/product_cat?post=19605"},{"taxonomy":"product_tag","embeddable":true,"href":"https:\/\/guitar2amp.de\/index.php\/wp-json\/wp\/v2\/product_tag?post=19605"}],"curies":[{"name":"wp","href":"https:\/\/api.w.org\/{rel}","templated":true}]}}