{"id":2215,"date":"2023-04-19T16:32:22","date_gmt":"2023-04-19T14:32:22","guid":{"rendered":"https:\/\/guitar2amp.de\/?post_type=product&#038;p=2215"},"modified":"2024-09-03T14:32:41","modified_gmt":"2024-09-03T12:32:41","slug":"tmg-scarlett-nigel-hendroff-signature-2","status":"publish","type":"product","link":"https:\/\/guitar2amp.de\/index.php\/de\/product\/tmg-scarlett-nigel-hendroff-signature-2\/","title":{"rendered":"TMG Scarlett Nigel Hendroff Signature"},"content":{"rendered":"<p><strong>TMG Nigel Hendroff Signature Scarlett<\/strong> ist ein Signaturmodell, das in Zusammenarbeit mit Nigel Hendroff, einem renommierten Gitarristen und Kirchenmusiker, entwickelt wurde. Diese Gitarre ist darauf ausgelegt, die Bed\u00fcrfnisse von Musikern zu erf\u00fcllen, die sowohl ein klassisches Aussehen als auch einen vielseitigen Klang suchen.<\/p>\n<h4>Spezifikationen:<\/h4>\n<ul>\n<li><strong>Konstruktion:<\/strong> Solid Body<\/li>\n<li><strong>Korpus:<\/strong> Esche mit einem Relic Two-Tone Sunburst Finish, das der Gitarre ein klassisches, eingespieltes Aussehen verleiht, als h\u00e4tte sie Jahrzehnte intensiven Spielens hinter sich.<\/li>\n<li><strong>Hals:<\/strong> Ahorn mit C-Profil, bietet Komfort und Stabilit\u00e4t beim Spielen.<\/li>\n<li><strong>Griffbrett:<\/strong> Palisander mit einem Radius von 10&#8243;, das eine sanfte Aktion und leichte Spielbarkeit \u00fcber den gesamten Hals hinweg erm\u00f6glicht.<\/li>\n<li><strong>B\u00fcnde:<\/strong> 21 B\u00fcnde, Gr\u00f6\u00dfe 6105, die Komfort und Haltbarkeit bieten.<\/li>\n<li><strong>Br\u00fccke:<\/strong> Callaham Bigsby Mod \u2014 eine Modifikation, die die Funktionalit\u00e4t der Standard-Bigsby-Br\u00fccke verbessert und eine geschmeidigere Vibrato-Action sowie bessere Stimmstabilit\u00e4t bietet.<\/li>\n<li><strong>Tonabnehmer:<\/strong> <strong>Sliders P90 Set<\/strong>, die warme, satte T\u00f6ne liefern, ideal f\u00fcr verschiedene Musikstile, von cleanen bis zu verzerrten Sounds.<\/li>\n<li><strong>Elektronik:<\/strong> Emerson-System mit 1x Volume, 1x Tone und einem 3-Wege-Schalter f\u00fcr eine vielseitige Klangsteuerung.<\/li>\n<li><strong>Hergestellt in:<\/strong> Fullerton, Kalifornien, USA \u2014 jede Gitarre wird mit h\u00f6chster Pr\u00e4zision und Liebe zum Detail handgefertigt, was eine au\u00dfergew\u00f6hnliche Qualit\u00e4t gew\u00e4hrleistet.<\/li>\n<\/ul>\n<p>Die <strong>TMG Nigel Hendroff Signature Scarlett<\/strong> ist eine hervorragende Wahl f\u00fcr Gitarristen, die ein Instrument mit hoher Klangqualit\u00e4t und einzigartigem Aussehen suchen. Dank ihrer soliden Konstruktion, hochwertigen Materialien und durchdachten Elektronik bietet diese Gitarre ein unvergleichliches Spielerlebnis und ist ein einzigartiges Werkzeug f\u00fcr jeden Musiker.<\/p>\n<p>&nbsp;<\/p>\n<p>&nbsp;<\/p>\n<div class=\"entry-content-asset videofit\">\n<div class=\"jetpack-video-wrapper\"><iframe loading=\"lazy\" title=\"Nigel Hendroff New TMG signature Scarlett guitar\" width=\"720\" height=\"405\" src=\"https:\/\/www.youtube.com\/embed\/GoqINpN5vgM?start=2&#038;feature=oembed\" frameborder=\"0\" allow=\"accelerometer; autoplay; clipboard-write; encrypted-media; gyroscope; picture-in-picture; web-share\" referrerpolicy=\"strict-origin-when-cross-origin\" allowfullscreen><\/iframe><\/div>\n<\/div>\n<p>&nbsp;<\/p>\n","protected":false},"excerpt":{"rendered":"<p>Die TMG Nigel Hendroff Signature Scarlett ist eine Solid Body Gitarre mit einem Eschekorpus und einem Relic Two-Tone Sunburst Finish. Ausgestattet mit einem Ahornhals, einem Palisandergriffbrett, Sliders P90-Tonabnehmern und einer Callaham Bigsby Mod-Br\u00fccke. Ideal f\u00fcr verschiedene Musikstile, handgefertigt in Fullerton, Kalifornien, USA.<\/p>\n","protected":false},"featured_media":2200,"template":"","meta":{"_monsterinsights_skip_tracking":false,"_monsterinsights_sitenote_active":false,"_monsterinsights_sitenote_note":"","_monsterinsights_sitenote_category":0,"_uf_show_specific_survey":0,"_uf_disable_surveys":false,"_kadence_starter_templates_imported_post":false,"_kad_post_transparent":"default","_kad_post_title":"","_kad_post_layout":"default","_kad_post_sidebar_id":"","_kad_post_content_style":"default","_kad_post_vertical_padding":"default","_kad_post_feature":"","_kad_post_feature_position":"","_kad_post_header":false,"_kad_post_footer":false,"_kad_post_classname":""},"product_brand":[],"product_cat":[207,203],"product_tag":[],"class_list":{"0":"post-2215","1":"product","2":"type-product","3":"status-publish","4":"has-post-thumbnail","6":"product_cat-e-gitarren","7":"product_cat-gitarren","8":"product_shipping_class-medium","10":"first","11":"instock","12":"shipping-taxable","13":"purchasable","14":"product-type-simple","15":"entry","16":"content-bg","17":"loop-entry"},"jetpack_sharing_enabled":true,"_links":{"self":[{"href":"https:\/\/guitar2amp.de\/index.php\/wp-json\/wp\/v2\/product\/2215","targetHints":{"allow":["GET"]}}],"collection":[{"href":"https:\/\/guitar2amp.de\/index.php\/wp-json\/wp\/v2\/product"}],"about":[{"href":"https:\/\/guitar2amp.de\/index.php\/wp-json\/wp\/v2\/types\/product"}],"wp:featuredmedia":[{"embeddable":true,"href":"https:\/\/guitar2amp.de\/index.php\/wp-json\/wp\/v2\/media\/2200"}],"wp:attachment":[{"href":"https:\/\/guitar2amp.de\/index.php\/wp-json\/wp\/v2\/media?parent=2215"}],"wp:term":[{"taxonomy":"product_brand","embeddable":true,"href":"https:\/\/guitar2amp.de\/index.php\/wp-json\/wp\/v2\/product_brand?post=2215"},{"taxonomy":"product_cat","embeddable":true,"href":"https:\/\/guitar2amp.de\/index.php\/wp-json\/wp\/v2\/product_cat?post=2215"},{"taxonomy":"product_tag","embeddable":true,"href":"https:\/\/guitar2amp.de\/index.php\/wp-json\/wp\/v2\/product_tag?post=2215"}],"curies":[{"name":"wp","href":"https:\/\/api.w.org\/{rel}","templated":true}]}}