{"id":6908,"date":"2023-08-31T17:51:50","date_gmt":"2023-08-31T15:51:50","guid":{"rendered":"https:\/\/guitar2amp.de\/?post_type=product&#038;p=6908"},"modified":"2025-07-31T16:03:01","modified_gmt":"2025-07-31T14:03:01","slug":"1974-fender-telecaster-deluxe-2","status":"publish","type":"product","link":"https:\/\/guitar2amp.de\/index.php\/de\/product\/1974-fender-telecaster-deluxe-2\/","title":{"rendered":"1974 Fender Telecaster Deluxe"},"content":{"rendered":"<p><strong>Fender Telecaster Deluxe 1974 in Sunburst \u2013 Eine klassische Gitarre mit modernem Twist<\/strong><\/p>\n<p>Hier ist die <strong>Fender Telecaster Deluxe von 1974<\/strong> in einem atemberaubenden Sunburst-Finish. Dieses Modell kombiniert das klassische Telecaster-Design mit modernen Upgrades, die in den 1970er Jahren eingef\u00fchrt wurden, um den Anforderungen moderner Musiker gerecht zu werden. Die Gitarre ist bekannt f\u00fcr ihren reichen, dynamischen Klang und eignet sich perfekt f\u00fcr Rock, Blues, Country und viele andere Musikgenres.<\/p>\n<p><strong>Wichtige Merkmale der Fender Telecaster Deluxe 1974:<\/strong><\/p>\n<ul>\n<li><strong>Korpus:<\/strong> Aus Erle gefertigt, sorgt f\u00fcr exzellente Resonanz und einen vollen Ton, betont durch das klassische Sunburst-Finish.<\/li>\n<li><strong>Hals:<\/strong> Ahornhals mit einem \u201eC\u201c-Profil der 1970er Jahre, der eine komfortable Bespielbarkeit und leichten Zugang zu h\u00f6heren B\u00fcnden bietet.<\/li>\n<li><strong>Griffbrett:<\/strong> Ahorngriffbrett mit 21 B\u00fcnden, das helle und klare T\u00f6ne sowie eine angenehme Bespielbarkeit liefert.<\/li>\n<li><strong>Tonabnehmer:<\/strong> Zwei Wide Range Humbucker, entwickelt von der legend\u00e4ren Seth Lover, bieten einen vollen, kraftvollen Sound mit der F\u00e4higkeit, sowohl warme, klare T\u00f6ne als auch aggressive, verzerrte Kl\u00e4nge zu erzeugen.<\/li>\n<li><strong>Br\u00fccke:<\/strong> Sechssaitige Hardtail-Br\u00fccke, die eine pr\u00e4zise Intonation und stabile Stimmung erm\u00f6glicht.<\/li>\n<li><strong>Kontrollen:<\/strong> Elektronik-Setup mit zwei Lautst\u00e4rke- und zwei Tonreglern, das eine breite Palette von Klangfarben und vollst\u00e4ndige Kontrolle \u00fcber Ihren Sound erm\u00f6glicht.<\/li>\n<\/ul>\n<p><strong>Warum die Fender Telecaster Deluxe 1974 w\u00e4hlen?<\/strong><\/p>\n<p>Die <strong>Fender Telecaster Deluxe 1974<\/strong> ist die perfekte Gitarre f\u00fcr Musiker, die Vielseitigkeit und Zuverl\u00e4ssigkeit in einem klassischen Design suchen. Mit ihren Wide Range Humbuckern und der soliden Konstruktion bietet diese Gitarre ein breites Spektrum an T\u00f6nen, von warm und subtil bis hin zu kr\u00e4ftig und druckvoll. Der schlanke Hals und die pr\u00e4zise Br\u00fccke machen das Spielen auf dieser Gitarre zu einem wahren Vergn\u00fcgen. Ob auf der B\u00fchne, im Studio oder zu Hause, die Telecaster Deluxe von 1974 im Sunburst-Finish bietet unvergessliche Musikerlebnisse und wird eine wertvolle Erg\u00e4nzung Ihrer Gitarrensammlung sein.<\/p>\n","protected":false},"excerpt":{"rendered":"<p>1974 Fender Telecaster Deluxe in Sunburst. Die Gitarre ist komplett original. Keine Br\u00fcche, Risse, Reparaturen. Normale Gebrauchsspuren. Das Sunburst-Finish ist immer noch sehr lebendig. Sch\u00f6ne Figur auch am K\u00f6rper. Sch\u00f6ner Hals mit C-Profil, der sich wie Butter spielt! Die B\u00fcnde sind sauber. Auch akustisch sch\u00f6n und laut. Die Full Range Humbucker lesen sich kr\u00e4ftig und klingen fantastisch.\u00a0 Fender OHSC ab \u201970 inklusive.<\/p>\n","protected":false},"featured_media":6909,"template":"","meta":{"_monsterinsights_skip_tracking":false,"_monsterinsights_sitenote_active":false,"_monsterinsights_sitenote_note":"","_monsterinsights_sitenote_category":0,"_uf_show_specific_survey":0,"_uf_disable_surveys":false,"_kadence_starter_templates_imported_post":false,"_kad_post_transparent":"default","_kad_post_title":"","_kad_post_layout":"default","_kad_post_sidebar_id":"","_kad_post_content_style":"default","_kad_post_vertical_padding":"default","_kad_post_feature":"","_kad_post_feature_position":"","_kad_post_header":false,"_kad_post_footer":false,"_kad_post_classname":""},"product_brand":[],"product_cat":[207,203,211],"product_tag":[],"class_list":{"0":"post-6908","1":"product","2":"type-product","3":"status-publish","4":"has-post-thumbnail","6":"product_cat-e-gitarren","7":"product_cat-gitarren","8":"product_cat-vintage-de","9":"product_shipping_class-expensive","11":"first","12":"outofstock","13":"shipping-taxable","14":"product-type-simple","15":"entry","16":"content-bg","17":"loop-entry"},"jetpack_sharing_enabled":true,"_links":{"self":[{"href":"https:\/\/guitar2amp.de\/index.php\/wp-json\/wp\/v2\/product\/6908","targetHints":{"allow":["GET"]}}],"collection":[{"href":"https:\/\/guitar2amp.de\/index.php\/wp-json\/wp\/v2\/product"}],"about":[{"href":"https:\/\/guitar2amp.de\/index.php\/wp-json\/wp\/v2\/types\/product"}],"wp:featuredmedia":[{"embeddable":true,"href":"https:\/\/guitar2amp.de\/index.php\/wp-json\/wp\/v2\/media\/6909"}],"wp:attachment":[{"href":"https:\/\/guitar2amp.de\/index.php\/wp-json\/wp\/v2\/media?parent=6908"}],"wp:term":[{"taxonomy":"product_brand","embeddable":true,"href":"https:\/\/guitar2amp.de\/index.php\/wp-json\/wp\/v2\/product_brand?post=6908"},{"taxonomy":"product_cat","embeddable":true,"href":"https:\/\/guitar2amp.de\/index.php\/wp-json\/wp\/v2\/product_cat?post=6908"},{"taxonomy":"product_tag","embeddable":true,"href":"https:\/\/guitar2amp.de\/index.php\/wp-json\/wp\/v2\/product_tag?post=6908"}],"curies":[{"name":"wp","href":"https:\/\/api.w.org\/{rel}","templated":true}]}}