{"id":8536,"date":"2024-02-05T14:27:50","date_gmt":"2024-02-05T13:27:50","guid":{"rendered":"https:\/\/guitar2amp.de\/?post_type=product&#038;p=8536"},"modified":"2024-10-17T08:26:23","modified_gmt":"2024-10-17T06:26:23","slug":"suhr-custom-classic-s-rootbeer-2","status":"publish","type":"product","link":"https:\/\/guitar2amp.de\/index.php\/de\/product\/suhr-custom-classic-s-rootbeer-2\/","title":{"rendered":"Suhr Custom Classic S Rootbeer"},"content":{"rendered":"<p><strong>Suhr Custom Classic S \u2013 Eine Perfekte Kombination aus Klassik und Moderne<\/strong><\/p>\n<p>Die <strong>Suhr Custom Classic S<\/strong> aus dem Jahr 2004 ist ein hervorragendes Beispiel f\u00fcr meisterhafte Handwerkskunst in Kombination mit modernen Spezifikationen, die den Anspr\u00fcchen der anspruchsvollsten Gitarristen gerecht werden.<\/p>\n<h3>Technische Spezifikationen:<\/h3>\n<ul>\n<li><strong>Korpus<\/strong>: Hergestellt aus zweiteiligem Erlenholz, das eine hervorragende tonale Balance und Resonanz bietet. Fertiggestellt in der einzigartigen Farbe <strong>Root Beer Metallic<\/strong>, die der Gitarre ein elegantes und unverwechselbares Aussehen verleiht.<\/li>\n<li><strong>Hals<\/strong>: Ahornhals mit einem Griffbrett aus indischem Palisander, das Spielkomfort und warmen Klang bietet. Das Halsprofil ist <strong>Even C Medium<\/strong> (Dicke von 0,840&#8243; bis 0,920&#8243;), was Spielbarkeit und Stabilit\u00e4t gew\u00e4hrleistet.<\/li>\n<li><strong>Griffbrett<\/strong>: Mit einem Compound-Radius von 10&#8243;\u201314&#8243; und Standard Roll-Finish, das ein komfortables Spiel \u00fcber den gesamten Hals erm\u00f6glicht. Ausgestattet mit Edelstahlb\u00fcnden des Typs 6105, die f\u00fcr ihre Haltbarkeit und Spielfreundlichkeit bekannt sind.<\/li>\n<li><strong>Br\u00fccke<\/strong>: Standard Tremolo mit Stahlblock, das Stimmstabilit\u00e4t und effektive Vibrato-Technik bietet.<\/li>\n<li><strong>Tonabnehmer<\/strong>: HSS-Konfiguration mit V60LP-Tonabnehmern (Hals und Mitte, Farbe Parchment) und einem DSV-Tonabnehmer (Steg, Farbe Schwarz). Diese Konfiguration erm\u00f6glicht eine breite Palette von T\u00f6nen, von warmen Single-Coil-Sounds bis zu kraftvolleren Humbucker-Kl\u00e4ngen.<\/li>\n<li><strong>Elektronik<\/strong>: 5-Wege-Klingen-Schalter, Lautst\u00e4rkeregler und zwei Tonregler, die eine umfangreiche Klangvielfalt bieten.<\/li>\n<li><strong>Hardware<\/strong>: Gotoh Kluson Mechaniken in Chrom, die hervorragende Stimmstabilit\u00e4t und ein stilvolles Erscheinungsbild bieten.<\/li>\n<li><strong>Zus\u00e4tzliche Informationen<\/strong>: Wird mit einem schwarzen Hartschalenkoffer f\u00fcr sicheren Transport geliefert.<\/li>\n<\/ul>\n<p>Die <strong>Suhr Custom Classic S<\/strong> ist die perfekte Gitarre f\u00fcr Musiker, die ein Instrument suchen, das klassisches Design mit modernen Verbesserungen kombiniert. Ideal f\u00fcr Gitarristen, die Wert auf Handwerkskunst, au\u00dfergew\u00f6hnliche Spielbarkeit und eine breite Palette von Klangm\u00f6glichkeiten legen.<\/p>\n","protected":false},"excerpt":{"rendered":"<h2><span style=\"color: #ff0000;\"><strong>OUT OF STOCK<\/strong><\/span><\/h2>\n<p><strong>Suhr Custom Classic S<\/strong> \u2013 Eine beeindruckende Mischung aus klassischer \u00c4sthetik und modernen Funktionen. Dieses Modell aus dem Jahr 2004 bietet hervorragende Spielbarkeit und vielseitige Klangm\u00f6glichkeiten. Die Gitarre befindet sich in einem sehr guten Zustand mit minimalen Gebrauchsspuren und garantiert Zuverl\u00e4ssigkeit und Komfort f\u00fcr jeden Gitarristen. Das Root Beer Metallic Finish und die HSS-Tonabnehmer-Konfiguration bieten ein einzigartiges Erscheinungsbild und eine breite Palette von Kl\u00e4ngen, ideal f\u00fcr Studioaufnahmen und Live-Auftritte.<\/p>\n","protected":false},"featured_media":8604,"template":"","meta":{"_monsterinsights_skip_tracking":false,"_monsterinsights_sitenote_active":false,"_monsterinsights_sitenote_note":"","_monsterinsights_sitenote_category":0,"_uf_show_specific_survey":0,"_uf_disable_surveys":false,"_kadence_starter_templates_imported_post":false,"_kad_post_transparent":"default","_kad_post_title":"","_kad_post_layout":"default","_kad_post_sidebar_id":"","_kad_post_content_style":"default","_kad_post_vertical_padding":"default","_kad_post_feature":"","_kad_post_feature_position":"","_kad_post_header":false,"_kad_post_footer":false,"_kad_post_classname":""},"product_brand":[],"product_cat":[3640,203],"product_tag":[],"class_list":{"0":"post-8536","1":"product","2":"type-product","3":"status-publish","4":"has-post-thumbnail","6":"product_cat-archiv","7":"product_cat-gitarren","9":"first","10":"outofstock","11":"shipping-taxable","12":"product-type-simple","13":"entry","14":"content-bg","15":"loop-entry"},"jetpack_sharing_enabled":true,"_links":{"self":[{"href":"https:\/\/guitar2amp.de\/index.php\/wp-json\/wp\/v2\/product\/8536","targetHints":{"allow":["GET"]}}],"collection":[{"href":"https:\/\/guitar2amp.de\/index.php\/wp-json\/wp\/v2\/product"}],"about":[{"href":"https:\/\/guitar2amp.de\/index.php\/wp-json\/wp\/v2\/types\/product"}],"wp:featuredmedia":[{"embeddable":true,"href":"https:\/\/guitar2amp.de\/index.php\/wp-json\/wp\/v2\/media\/8604"}],"wp:attachment":[{"href":"https:\/\/guitar2amp.de\/index.php\/wp-json\/wp\/v2\/media?parent=8536"}],"wp:term":[{"taxonomy":"product_brand","embeddable":true,"href":"https:\/\/guitar2amp.de\/index.php\/wp-json\/wp\/v2\/product_brand?post=8536"},{"taxonomy":"product_cat","embeddable":true,"href":"https:\/\/guitar2amp.de\/index.php\/wp-json\/wp\/v2\/product_cat?post=8536"},{"taxonomy":"product_tag","embeddable":true,"href":"https:\/\/guitar2amp.de\/index.php\/wp-json\/wp\/v2\/product_tag?post=8536"}],"curies":[{"name":"wp","href":"https:\/\/api.w.org\/{rel}","templated":true}]}}