{"id":9573,"date":"2024-08-05T19:03:46","date_gmt":"2024-08-05T17:03:46","guid":{"rendered":"https:\/\/guitar2amp.de\/?post_type=product&#038;p=9573"},"modified":"2026-03-04T19:10:35","modified_gmt":"2026-03-04T18:10:35","slug":"lsl-saticoy-custom-22-fret-hss-meg","status":"publish","type":"product","link":"https:\/\/guitar2amp.de\/index.php\/de\/product\/lsl-saticoy-custom-22-fret-hss-meg\/","title":{"rendered":"LsL Saticoy Custom 22 Fret HSS &#8220;Meg&#8221;"},"content":{"rendered":"<p><strong>LSL Saticoy Custom 22 Fret \u2013 Klassischer Stil mit moderner Handwerkskunst<\/strong><\/p>\n<p>Wir pr\u00e4sentieren die <strong>LSL Saticoy Custom 22 Fret<\/strong>, eine Gitarre, die klassisches Design mit moderner Handwerkskunst vereint. Diese im klassischen S-Stil designte Gitarre bietet unglaubliche Klangvielfalt und Spielkomfort. Jedes Element dieser Gitarre wurde sorgf\u00e4ltig ausgew\u00e4hlt und aus Materialien h\u00f6chster Qualit\u00e4t gefertigt, um den Spielern ein au\u00dfergew\u00f6hnliches Musikerlebnis zu bieten.<\/p>\n<p><strong>Spezifikationen der LSL Saticoy Custom 22 Fret:<\/strong><\/p>\n<ul>\n<li><strong>Korpus:<\/strong> Aus Erle gefertigt, sorgt f\u00fcr helle, dynamische T\u00f6ne mit hervorragender Klangprojektion.<\/li>\n<li><strong>Hals:<\/strong> 3A quartersawn roasted Ahorn, der au\u00dfergew\u00f6hnliche Stabilit\u00e4t, Haltbarkeit und Komfort bietet. Das Medium-C-Profil mit Satin-Finish sorgt f\u00fcr eine glatte und komfortable Spielbarkeit.<\/li>\n<li><strong>Griffbrett:<\/strong> Roasted Ahorn, das die Stabilit\u00e4t und Widerstandsf\u00e4higkeit gegen wechselnde Wetterbedingungen verbessert, mit einem Radius von 9,5&#8243; f\u00fcr vielseitiges und komfortables Spielen.<\/li>\n<li><strong>Tonabnehmer:<\/strong> HSS-Konfiguration (Humbucker an der Br\u00fccke und zwei Single Coils am Hals und in der Mitte), die eine breite Palette von T\u00f6nen erm\u00f6glicht, von warmen, vollen Humbucker-Sounds bis hin zu hellen, klaren Single-Coil-T\u00f6nen.<\/li>\n<li><strong>Finish:<\/strong> <strong>Blonde mit Heavy Relic<\/strong>, das der Gitarre einen einzigartigen, gealterten Look verleiht, als w\u00e4re sie seit Jahren gespielt worden, und ihrem authentischen Vintage-Charakter Ausdruck verleiht.<\/li>\n<li><strong>Br\u00fccke:<\/strong> Klassische Vintage-Style-Br\u00fccke, die Stimmstabilit\u00e4t und pr\u00e4zise Intonation bietet.<\/li>\n<li><strong>Kontrollen:<\/strong> 5-Wege-Schalter, Lautst\u00e4rke- und Tonregler mit Push\/Pull-Funktion f\u00fcr Coil-Splitting, die noch mehr Klangvielfalt erm\u00f6glichen.<\/li>\n<li><strong>Pickguard:<\/strong> Custom geb\u00fcrstetes Gold, das einen stilvollen Look verleiht.<\/li>\n<li><strong>Koffer:<\/strong> Inklusive luxuri\u00f6sem <strong>G&amp;G<\/strong> Koffer.<\/li>\n<\/ul>\n<p><strong>Einzigartige Optionen:<\/strong> Die zus\u00e4tzlichen Optionen dieser Gitarre tragen zu ihrer Einzigartigkeit und ihrem unverwechselbaren Charakter bei. Jede <strong>LSL<\/strong>-Gitarre kann individuell auf die Bed\u00fcrfnisse des Spielers abgestimmt werden, was jedes Instrument zu einem echten Unikat macht.<\/p>\n<p><strong>Guitar2Amp \u2013 Offizieller H\u00e4ndler von LsL Instruments:<\/strong><\/p>\n<p><strong>Guitar2Amp<\/strong> ist der offizielle Vertriebspartner von <strong>LsL Instruments<\/strong> in Polen und Deutschland. Als autorisierter H\u00e4ndler bieten wir die M\u00f6glichkeit, <strong>LsL<\/strong>-Gitarren mit individuellen Spezifikationen zu bestellen, die Ihren pers\u00f6nlichen Bed\u00fcrfnissen entsprechen. F\u00fcr Preisangaben und weitere Informationen kontaktieren Sie uns bitte unter <strong><a rel=\"noopener\">info@guitar2amp.de<\/a><\/strong>.<\/p>\n<p><strong>Warum die LSL Saticoy Custom 22 Fret w\u00e4hlen?<\/strong><\/p>\n<p>Die <strong>LSL Saticoy Custom 22 Fret<\/strong> ist die perfekte Wahl f\u00fcr Gitarristen, die klassischen Look und moderne Funktionalit\u00e4t sch\u00e4tzen. Dank hochwertiger Verarbeitung und vielseitiger Klangoptionen eignet sich diese Gitarre ideal f\u00fcr Studio und B\u00fchne. Ihre Qualit\u00e4t, ihr einzigartiges Design und die volle Herstellergarantie machen sie zu einer Investition, die die Erwartungen jedes Musikers erf\u00fcllt.<\/p>\n<p>&nbsp;<\/p>\n","protected":false},"excerpt":{"rendered":"<p>Guitar2Amp \u2013 wir sind der offizielle Vertreter und Distributor von LsL Instruments in Polen und Deutschland. Sie k\u00f6nnen Ihre Traumgitarre oder Ihren Wunschbass in der gew\u00e4hlten Ausf\u00fchrung bestellen. Kontaktieren Sie uns f\u00fcr weitere Informationen: info@guitar2amp.de<\/p>\n<p>Die <strong>LSL Saticoy Custom 22 Fret<\/strong> ist eine hochwertige S-Style E-Gitarre mit einem Erlenkorpus, einem 3A quartersawn roasted Ahornhals und einem roasted Ahorngriffbrett. Das <strong>Blonde mit Heavy Relic<\/strong> Finish verleiht ihr einen einzigartigen, gealterten Look. Ausgestattet mit HSS-Tonabnehmern bietet sie vielseitige Kl\u00e4nge. Inklusive <strong>G&amp;G<\/strong> Koffer<\/p>\n<p>LSL Saticoy Custom 22 Frets HSS \u201cMeg\u201d<\/p>\n<ul>\n<li>Alder body<\/li>\n<li>Roasted Master Grade 3A Flame Quatersawn Maple neck (Extra option)<\/li>\n<li>Neck profile: Medium \u201cC\u201d<\/li>\n<li>Roasted Master Grade 3A Flame Quatersawn Maple fingerboard (Extra option)<\/li>\n<li>Neck Finish: Satin<\/li>\n<li>22 6105 frets<\/li>\n<li>Radius: 9.5\u2033<\/li>\n<li>2 LSL Singiel pickups<\/li>\n<li>1 LSL Humbucker<\/li>\n<li>Controls: V, T, T, 5way, P\/P Splits Hum (Extra option)<\/li>\n<li>Wilkinson Vintage tremolo<\/li>\n<li>Vintage Tuners<\/li>\n<li>Pickguard: Custom Brushed Gold (Extra option)<\/li>\n<li>Finish: Nitrocellulose<\/li>\n<li>Color:\u00a0 Blonde<\/li>\n<li>Heavy Relic (Extra option)<\/li>\n<li>Aging Specs<br \/>\nBody Aging: Heavy<br \/>\nNeck Aging: Light<br \/>\nHardware Aging: Heavy<\/li>\n<li>3.49 kg<\/li>\n<li>G&amp;G case<\/li>\n<li>Made in the USA<\/li>\n<\/ul>\n<p>&nbsp;<\/p>\n<p data-start=\"888\" data-end=\"1098\"><a href=\"https:\/\/guitar2amp.de\/index.php\/de\/lsl-instruments_de\/\"><strong>Weitere Gitarren von LSL Instruments \u2192<\/strong><\/a><\/p>\n<p>&nbsp;<\/p>\n","protected":false},"featured_media":13600,"template":"","meta":{"_monsterinsights_skip_tracking":false,"_monsterinsights_sitenote_active":false,"_monsterinsights_sitenote_note":"","_monsterinsights_sitenote_category":0,"_uf_show_specific_survey":0,"_uf_disable_surveys":false,"_kadence_starter_templates_imported_post":false,"_kad_post_transparent":"default","_kad_post_title":"","_kad_post_layout":"default","_kad_post_sidebar_id":"","_kad_post_content_style":"default","_kad_post_vertical_padding":"default","_kad_post_feature":"","_kad_post_feature_position":"","_kad_post_header":false,"_kad_post_footer":false,"_kad_post_classname":""},"product_brand":[],"product_cat":[4275],"product_tag":[],"class_list":{"0":"post-9573","1":"product","2":"type-product","3":"status-publish","4":"has-post-thumbnail","6":"product_cat-lsl-instruments","7":"product_shipping_class-medium","9":"first","10":"onbackorder","11":"shipping-taxable","12":"purchasable","13":"product-type-simple","14":"entry","15":"content-bg","16":"loop-entry"},"jetpack_sharing_enabled":true,"_links":{"self":[{"href":"https:\/\/guitar2amp.de\/index.php\/wp-json\/wp\/v2\/product\/9573","targetHints":{"allow":["GET"]}}],"collection":[{"href":"https:\/\/guitar2amp.de\/index.php\/wp-json\/wp\/v2\/product"}],"about":[{"href":"https:\/\/guitar2amp.de\/index.php\/wp-json\/wp\/v2\/types\/product"}],"wp:featuredmedia":[{"embeddable":true,"href":"https:\/\/guitar2amp.de\/index.php\/wp-json\/wp\/v2\/media\/13600"}],"wp:attachment":[{"href":"https:\/\/guitar2amp.de\/index.php\/wp-json\/wp\/v2\/media?parent=9573"}],"wp:term":[{"taxonomy":"product_brand","embeddable":true,"href":"https:\/\/guitar2amp.de\/index.php\/wp-json\/wp\/v2\/product_brand?post=9573"},{"taxonomy":"product_cat","embeddable":true,"href":"https:\/\/guitar2amp.de\/index.php\/wp-json\/wp\/v2\/product_cat?post=9573"},{"taxonomy":"product_tag","embeddable":true,"href":"https:\/\/guitar2amp.de\/index.php\/wp-json\/wp\/v2\/product_tag?post=9573"}],"curies":[{"name":"wp","href":"https:\/\/api.w.org\/{rel}","templated":true}]}}